{"id":828,"date":"2024-09-24T11:43:29","date_gmt":"2024-09-24T09:43:29","guid":{"rendered":"https:\/\/agora.xtec.cat\/iesaltpenedes\/?page_id=828"},"modified":"2025-06-04T10:59:22","modified_gmt":"2025-06-04T08:59:22","slug":"comunicacio","status":"publish","type":"page","link":"https:\/\/agora.xtec.cat\/iesaltpenedes\/linstitut\/cultura-digital\/comunicacio\/","title":{"rendered":"Comunicaci\u00f3"},"content":{"rendered":"<h3 style=\"text-align: justify;\">Web i xarxes socials<\/h3>\n<div style=\"text-align: justify;\">\n<p>El centre disposa de la web <a href=\"http:\/\/www.institutaltpenedes.cat\/\" target=\"_blank\" rel=\"noopener\">www.institutaltpenedes.cat<\/a> amb la informaci\u00f3 p\u00fablica. S&#8217;hi poden trobar informacions estrat\u00e8giques, que s\u00f3n revisades peri\u00f2dicament, i articles de not\u00edcies d&#8217;actualitat.<\/p>\n<p>Aquesta web est\u00e0 realitzada amb NODES, que \u00e9s una eina del Departament d&#8217;Educaci\u00f3 amb funcionalitats avan\u00e7ades per als centres educatius de Catalunya. Les persones encarregades del seu manteniment s\u00f3n la coordinadora de web i de xarxes socials i diferents membres de la comissi\u00f3 TIC.<\/p>\n<\/div>\n<div style=\"text-align: justify;\"><a href=\"https:\/\/agora.xtec.cat\/iesaltpenedes\/\"><img loading=\"lazy\" decoding=\"async\" class=\"alignnone wp-image-2539\" src=\"https:\/\/agora.xtec.cat\/iesaltpenedes\/wp-content\/uploads\/usu1207\/2025\/05\/web-EDC-1024x530.png\" alt=\"\" width=\"1157\" height=\"599\" srcset=\"https:\/\/agora.xtec.cat\/iesaltpenedes\/wp-content\/uploads\/usu1207\/2025\/05\/web-EDC-1024x530.png 1024w, https:\/\/agora.xtec.cat\/iesaltpenedes\/wp-content\/uploads\/usu1207\/2025\/05\/web-EDC-300x155.png 300w, https:\/\/agora.xtec.cat\/iesaltpenedes\/wp-content\/uploads\/usu1207\/2025\/05\/web-EDC-768x397.png 768w, https:\/\/agora.xtec.cat\/iesaltpenedes\/wp-content\/uploads\/usu1207\/2025\/05\/web-EDC.png 1198w\" sizes=\"auto, (max-width: 1157px) 100vw, 1157px\" \/><\/a><\/p>\n<div><\/div>\n<\/div>\n<div style=\"text-align: justify;\">\u200bA m\u00e9s a m\u00e9s, el centre difon les informacions m\u00e9s importants de la seva activitat a trav\u00e9s de diferents xarxes socials: Twitter, Instagram, Facebook i Youtube.<br \/>\n\u200b<\/div>\n<h3 style=\"text-align: justify;\">Intranet<\/h3>\n<div style=\"text-align: justify;\">\n<p>El centre disposa d&#8217;una intranet, anomenada iEduca, que permet les seg\u00fcents funcionalitats principals:<\/p>\n<ol>\n<li>Seguiment d&#8217;assist\u00e8ncia de l&#8217;alumnat.<\/li>\n<li>Registres d&#8217;entrevistes amb alumnes i fam\u00edlies.<\/li>\n<li>Petici\u00f3 d&#8217;informaci\u00f3 de l&#8217;alumnat a l&#8217;equip docent per preparar reunions amb fam\u00edlies.<\/li>\n<li>Enviament de comunicats a fam\u00edlies, alumnes i personal del centre a trav\u00e9s de correu electr\u00f2nic i de l&#8217;aplicaci\u00f3 de missatgeria instant\u00e0nia iEduca TokApp.<\/li>\n<li>Consulta d&#8217;horaris.<\/li>\n<li>Reserva d&#8217;espais i equipaments.<\/li>\n<li>Consulta de l&#8217;orla del personal del centre.\u200b<\/li>\n<\/ol>\n<\/div>\n<div style=\"text-align: justify;\">\n<div>\n<div>\n<table style=\"height: 146px; width: 100.232%; border-style: none;\">\n<tbody>\n<tr>\n<td style=\"width: 317.938px; border-style: none;\">\n<div>\n<div>\n<p><a href=\"https:\/\/institutaltpenedes.ieduca.com\/\" target=\"_blank\" rel=\"noopener\"><img decoding=\"async\" class=\"aligncenter\" src=\"https:\/\/463344365128478901.weebly.com\/uploads\/4\/9\/8\/1\/49816005\/editor\/logo-ieduca.jpg?1685532043\" alt=\"Foto\" \/><\/a><\/p>\n<div><\/div>\n<\/div>\n<\/div>\n<\/td>\n<td style=\"width: 414.766px; border-style: none;\">\n<div>\n<div>\n<p><a href=\"https:\/\/institutaltpenedes.ieduca.com\/\" target=\"_blank\" rel=\"noopener\"><img decoding=\"async\" class=\"aligncenter\" src=\"https:\/\/463344365128478901.weebly.com\/uploads\/4\/9\/8\/1\/49816005\/acces-ieduca-2023_orig.jpg\" alt=\"Foto\" \/><\/a><\/p>\n<div><\/div>\n<\/div>\n<\/div>\n<\/td>\n<\/tr>\n<\/tbody>\n<\/table>\n<\/div>\n<\/div>\n<\/div>\n<div style=\"text-align: justify;\">L&#8217;acc\u00e9s a aquesta intranet per part dels docents es realitza amb el seu compte corporatiu @institutaltpenedes.cat, accedint a\u00a0<a href=\"http:\/\/institutaltpenedes.ieduca.com\/\" target=\"_blank\" rel=\"noopener\">institutaltpenedes.ieduca.com<\/a>\u00a0i clicant el bot\u00f3 &#8220;Entrar&#8221; o directament amb el bot\u00f3 anomenat\u00a0Acc\u00e9s\u00a0GSuite. Aquesta segona opci\u00f3 permet accedir, amb un \u00fanic usuari, a les dues plataformes.<br \/>\n\u200b<\/div>\n<h3>Comunicaci\u00f3 amb les fam\u00edlies<\/h3>\n<div>\n<p>Per a les comunicacions amb les fam\u00edlies, cal distingir entre els contactes que estableix el tutor o la tutora amb la fam\u00edlia i els comunicats que es fan des de centre.<\/p>\n<\/div>\n<h3><\/h3>\n<h4>Comunicaci\u00f3 tutoria-fam\u00edlia<\/h4>\n<div>\n<p>En el cas de tutores i tutors, les comunicacions es faran utilitzant algun dels seg\u00fcents canals:<\/p>\n<ol style=\"text-align: justify;\">\n<li>Per iEduca.<\/li>\n<li>Per correu electr\u00f2nic, exclusivament amb el compte que el centre ha subministrat a cada docent.<\/li>\n<li>Per tel\u00e8fon, als n\u00fameros indicats per la fam\u00edlia en la base de dades d\u2019iEduca.<\/li>\n<li>Presencialment, amb cita pr\u00e8via.<\/li>\n<\/ol>\n<\/div>\n<div><\/div>\n<h4>Comunicats des del centre<\/h4>\n<div>Pel que fa als comunicats del centre, es far\u00e0 seguint el seg\u00fcent procediment:<\/p>\n<ol>\n<li style=\"text-align: justify;\">S&#8217;enviar\u00e0 fent \u00fas de l&#8217;eina de Notificacions \/ Comunicats de qu\u00e8 disposa iEduca.<\/li>\n<li style=\"text-align: justify;\">S&#8217;enviar\u00e0 sempre fent \u00fas de l&#8217;opci\u00f3 m\u00faltiple i escollint els canals de correu electr\u00f2nic i iEduca Tokapp.<\/li>\n<\/ol>\n<\/div>\n","protected":false},"excerpt":{"rendered":"<p>Web i xarxes socials El centre disposa de la web www.institutaltpenedes.cat amb la informaci\u00f3 p\u00fablica. S&#8217;hi poden trobar informacions estrat\u00e8giques, [&hellip;]<\/p>\n","protected":false},"author":6,"featured_media":0,"parent":726,"menu_order":5,"comment_status":"closed","ping_status":"closed","template":"","meta":{"_bbp_topic_count":0,"_bbp_reply_count":0,"_bbp_total_topic_count":0,"_bbp_total_reply_count":0,"_bbp_voice_count":0,"_bbp_anonymous_reply_count":0,"_bbp_topic_count_hidden":0,"_bbp_reply_count_hidden":0,"_bbp_forum_subforum_count":0,"site-sidebar-layout":"default","site-content-layout":"","ast-site-content-layout":"default","site-content-style":"default","site-sidebar-style":"default","ast-global-header-display":"","ast-banner-title-visibility":"","ast-main-header-display":"","ast-hfb-above-header-display":"","ast-hfb-below-header-display":"","ast-hfb-mobile-header-display":"","site-post-title":"","ast-breadcrumbs-content":"","ast-featured-img":"","footer-sml-layout":"","theme-transparent-header-meta":"","adv-header-id-meta":"","stick-header-meta":"","header-above-stick-meta":"","header-main-stick-meta":"","header-below-stick-meta":"","astra-migrate-meta-layouts":"set","ast-page-background-enabled":"default","ast-page-background-meta":{"desktop":{"background-color":"var(--ast-global-color-4)","background-image":"","background-repeat":"repeat","background-position":"center center","background-size":"auto","background-attachment":"scroll","background-type":"","background-media":"","overlay-type":"","overlay-color":"","overlay-opacity":"","overlay-gradient":""},"tablet":{"background-color":"","background-image":"","background-repeat":"repeat","background-position":"center center","background-size":"auto","background-attachment":"scroll","background-type":"","background-media":"","overlay-type":"","overlay-color":"","overlay-opacity":"","overlay-gradient":""},"mobile":{"background-color":"","background-image":"","background-repeat":"repeat","background-position":"center center","background-size":"auto","background-attachment":"scroll","background-type":"","background-media":"","overlay-type":"","overlay-color":"","overlay-opacity":"","overlay-gradient":""}},"ast-content-background-meta":{"desktop":{"background-color":"var(--ast-global-color-5)","background-image":"","background-repeat":"repeat","background-position":"center center","background-size":"auto","background-attachment":"scroll","background-type":"","background-media":"","overlay-type":"","overlay-color":"","overlay-opacity":"","overlay-gradient":""},"tablet":{"background-color":"var(--ast-global-color-5)","background-image":"","background-repeat":"repeat","background-position":"center center","background-size":"auto","background-attachment":"scroll","background-type":"","background-media":"","overlay-type":"","overlay-color":"","overlay-opacity":"","overlay-gradient":""},"mobile":{"background-color":"var(--ast-global-color-5)","background-image":"","background-repeat":"repeat","background-position":"center center","background-size":"auto","background-attachment":"scroll","background-type":"","background-media":"","overlay-type":"","overlay-color":"","overlay-opacity":"","overlay-gradient":""}},"footnotes":""},"class_list":["post-828","page","type-page","status-publish","hentry"],"post_mailing_queue_ids":[],"_links":{"self":[{"href":"https:\/\/agora.xtec.cat\/iesaltpenedes\/wp-json\/wp\/v2\/pages\/828","targetHints":{"allow":["GET"]}}],"collection":[{"href":"https:\/\/agora.xtec.cat\/iesaltpenedes\/wp-json\/wp\/v2\/pages"}],"about":[{"href":"https:\/\/agora.xtec.cat\/iesaltpenedes\/wp-json\/wp\/v2\/types\/page"}],"author":[{"embeddable":true,"href":"https:\/\/agora.xtec.cat\/iesaltpenedes\/wp-json\/wp\/v2\/users\/6"}],"replies":[{"embeddable":true,"href":"https:\/\/agora.xtec.cat\/iesaltpenedes\/wp-json\/wp\/v2\/comments?post=828"}],"version-history":[{"count":6,"href":"https:\/\/agora.xtec.cat\/iesaltpenedes\/wp-json\/wp\/v2\/pages\/828\/revisions"}],"predecessor-version":[{"id":2658,"href":"https:\/\/agora.xtec.cat\/iesaltpenedes\/wp-json\/wp\/v2\/pages\/828\/revisions\/2658"}],"up":[{"embeddable":true,"href":"https:\/\/agora.xtec.cat\/iesaltpenedes\/wp-json\/wp\/v2\/pages\/726"}],"wp:attachment":[{"href":"https:\/\/agora.xtec.cat\/iesaltpenedes\/wp-json\/wp\/v2\/media?parent=828"}],"curies":[{"name":"wp","href":"https:\/\/api.w.org\/{rel}","templated":true}]}}