{"id":824,"date":"2024-09-24T11:42:47","date_gmt":"2024-09-24T09:42:47","guid":{"rendered":"https:\/\/agora.xtec.cat\/iesaltpenedes\/?page_id=824"},"modified":"2025-10-14T09:30:07","modified_gmt":"2025-10-14T07:30:07","slug":"acollida","status":"publish","type":"page","link":"https:\/\/agora.xtec.cat\/iesaltpenedes\/linstitut\/cultura-digital\/acollida\/","title":{"rendered":"Acollida"},"content":{"rendered":"<div>\n<div class=\"wsite-multicol\">\n<div class=\"wsite-multicol-table-wrap\">\n<table class=\"wsite-multicol-table\" style=\"height: 205px; width: 100.163%; border-style: none;\">\n<tbody class=\"wsite-multicol-tbody\">\n<tr class=\"wsite-multicol-tr\" style=\"height: 205px;\">\n<td class=\"wsite-multicol-col\" style=\"width: 438.375px; height: 205px; border-style: none;\">\n<h2 class=\"paragraph\"><strong><span style=\"font-size: x-large;\">Acolliment digital de l&#8217;alumnat<\/span><\/strong><\/h2>\n<div class=\"paragraph\">\n<p><span style=\"font-size: large;\">Usuaris<br \/>\nServeis que poden utilitzar<br \/>\nFormaci\u00f3 inicial<br \/>\nNormativa d\u2019\u00fas<br \/>\n<\/span><\/p>\n<\/div>\n<\/td>\n<td class=\"wsite-multicol-col\" style=\"width: 293.828px; height: 205px; border-style: none;\">\n<h2 class=\"wsite-content-title\"><\/h2>\n<div>\n<div>\n<p><a title=\"Descargar archivo: PROTOCOL D'\u00daS DELS PORT\u00c0TILS\" href=\"https:\/\/agora.xtec.cat\/iesaltpenedes\/wp-content\/uploads\/usu1207\/2025\/10\/ProtocolUsPortatils.pdf\"><img loading=\"lazy\" decoding=\"async\" class=\"alignnone\" src=\"https:\/\/www.weebly.com\/weebly\/images\/file_icons\/pdf.png\" alt=\"\" width=\"36\" height=\"36\" \/><\/a><\/p>\n<div>\n<table style=\"border-style: none;\">\n<tbody>\n<tr>\n<td style=\"border-style: none;\" colspan=\"2\"><b>PROTOCOL D&#8217;\u00daS DELS PORT\u00c0TILS<\/b><\/td>\n<\/tr>\n<\/tbody>\n<\/table>\n<\/div>\n<\/div>\n<\/div>\n<\/td>\n<\/tr>\n<\/tbody>\n<\/table>\n<\/div>\n<\/div>\n<\/div>\n<div>\n<div id=\"639930527644607969\" class=\"wcustomhtml\" align=\"left\">\n<div>\n<div><iframe loading=\"lazy\" src=\"https:\/\/view.genial.ly\/62d7bde48108530018650c19\" width=\"800\" height=\"1600\" frameborder=\"0\" scrolling=\"yes\" allowfullscreen=\"allowfullscreen\" data-mce-fragment=\"1\"><\/iframe><\/div>\n<\/div>\n<\/div>\n<\/div>\n<div>\n<div class=\"wsite-multicol\">\n<div class=\"wsite-multicol-table-wrap\">\n<table class=\"wsite-multicol-table\" style=\"width: 96.8201%; border-style: none;\">\n<tbody class=\"wsite-multicol-tbody\">\n<tr class=\"wsite-multicol-tr\">\n<td class=\"wsite-multicol-col\" style=\"width: 62.6935%; border-style: none;\">\n<h2 class=\"paragraph\"><strong><span style=\"font-size: x-large;\">\u200b<\/span><\/strong><\/h2>\n<h2 class=\"paragraph\"><strong><span style=\"font-size: x-large;\">Acolliment digital docent<\/span><\/strong><\/h2>\n<div>\n<p>Usuaris<br \/>\nServeis que poden utilitzar<br \/>\nDisponibilitat d\u2019ordinadors i carros de port\u00e0tils<br \/>\nFormaci\u00f3 metodol\u00f2gica<\/p>\n<\/div>\n<\/td>\n<td class=\"wsite-multicol-col\" style=\"width: 69.3278%; border-style: none;\">\n<h2 class=\"wsite-content-title\"><\/h2>\n<div>\n<div>\n<div><a title=\"Descargar archivo: ACOLLIDA DIGITAL DOCENT\" href=\"https:\/\/agora.xtec.cat\/iesaltpenedes\/wp-content\/uploads\/usu1207\/2025\/07\/Acollida-digital-docent-25-26.pdf\"><img loading=\"lazy\" decoding=\"async\" src=\"https:\/\/www.weebly.com\/weebly\/images\/file_icons\/pdf.png\" width=\"36\" height=\"36\" \/><\/a><\/p>\n<table style=\"height: 46px; width: 96.3498%; border-style: none;\">\n<tbody>\n<tr style=\"height: 41px;\">\n<td style=\"border-style: none; height: 41px; width: 4.20168%;\" colspan=\"2\"><b>ACOLLIDA DIGITAL DOCENT<\/b><\/td>\n<\/tr>\n<\/tbody>\n<\/table>\n<\/div>\n<\/div>\n<\/div>\n<\/td>\n<\/tr>\n<\/tbody>\n<\/table>\n<h2 class=\"paragraph\"><strong><span style=\"font-size: x-large;\">Consells de ciberseguretat<\/span><\/strong><\/h2>\n<p><a href=\"https:\/\/agora.xtec.cat\/iesaltpenedes\/wp-content\/uploads\/usu1207\/2024\/11\/Seguretat_informatica_recomanacions.png\"><img loading=\"lazy\" decoding=\"async\" class=\"alignnone size-large wp-image-1565\" src=\"https:\/\/agora.xtec.cat\/iesaltpenedes\/wp-content\/uploads\/usu1207\/2024\/11\/Seguretat_informatica_recomanacions-724x1024.png\" alt=\"\" width=\"724\" height=\"1024\" srcset=\"https:\/\/agora.xtec.cat\/iesaltpenedes\/wp-content\/uploads\/usu1207\/2024\/11\/Seguretat_informatica_recomanacions-724x1024.png 724w, https:\/\/agora.xtec.cat\/iesaltpenedes\/wp-content\/uploads\/usu1207\/2024\/11\/Seguretat_informatica_recomanacions-212x300.png 212w, https:\/\/agora.xtec.cat\/iesaltpenedes\/wp-content\/uploads\/usu1207\/2024\/11\/Seguretat_informatica_recomanacions-768x1086.png 768w, https:\/\/agora.xtec.cat\/iesaltpenedes\/wp-content\/uploads\/usu1207\/2024\/11\/Seguretat_informatica_recomanacions-1086x1536.png 1086w, https:\/\/agora.xtec.cat\/iesaltpenedes\/wp-content\/uploads\/usu1207\/2024\/11\/Seguretat_informatica_recomanacions-1448x2048.png 1448w, https:\/\/agora.xtec.cat\/iesaltpenedes\/wp-content\/uploads\/usu1207\/2024\/11\/Seguretat_informatica_recomanacions.png 1587w\" sizes=\"auto, (max-width: 724px) 100vw, 724px\" \/><\/a><\/p>\n<\/div>\n<\/div>\n<\/div>\n","protected":false},"excerpt":{"rendered":"<p>Acolliment digital de l&#8217;alumnat Usuaris Serveis que poden utilitzar Formaci\u00f3 inicial Normativa d\u2019\u00fas PROTOCOL D&#8217;\u00daS DELS PORT\u00c0TILS \u200b Acolliment digital [&hellip;]<\/p>\n","protected":false},"author":6,"featured_media":0,"parent":726,"menu_order":3,"comment_status":"closed","ping_status":"closed","template":"","meta":{"_bbp_topic_count":0,"_bbp_reply_count":0,"_bbp_total_topic_count":0,"_bbp_total_reply_count":0,"_bbp_voice_count":0,"_bbp_anonymous_reply_count":0,"_bbp_topic_count_hidden":0,"_bbp_reply_count_hidden":0,"_bbp_forum_subforum_count":0,"site-sidebar-layout":"default","site-content-layout":"","ast-site-content-layout":"default","site-content-style":"default","site-sidebar-style":"default","ast-global-header-display":"","ast-banner-title-visibility":"","ast-main-header-display":"","ast-hfb-above-header-display":"","ast-hfb-below-header-display":"","ast-hfb-mobile-header-display":"","site-post-title":"","ast-breadcrumbs-content":"","ast-featured-img":"","footer-sml-layout":"","theme-transparent-header-meta":"","adv-header-id-meta":"","stick-header-meta":"","header-above-stick-meta":"","header-main-stick-meta":"","header-below-stick-meta":"","astra-migrate-meta-layouts":"set","ast-page-background-enabled":"default","ast-page-background-meta":{"desktop":{"background-color":"var(--ast-global-color-4)","background-image":"","background-repeat":"repeat","background-position":"center center","background-size":"auto","background-attachment":"scroll","background-type":"","background-media":"","overlay-type":"","overlay-color":"","overlay-opacity":"","overlay-gradient":""},"tablet":{"background-color":"","background-image":"","background-repeat":"repeat","background-position":"center center","background-size":"auto","background-attachment":"scroll","background-type":"","background-media":"","overlay-type":"","overlay-color":"","overlay-opacity":"","overlay-gradient":""},"mobile":{"background-color":"","background-image":"","background-repeat":"repeat","background-position":"center center","background-size":"auto","background-attachment":"scroll","background-type":"","background-media":"","overlay-type":"","overlay-color":"","overlay-opacity":"","overlay-gradient":""}},"ast-content-background-meta":{"desktop":{"background-color":"var(--ast-global-color-5)","background-image":"","background-repeat":"repeat","background-position":"center center","background-size":"auto","background-attachment":"scroll","background-type":"","background-media":"","overlay-type":"","overlay-color":"","overlay-opacity":"","overlay-gradient":""},"tablet":{"background-color":"var(--ast-global-color-5)","background-image":"","background-repeat":"repeat","background-position":"center center","background-size":"auto","background-attachment":"scroll","background-type":"","background-media":"","overlay-type":"","overlay-color":"","overlay-opacity":"","overlay-gradient":""},"mobile":{"background-color":"var(--ast-global-color-5)","background-image":"","background-repeat":"repeat","background-position":"center center","background-size":"auto","background-attachment":"scroll","background-type":"","background-media":"","overlay-type":"","overlay-color":"","overlay-opacity":"","overlay-gradient":""}},"footnotes":""},"class_list":["post-824","page","type-page","status-publish","hentry"],"post_mailing_queue_ids":[],"_links":{"self":[{"href":"https:\/\/agora.xtec.cat\/iesaltpenedes\/wp-json\/wp\/v2\/pages\/824","targetHints":{"allow":["GET"]}}],"collection":[{"href":"https:\/\/agora.xtec.cat\/iesaltpenedes\/wp-json\/wp\/v2\/pages"}],"about":[{"href":"https:\/\/agora.xtec.cat\/iesaltpenedes\/wp-json\/wp\/v2\/types\/page"}],"author":[{"embeddable":true,"href":"https:\/\/agora.xtec.cat\/iesaltpenedes\/wp-json\/wp\/v2\/users\/6"}],"replies":[{"embeddable":true,"href":"https:\/\/agora.xtec.cat\/iesaltpenedes\/wp-json\/wp\/v2\/comments?post=824"}],"version-history":[{"count":6,"href":"https:\/\/agora.xtec.cat\/iesaltpenedes\/wp-json\/wp\/v2\/pages\/824\/revisions"}],"predecessor-version":[{"id":3051,"href":"https:\/\/agora.xtec.cat\/iesaltpenedes\/wp-json\/wp\/v2\/pages\/824\/revisions\/3051"}],"up":[{"embeddable":true,"href":"https:\/\/agora.xtec.cat\/iesaltpenedes\/wp-json\/wp\/v2\/pages\/726"}],"wp:attachment":[{"href":"https:\/\/agora.xtec.cat\/iesaltpenedes\/wp-json\/wp\/v2\/media?parent=824"}],"curies":[{"name":"wp","href":"https:\/\/api.w.org\/{rel}","templated":true}]}}