{"id":814,"date":"2024-09-24T11:40:15","date_gmt":"2024-09-24T09:40:15","guid":{"rendered":"https:\/\/agora.xtec.cat\/iesaltpenedes\/?page_id=814"},"modified":"2025-06-09T08:47:45","modified_gmt":"2025-06-09T06:47:45","slug":"planificacio","status":"publish","type":"page","link":"https:\/\/agora.xtec.cat\/iesaltpenedes\/linstitut\/estrategia-digital\/planificacio\/","title":{"rendered":"Planificaci\u00f3"},"content":{"rendered":"<table style=\"height: 1632px; width: 100%; border-style: solid; border-color: #000000;\">\n<tbody>\n<tr style=\"height: 79px;\">\n<td style=\"width: 48.9473%; text-align: justify; border-color: #000000; border-style: solid; height: 12px;\"><strong>ACTUACIONS<\/strong><\/td>\n<td style=\"width: 25.6224%; text-align: justify; border-color: #000000; border-style: solid; height: 12px;\"><strong>CURS<\/strong><\/td>\n<td style=\"width: 24.4742%; text-align: justify; border-color: #000000; border-style: solid; height: 12px;\"><strong>TRIMESTRE<\/strong><\/td>\n<\/tr>\n<tr style=\"height: 140px;\">\n<td style=\"width: 48.9473%; text-align: justify; border-color: #000000; border-style: solid; height: 12px;\"><span style=\"font-weight: 400;\">Creaci\u00f3 de documents d\u2019acollida del professorat i alumnat<\/span><\/td>\n<td style=\"width: 25.6224%; text-align: justify; border-color: #000000; border-style: solid; height: 12px;\"><span style=\"font-weight: 400;\">2022-2023<\/span>\n<p><span style=\"font-weight: 400;\">2023-2024<\/span><\/p>\n<\/td>\n<td style=\"width: 24.4742%; text-align: justify; border-color: #000000; border-style: solid; height: 12px;\"><span style=\"font-weight: 400;\">3r<\/span>\n<p><span style=\"font-weight: 400;\">1r<\/span><\/p>\n<\/td>\n<\/tr>\n<tr style=\"height: 79px;\">\n<td style=\"width: 48.9473%; text-align: justify; border-color: #000000; border-style: solid; height: 12px;\"><span style=\"font-weight: 400;\">Revisar PEC\u00a0<\/span><\/td>\n<td style=\"width: 25.6224%; text-align: justify; border-color: #000000; border-style: solid; height: 12px;\"><span style=\"font-weight: 400;\">2022-2023<\/span><\/td>\n<td style=\"width: 24.4742%; text-align: justify; border-color: #000000; border-style: solid; height: 12px;\"><span style=\"font-weight: 400;\">1r i 2n<\/span><\/td>\n<\/tr>\n<tr style=\"height: 79px;\">\n<td style=\"width: 48.9473%; text-align: justify; border-color: #000000; border-style: solid; height: 12px;\"><span style=\"font-weight: 400;\">Revisar NOFC<\/span><\/td>\n<td style=\"width: 25.6224%; text-align: justify; border-color: #000000; border-style: solid; height: 12px;\"><span style=\"font-weight: 400;\">2023-2024<\/span><\/td>\n<td style=\"width: 24.4742%; text-align: justify; border-color: #000000; border-style: solid; height: 12px;\"><span style=\"font-weight: 400;\">1r i 2n<\/span><\/td>\n<\/tr>\n<tr style=\"height: 111px;\">\n<td style=\"width: 48.9473%; text-align: justify; border-color: #000000; border-style: solid; height: 12px;\"><span style=\"font-weight: 400;\">Establir una seq\u00fcenciaci\u00f3 de la compet\u00e8ncia digital de l\u2019alumnat entre tot el professorat<\/span><\/td>\n<td style=\"width: 25.6224%; text-align: justify; border-color: #000000; border-style: solid; height: 12px;\"><span style=\"font-weight: 400;\">2022-2023<\/span><\/td>\n<td style=\"width: 24.4742%; text-align: justify; border-color: #000000; border-style: solid; height: 12px;\"><span style=\"font-weight: 400;\">1r, 2n i 3r<\/span><\/td>\n<\/tr>\n<tr style=\"height: 140px;\">\n<td style=\"width: 48.9473%; text-align: justify; border-color: #000000; border-style: solid; height: 12px;\"><span style=\"font-weight: 400;\">Definir mecanismes per avaluar l&#8217;assoliment de la compet\u00e8ncia digital\u00a0<\/span><\/td>\n<td style=\"width: 25.6224%; text-align: justify; border-color: #000000; border-style: solid; height: 12px;\"><span style=\"font-weight: 400;\">2022-2023<\/span>\n<p><span style=\"font-weight: 400;\">2023-2024<\/span><\/p>\n<\/td>\n<td style=\"width: 24.4742%; text-align: justify; border-color: #000000; border-style: solid; height: 12px;\"><span style=\"font-weight: 400;\">3r\u00a0<\/span>\n<p><span style=\"font-weight: 400;\">1r i 2n<\/span><\/p>\n<\/td>\n<\/tr>\n<tr style=\"height: 79px;\">\n<td style=\"width: 48.9473%; text-align: justify; border-color: #000000; border-style: solid; height: 12px;\"><span style=\"font-weight: 400;\">Publicar l\u2019estrat\u00e8gia digital a la web<\/span><\/td>\n<td style=\"width: 25.6224%; text-align: justify; border-color: #000000; border-style: solid; height: 12px;\"><span style=\"font-weight: 400;\">2022-2023<\/span><\/td>\n<td style=\"width: 24.4742%; text-align: justify; border-color: #000000; border-style: solid; height: 12px;\"><span style=\"font-weight: 400;\">3r<\/span><\/td>\n<\/tr>\n<tr style=\"height: 111px;\">\n<td style=\"width: 48.9473%; text-align: justify; border-color: #000000; border-style: solid; height: 12px;\"><span style=\"font-weight: 400;\">Creaci\u00f3 d\u2019un repositori amb els recursos acordats per cada tipus de tasca<\/span><\/td>\n<td style=\"width: 25.6224%; text-align: justify; border-color: #000000; border-style: solid; height: 12px;\"><span style=\"font-weight: 400;\">2023-2024<\/span><\/td>\n<td style=\"width: 24.4742%; text-align: justify; border-color: #000000; border-style: solid; height: 12px;\"><span style=\"font-weight: 400;\">1r i 2n<\/span><\/td>\n<\/tr>\n<tr style=\"height: 140px;\">\n<td style=\"width: 48.9473%; text-align: justify; border-color: #000000; border-style: solid; height: 12px;\"><span style=\"font-weight: 400;\">Motivaci\u00f3 al professorat a utilitzar aquests recursos TAC<\/span><\/td>\n<td style=\"width: 25.6224%; text-align: justify; border-color: #000000; border-style: solid; height: 12px;\"><span style=\"font-weight: 400;\">2023-2024<\/span>\n<p><span style=\"font-weight: 400;\">2024-2025<\/span><\/p>\n<\/td>\n<td style=\"width: 24.4742%; text-align: justify; border-color: #000000; border-style: solid; height: 12px;\"><span style=\"font-weight: 400;\">1r<\/span>\n<p><span style=\"font-weight: 400;\">1r<\/span><\/p>\n<\/td>\n<\/tr>\n<tr style=\"height: 140px;\">\n<td style=\"width: 48.9473%; text-align: justify; border-color: #000000; border-style: solid; height: 12px;\"><span style=\"font-weight: 400;\">Formaci\u00f3 de claustre de forma conjunta<\/span><\/td>\n<td style=\"width: 25.6224%; text-align: justify; border-color: #000000; border-style: solid; height: 12px;\"><span style=\"font-weight: 400;\">2022-2023<\/span>\n<p><span style=\"font-weight: 400;\">2024-2025<\/span><\/p>\n<\/td>\n<td style=\"width: 24.4742%; text-align: justify; border-color: #000000; border-style: solid; height: 12px;\"><span style=\"font-weight: 400;\">1r, 2n i 3r<\/span>\n<p><span style=\"font-weight: 400;\">3r<\/span><\/p>\n<\/td>\n<\/tr>\n<tr style=\"height: 79px;\">\n<td style=\"width: 48.9473%; text-align: justify; border-color: #000000; border-style: solid; height: 12px;\"><span style=\"font-weight: 400;\">Creaci\u00f3 de xarxa de suport entre instituts<\/span><\/td>\n<td style=\"width: 25.6224%; text-align: justify; border-color: #000000; border-style: solid; height: 12px;\"><span style=\"font-weight: 400;\">2023-2024<\/span><\/td>\n<td style=\"width: 24.4742%; text-align: justify; border-color: #000000; border-style: solid; height: 12px;\"><span style=\"font-weight: 400;\">2n i 3r<\/span><\/td>\n<\/tr>\n<tr style=\"height: 201px;\">\n<td style=\"width: 48.9473%; text-align: justify; border-color: #000000; border-style: solid; height: 12px;\"><span style=\"font-weight: 400;\">Establir una hora setmanal per a l\u2019assessorament t\u00e8cnic<\/span><\/td>\n<td style=\"width: 25.6224%; text-align: justify; border-color: #000000; border-style: solid; height: 12px;\"><span style=\"font-weight: 400;\">2022-2023<\/span>\n<p><span style=\"font-weight: 400;\">2023-2024<\/span><\/p>\n<p><span style=\"font-weight: 400;\">2024-2025<\/span><\/p>\n<\/td>\n<td style=\"width: 24.4742%; text-align: justify; border-color: #000000; border-style: solid; height: 12px;\"><span style=\"font-weight: 400;\">1r<\/span>\n<p><span style=\"font-weight: 400;\">1r<\/span><\/p>\n<p><span style=\"font-weight: 400;\">1r<\/span><\/p>\n<\/td>\n<\/tr>\n<tr style=\"height: 111px;\">\n<td style=\"width: 48.9473%; text-align: justify; border-color: #000000; border-style: solid; height: 12px;\"><span style=\"font-weight: 400;\">Incloure al curr\u00edculum de la mat\u00e8ria d&#8217;Inform\u00e0tica aplicada algunes tasques de gesti\u00f3 de la inform\u00e0tica del centre<\/span><\/td>\n<td style=\"width: 25.6224%; text-align: justify; border-color: #000000; border-style: solid; height: 12px;\"><span style=\"font-weight: 400;\">2023-2024<\/span><\/td>\n<td style=\"width: 24.4742%; text-align: justify; border-color: #000000; border-style: solid; height: 12px;\"><span style=\"font-weight: 400;\">1r<\/span><\/td>\n<\/tr>\n<tr style=\"height: 143px;\">\n<td style=\"width: 48.9473%; text-align: justify; border-color: #000000; border-style: solid; height: 12px;\"><strong>Generalitzar i facilitar al professorat i l&#8217;alumnat el desenvolupament de les compet\u00e8ncies digitals relacionades amb el pensament computacional i la programaci\u00f3<\/strong><\/td>\n<td style=\"width: 25.6224%; text-align: justify; border-color: #000000; border-style: solid; height: 12px;\"><strong>2025-2026<\/strong><\/td>\n<td style=\"width: 24.4742%; text-align: justify; border-color: #000000; border-style: solid; height: 12px;\"><strong>1r, 2n i 3r<\/strong><\/td>\n<\/tr>\n<\/tbody>\n<\/table>\n\n\n<p><\/p>\n","protected":false},"excerpt":{"rendered":"<p>ACTUACIONS CURS TRIMESTRE Creaci\u00f3 de documents d\u2019acollida del professorat i alumnat 2022-2023 2023-2024 3r 1r Revisar PEC\u00a0 2022-2023 1r i [&hellip;]<\/p>\n","protected":false},"author":6,"featured_media":0,"parent":724,"menu_order":2,"comment_status":"closed","ping_status":"closed","template":"","meta":{"_bbp_topic_count":0,"_bbp_reply_count":0,"_bbp_total_topic_count":0,"_bbp_total_reply_count":0,"_bbp_voice_count":0,"_bbp_anonymous_reply_count":0,"_bbp_topic_count_hidden":0,"_bbp_reply_count_hidden":0,"_bbp_forum_subforum_count":0,"site-sidebar-layout":"default","site-content-layout":"","ast-site-content-layout":"default","site-content-style":"default","site-sidebar-style":"default","ast-global-header-display":"","ast-banner-title-visibility":"","ast-main-header-display":"","ast-hfb-above-header-display":"","ast-hfb-below-header-display":"","ast-hfb-mobile-header-display":"","site-post-title":"","ast-breadcrumbs-content":"","ast-featured-img":"","footer-sml-layout":"","theme-transparent-header-meta":"","adv-header-id-meta":"","stick-header-meta":"","header-above-stick-meta":"","header-main-stick-meta":"","header-below-stick-meta":"","astra-migrate-meta-layouts":"set","ast-page-background-enabled":"default","ast-page-background-meta":{"desktop":{"background-color":"var(--ast-global-color-4)","background-image":"","background-repeat":"repeat","background-position":"center center","background-size":"auto","background-attachment":"scroll","background-type":"","background-media":"","overlay-type":"","overlay-color":"","overlay-opacity":"","overlay-gradient":""},"tablet":{"background-color":"","background-image":"","background-repeat":"repeat","background-position":"center center","background-size":"auto","background-attachment":"scroll","background-type":"","background-media":"","overlay-type":"","overlay-color":"","overlay-opacity":"","overlay-gradient":""},"mobile":{"background-color":"","background-image":"","background-repeat":"repeat","background-position":"center center","background-size":"auto","background-attachment":"scroll","background-type":"","background-media":"","overlay-type":"","overlay-color":"","overlay-opacity":"","overlay-gradient":""}},"ast-content-background-meta":{"desktop":{"background-color":"var(--ast-global-color-5)","background-image":"","background-repeat":"repeat","background-position":"center center","background-size":"auto","background-attachment":"scroll","background-type":"","background-media":"","overlay-type":"","overlay-color":"","overlay-opacity":"","overlay-gradient":""},"tablet":{"background-color":"var(--ast-global-color-5)","background-image":"","background-repeat":"repeat","background-position":"center center","background-size":"auto","background-attachment":"scroll","background-type":"","background-media":"","overlay-type":"","overlay-color":"","overlay-opacity":"","overlay-gradient":""},"mobile":{"background-color":"var(--ast-global-color-5)","background-image":"","background-repeat":"repeat","background-position":"center center","background-size":"auto","background-attachment":"scroll","background-type":"","background-media":"","overlay-type":"","overlay-color":"","overlay-opacity":"","overlay-gradient":""}},"footnotes":""},"class_list":["post-814","page","type-page","status-publish","hentry"],"post_mailing_queue_ids":[],"_links":{"self":[{"href":"https:\/\/agora.xtec.cat\/iesaltpenedes\/wp-json\/wp\/v2\/pages\/814","targetHints":{"allow":["GET"]}}],"collection":[{"href":"https:\/\/agora.xtec.cat\/iesaltpenedes\/wp-json\/wp\/v2\/pages"}],"about":[{"href":"https:\/\/agora.xtec.cat\/iesaltpenedes\/wp-json\/wp\/v2\/types\/page"}],"author":[{"embeddable":true,"href":"https:\/\/agora.xtec.cat\/iesaltpenedes\/wp-json\/wp\/v2\/users\/6"}],"replies":[{"embeddable":true,"href":"https:\/\/agora.xtec.cat\/iesaltpenedes\/wp-json\/wp\/v2\/comments?post=814"}],"version-history":[{"count":6,"href":"https:\/\/agora.xtec.cat\/iesaltpenedes\/wp-json\/wp\/v2\/pages\/814\/revisions"}],"predecessor-version":[{"id":2664,"href":"https:\/\/agora.xtec.cat\/iesaltpenedes\/wp-json\/wp\/v2\/pages\/814\/revisions\/2664"}],"up":[{"embeddable":true,"href":"https:\/\/agora.xtec.cat\/iesaltpenedes\/wp-json\/wp\/v2\/pages\/724"}],"wp:attachment":[{"href":"https:\/\/agora.xtec.cat\/iesaltpenedes\/wp-json\/wp\/v2\/media?parent=814"}],"curies":[{"name":"wp","href":"https:\/\/api.w.org\/{rel}","templated":true}]}}