{"id":724,"date":"2024-09-19T11:13:30","date_gmt":"2024-09-19T09:13:30","guid":{"rendered":"https:\/\/agora.xtec.cat\/iesaltpenedes\/?page_id=724"},"modified":"2025-05-22T08:59:26","modified_gmt":"2025-05-22T06:59:26","slug":"estrategia-digital","status":"publish","type":"page","link":"https:\/\/agora.xtec.cat\/iesaltpenedes\/linstitut\/estrategia-digital\/","title":{"rendered":"Estrat\u00e8gia digital"},"content":{"rendered":"<div>\n<p style=\"text-align: justify;\">El centre va elaborar\u00a0i aprovar\u00a0el Pla TAC de centre, com a estrat\u00e8gia de digitalitzaci\u00f3 de centre. Tamb\u00e9 es va constituir una comissi\u00f3 TAC, actualment coneguda com a comissi\u00f3 digital,\u00a0per tal d&#8217;impulsar aquest pla dins el centre.<\/p>\n<p style=\"text-align: justify;\">Pel que fa als aspectes sobre tecnologia digital, cal tenir en compte que el centre fa anys que ha fet una clara aposta per la seva digitalitzaci\u00f3.<\/p>\n<p style=\"text-align: justify;\">Conv\u00e9 ressaltar que en el marc del Pla d&#8217;educaci\u00f3 digital de Catalunya, el\u00a0<a href=\"http:\/\/www.google.com\/url?q=http%3A%2F%2Feducacio.gencat.cat%2Fca%2Fdepartament%2Flinies-estrategiques%2Fpla-educacio-digital%2Fcentres%2F&amp;sa=D&amp;sntz=1&amp;usg=AOvVaw0KAsaByth3FIGODhRdPIRI\" target=\"_blank\" rel=\"noopener\">Projecte d&#8217;acceleraci\u00f3 de la transformaci\u00f3 digital<\/a> ha desplegat les intervencions referides a connectivitats, equipaments de l&#8217;alumnat i del professorat, fets que han perm\u00e8s cedir un ordinador port\u00e0til a cada docent i a tots els alumnes des de 1r fins a i 4t d&#8217;ESO, batxillerat i cicles formatius de grau mitj\u00e0.<\/p>\n<p style=\"text-align: justify;\">En aquest context, des del curs 2018-19, l&#8217;alumnat i el professorat del centre disposen d&#8217;un usuari corporatiu, sota el domini\u00a0<a href=\"http:\/\/institutaltpenedes.cat\/\" target=\"_blank\" rel=\"noopener\">institutaltpenedes.cat<\/a>, que els permet disposar de serveis com: correu electr\u00f2nic, emmagatzematge i aplicacions col\u00b7laboratives al n\u00favol.<\/p>\n<p style=\"text-align: justify;\">A m\u00e9s a m\u00e9s, el Departament d&#8217;Educaci\u00f3 ha publicat el document\u00a0<a href=\"http:\/\/www.google.com\/url?q=http%3A%2F%2Feducacio.gencat.cat%2Fca%2Fdepartament%2Fpublicacions%2Fmonografies%2Festrategia-digital-centre%2F&amp;sa=D&amp;sntz=1&amp;usg=AOvVaw3wyrKyBUPYy-cPNFx3UFT3\" target=\"_blank\" rel=\"noopener\">Estrat\u00e8gia digital de centre<\/a>\u00a0(EDC), com a evoluci\u00f3 del Pla TAC dels centres que, d\u2019una banda, s\u2019alinea amb el Pla d\u2019Educaci\u00f3 Digital de Catalunya (PEDC), i per altra, incorpora els canvis socials i tecnol\u00f2gics que s\u2019han anat esdevenint.<\/p>\n<p style=\"text-align: justify;\">Cal afegir-hi un tercer canvi rellevant que\u00a0\u00e9s la incorporaci\u00f3 en l\u2019EDC de l\u2019apartat que recull tots els documents de centre, els quals fan refer\u00e8ncia a la seva cultura digital.<br \/>\n\u200b<br \/>\nEn el PEC del centre es detallen les dades de contextualitzaci\u00f3 generals del centre.<\/p>\n<h3 style=\"text-align: justify;\"><strong>Objectius de l&#8217;EDC<\/strong><\/h3>\n<p style=\"text-align: justify;\">Es poden agrupar en cinc \u00e0mbits, amb l&#8217;objectiu de l&#8217;assoliment de la compet\u00e8ncia digital per part de l\u2019alumnat, del professorat i del centre.<\/p>\n<table style=\"border-collapse: collapse; width: 100%; height: 174px;\">\n<tbody>\n<tr style=\"height: 197px;\">\n<td style=\"width: 67.2662%; height: 174px;\">Els \u00e0mbits de l&#8217;EDC s\u00f3n els seg\u00fcents:<\/p>\n<ol>\n<li style=\"text-align: justify;\">Assoliment de la compet\u00e8ncia digital.<\/li>\n<li style=\"text-align: justify;\">Planificaci\u00f3 estrat\u00e8gica i organitzaci\u00f3.<\/li>\n<li style=\"text-align: justify;\">Metodologies did\u00e0ctiques i innovaci\u00f3.<\/li>\n<li style=\"text-align: justify;\">Inclusi\u00f3 digital i de g\u00e8nere.<\/li>\n<li style=\"text-align: justify;\">Seguretat i protecci\u00f3 de dades.<\/li>\n<\/ol>\n<\/td>\n<td style=\"width: 32.7338%; height: 174px;\"><a href=\"https:\/\/educacio.gencat.cat\/ca\/departament\/publicacions\/colleccions\/pla-educacio-digital\/estrategia-digital-centre\/index.html\"><img loading=\"lazy\" decoding=\"async\" class=\"alignnone wp-image-732\" src=\"https:\/\/agora.xtec.cat\/iesaltpenedes\/wp-content\/uploads\/usu1207\/2024\/09\/edc_logo.jpg\" alt=\"\" width=\"169\" height=\"238\" srcset=\"https:\/\/agora.xtec.cat\/iesaltpenedes\/wp-content\/uploads\/usu1207\/2024\/09\/edc_logo.jpg 268w, https:\/\/agora.xtec.cat\/iesaltpenedes\/wp-content\/uploads\/usu1207\/2024\/09\/edc_logo-213x300.jpg 213w\" sizes=\"auto, (max-width: 169px) 100vw, 169px\" \/><\/a><\/td>\n<\/tr>\n<\/tbody>\n<\/table>\n<\/div>\n<div><\/div>\n","protected":false},"excerpt":{"rendered":"<p>El centre va elaborar\u00a0i aprovar\u00a0el Pla TAC de centre, com a estrat\u00e8gia de digitalitzaci\u00f3 de centre. Tamb\u00e9 es va constituir [&hellip;]<\/p>\n","protected":false},"author":6,"featured_media":0,"parent":19,"menu_order":5,"comment_status":"closed","ping_status":"closed","template":"","meta":{"_bbp_topic_count":0,"_bbp_reply_count":0,"_bbp_total_topic_count":0,"_bbp_total_reply_count":0,"_bbp_voice_count":0,"_bbp_anonymous_reply_count":0,"_bbp_topic_count_hidden":0,"_bbp_reply_count_hidden":0,"_bbp_forum_subforum_count":0,"site-sidebar-layout":"default","site-content-layout":"","ast-site-content-layout":"default","site-content-style":"default","site-sidebar-style":"default","ast-global-header-display":"","ast-banner-title-visibility":"","ast-main-header-display":"","ast-hfb-above-header-display":"","ast-hfb-below-header-display":"","ast-hfb-mobile-header-display":"","site-post-title":"","ast-breadcrumbs-content":"","ast-featured-img":"","footer-sml-layout":"","theme-transparent-header-meta":"default","adv-header-id-meta":"","stick-header-meta":"","header-above-stick-meta":"","header-main-stick-meta":"","header-below-stick-meta":"","astra-migrate-meta-layouts":"set","ast-page-background-enabled":"default","ast-page-background-meta":{"desktop":{"background-color":"var(--ast-global-color-4)","background-image":"","background-repeat":"repeat","background-position":"center center","background-size":"auto","background-attachment":"scroll","background-type":"","background-media":"","overlay-type":"","overlay-color":"","overlay-opacity":"","overlay-gradient":""},"tablet":{"background-color":"","background-image":"","background-repeat":"repeat","background-position":"center center","background-size":"auto","background-attachment":"scroll","background-type":"","background-media":"","overlay-type":"","overlay-color":"","overlay-opacity":"","overlay-gradient":""},"mobile":{"background-color":"","background-image":"","background-repeat":"repeat","background-position":"center center","background-size":"auto","background-attachment":"scroll","background-type":"","background-media":"","overlay-type":"","overlay-color":"","overlay-opacity":"","overlay-gradient":""}},"ast-content-background-meta":{"desktop":{"background-color":"var(--ast-global-color-5)","background-image":"","background-repeat":"repeat","background-position":"center center","background-size":"auto","background-attachment":"scroll","background-type":"","background-media":"","overlay-type":"","overlay-color":"","overlay-opacity":"","overlay-gradient":""},"tablet":{"background-color":"var(--ast-global-color-5)","background-image":"","background-repeat":"repeat","background-position":"center center","background-size":"auto","background-attachment":"scroll","background-type":"","background-media":"","overlay-type":"","overlay-color":"","overlay-opacity":"","overlay-gradient":""},"mobile":{"background-color":"var(--ast-global-color-5)","background-image":"","background-repeat":"repeat","background-position":"center center","background-size":"auto","background-attachment":"scroll","background-type":"","background-media":"","overlay-type":"","overlay-color":"","overlay-opacity":"","overlay-gradient":""}},"footnotes":""},"class_list":["post-724","page","type-page","status-publish","hentry"],"post_mailing_queue_ids":[],"_links":{"self":[{"href":"https:\/\/agora.xtec.cat\/iesaltpenedes\/wp-json\/wp\/v2\/pages\/724","targetHints":{"allow":["GET"]}}],"collection":[{"href":"https:\/\/agora.xtec.cat\/iesaltpenedes\/wp-json\/wp\/v2\/pages"}],"about":[{"href":"https:\/\/agora.xtec.cat\/iesaltpenedes\/wp-json\/wp\/v2\/types\/page"}],"author":[{"embeddable":true,"href":"https:\/\/agora.xtec.cat\/iesaltpenedes\/wp-json\/wp\/v2\/users\/6"}],"replies":[{"embeddable":true,"href":"https:\/\/agora.xtec.cat\/iesaltpenedes\/wp-json\/wp\/v2\/comments?post=724"}],"version-history":[{"count":6,"href":"https:\/\/agora.xtec.cat\/iesaltpenedes\/wp-json\/wp\/v2\/pages\/724\/revisions"}],"predecessor-version":[{"id":2575,"href":"https:\/\/agora.xtec.cat\/iesaltpenedes\/wp-json\/wp\/v2\/pages\/724\/revisions\/2575"}],"up":[{"embeddable":true,"href":"https:\/\/agora.xtec.cat\/iesaltpenedes\/wp-json\/wp\/v2\/pages\/19"}],"wp:attachment":[{"href":"https:\/\/agora.xtec.cat\/iesaltpenedes\/wp-json\/wp\/v2\/media?parent=724"}],"curies":[{"name":"wp","href":"https:\/\/api.w.org\/{rel}","templated":true}]}}