{"id":2178,"date":"2025-03-26T14:04:42","date_gmt":"2025-03-26T13:04:42","guid":{"rendered":"https:\/\/agora.xtec.cat\/iesaltpenedes\/?page_id=2178"},"modified":"2025-04-28T18:09:26","modified_gmt":"2025-04-28T16:09:26","slug":"cfgm-operacions-de-laboratori","status":"publish","type":"page","link":"https:\/\/agora.xtec.cat\/iesaltpenedes\/estudis\/cicles-formatius\/cfgm-operacions-de-laboratori\/","title":{"rendered":"CFGM Operacions de Laboratori"},"content":{"rendered":"\n<div class=\"wp-block-cover is-light is-repeated\"><span aria-hidden=\"true\" class=\"wp-block-cover__background has-background-dim-0 has-background-dim\"><\/span><div class=\"wp-block-cover__image-background wp-image-2211 is-repeated\" style=\"background-position:51% 65%;background-image:url(https:\/\/agora.xtec.cat\/iesaltpenedes\/wp-content\/uploads\/usu1207\/2025\/03\/lab2.jpg)\"><\/div><div class=\"wp-block-cover__inner-container is-layout-flow wp-block-cover-is-layout-flow\">\n<p class=\"has-text-align-center has-x-large-font-size\"><strong>Operacions de Laboratori<\/strong><\/p>\n\n\n\n<p class=\"has-text-align-center has-large-font-size\">Cicle formatiu de grau mig<\/p>\n<\/div><\/div>\n\n\n\n<p class=\"has-text-align-center has-large-font-size\"><\/p>\n\n\n\n<div class=\"wp-block-columns is-layout-flex wp-container-core-columns-is-layout-1 wp-block-columns-is-layout-flex\" style=\"padding-top:0;padding-bottom:0\">\n<div class=\"wp-block-column is-layout-flow wp-block-column-is-layout-flow\">\n<figure class=\"wp-block-image size-large\"><a href=\"https:\/\/agora.xtec.cat\/iesaltpenedes\/wp-content\/uploads\/usu1207\/2025\/04\/edificiv.png\"><img loading=\"lazy\" decoding=\"async\" width=\"1024\" height=\"579\" src=\"https:\/\/agora.xtec.cat\/iesaltpenedes\/wp-content\/uploads\/usu1207\/2025\/04\/edificiv-1024x579.png\" alt=\"\" class=\"wp-image-2326\" srcset=\"https:\/\/agora.xtec.cat\/iesaltpenedes\/wp-content\/uploads\/usu1207\/2025\/04\/edificiv-1024x579.png 1024w, https:\/\/agora.xtec.cat\/iesaltpenedes\/wp-content\/uploads\/usu1207\/2025\/04\/edificiv-300x170.png 300w, https:\/\/agora.xtec.cat\/iesaltpenedes\/wp-content\/uploads\/usu1207\/2025\/04\/edificiv-768x434.png 768w, https:\/\/agora.xtec.cat\/iesaltpenedes\/wp-content\/uploads\/usu1207\/2025\/04\/edificiv.png 1472w\" sizes=\"auto, (max-width: 1024px) 100vw, 1024px\" \/><\/a><\/figure>\n<\/div>\n\n\n\n<div class=\"wp-block-column is-layout-flow wp-block-column-is-layout-flow\">\n<figure class=\"wp-block-image size-large\"><a href=\"https:\/\/agora.xtec.cat\/iesaltpenedes\/wp-content\/uploads\/usu1207\/2025\/04\/birretv.png\"><img loading=\"lazy\" decoding=\"async\" width=\"1024\" height=\"579\" src=\"https:\/\/agora.xtec.cat\/iesaltpenedes\/wp-content\/uploads\/usu1207\/2025\/04\/birretv-1024x579.png\" alt=\"\" class=\"wp-image-2328\" srcset=\"https:\/\/agora.xtec.cat\/iesaltpenedes\/wp-content\/uploads\/usu1207\/2025\/04\/birretv-1024x579.png 1024w, https:\/\/agora.xtec.cat\/iesaltpenedes\/wp-content\/uploads\/usu1207\/2025\/04\/birretv-300x170.png 300w, https:\/\/agora.xtec.cat\/iesaltpenedes\/wp-content\/uploads\/usu1207\/2025\/04\/birretv-768x434.png 768w, https:\/\/agora.xtec.cat\/iesaltpenedes\/wp-content\/uploads\/usu1207\/2025\/04\/birretv.png 1472w\" sizes=\"auto, (max-width: 1024px) 100vw, 1024px\" \/><\/a><\/figure>\n<\/div>\n\n\n\n<div class=\"wp-block-column is-layout-flow wp-block-column-is-layout-flow\">\n<figure class=\"wp-block-image size-large\"><a href=\"https:\/\/agora.xtec.cat\/iesaltpenedes\/wp-content\/uploads\/usu1207\/2025\/04\/maletav.png\"><img loading=\"lazy\" decoding=\"async\" width=\"1024\" height=\"579\" src=\"https:\/\/agora.xtec.cat\/iesaltpenedes\/wp-content\/uploads\/usu1207\/2025\/04\/maletav-1024x579.png\" alt=\"\" class=\"wp-image-2327\" srcset=\"https:\/\/agora.xtec.cat\/iesaltpenedes\/wp-content\/uploads\/usu1207\/2025\/04\/maletav-1024x579.png 1024w, https:\/\/agora.xtec.cat\/iesaltpenedes\/wp-content\/uploads\/usu1207\/2025\/04\/maletav-300x170.png 300w, https:\/\/agora.xtec.cat\/iesaltpenedes\/wp-content\/uploads\/usu1207\/2025\/04\/maletav-768x434.png 768w, https:\/\/agora.xtec.cat\/iesaltpenedes\/wp-content\/uploads\/usu1207\/2025\/04\/maletav.png 1472w\" sizes=\"auto, (max-width: 1024px) 100vw, 1024px\" \/><\/a><\/figure>\n<\/div>\n\n\n\n<div class=\"wp-block-column is-layout-flow wp-block-column-is-layout-flow\">\n<figure class=\"wp-block-image size-large\"><a href=\"https:\/\/agora.xtec.cat\/iesaltpenedes\/wp-content\/uploads\/usu1207\/2025\/04\/calendariv.png\"><img loading=\"lazy\" decoding=\"async\" width=\"1024\" height=\"579\" src=\"https:\/\/agora.xtec.cat\/iesaltpenedes\/wp-content\/uploads\/usu1207\/2025\/04\/calendariv-1024x579.png\" alt=\"\" class=\"wp-image-2297\" srcset=\"https:\/\/agora.xtec.cat\/iesaltpenedes\/wp-content\/uploads\/usu1207\/2025\/04\/calendariv-1024x579.png 1024w, https:\/\/agora.xtec.cat\/iesaltpenedes\/wp-content\/uploads\/usu1207\/2025\/04\/calendariv-300x170.png 300w, https:\/\/agora.xtec.cat\/iesaltpenedes\/wp-content\/uploads\/usu1207\/2025\/04\/calendariv-768x434.png 768w, https:\/\/agora.xtec.cat\/iesaltpenedes\/wp-content\/uploads\/usu1207\/2025\/04\/calendariv.png 1472w\" sizes=\"auto, (max-width: 1024px) 100vw, 1024px\" \/><\/a><\/figure>\n<\/div>\n<\/div>\n\n\n\n<div class=\"wp-block-columns is-layout-flex wp-container-core-columns-is-layout-2 wp-block-columns-is-layout-flex\">\n<div class=\"wp-block-column has-black-color has-text-color has-link-color wp-elements-be05c0da10ad179401e4bf96ac657356 is-layout-flow wp-block-column-is-layout-flow\">\n<p style=\"padding-right:var(--wp--preset--spacing--40);padding-left:var(--wp--preset--spacing--40)\"><strong>2 CURSOS<\/strong><\/p>\n<\/div>\n\n\n\n<div class=\"wp-block-column has-black-color has-text-color has-link-color wp-elements-f9837bc7bba74847c752b9e3c30b2b21 is-layout-flow wp-block-column-is-layout-flow\">\n<p style=\"padding-right:var(--wp--preset--spacing--60);padding-left:var(--wp--preset--spacing--60)\"><strong>1551 HORES<\/strong><\/p>\n\n\n\n<p style=\"padding-right:var(--wp--preset--spacing--60);padding-left:var(--wp--preset--spacing--60)\"><strong>   INSTITUT<\/strong><\/p>\n<\/div>\n\n\n\n<div class=\"wp-block-column has-black-color has-text-color has-link-color wp-elements-a388b9a9a132d23bb930c4a41fe641fa is-layout-flow wp-block-column-is-layout-flow\">\n<p class=\"has-text-align-center\"><strong>515 HORES<\/strong><\/p>\n\n\n\n<p class=\"has-text-align-center\"><strong>EMPRESA <\/strong><\/p>\n<\/div>\n\n\n\n<div class=\"wp-block-column has-black-color has-text-color has-link-color wp-elements-15c7cfada75582251c699a6b3e89ec21 is-layout-flow wp-block-column-is-layout-flow\">\n<p class=\"has-text-align-center\"><strong>HORARI <\/strong><\/p>\n\n\n\n<p class=\"has-text-align-center\" style=\"margin-top:0;margin-right:0;margin-bottom:0;margin-left:0;padding-top:0;padding-right:0;padding-bottom:0;padding-left:0\"><strong>TARDA<\/strong><\/p>\n<\/div>\n<\/div>\n\n\n\n<p><strong>Cicle Formatiu de Grau Mig d&#8217;Operacions de Laboratori.<\/strong><\/p>\n\n\n\n<div class=\"wp-block-getwid-toggle has-icon-left\">\n<div class=\"wp-block-getwid-toggle__row\"><div class=\"wp-block-getwid-toggle__header-wrapper\"><span class=\"wp-block-getwid-toggle__header\"><a href=\"#\"><span class=\"wp-block-getwid-toggle__header-title\">Compet\u00e8ncia General<\/span><span class=\"wp-block-getwid-toggle__icon is-active\"><i class=\"fas fa-plus\"><\/i><\/span><span class=\"wp-block-getwid-toggle__icon is-passive\"><i class=\"fas fa-minus\"><\/i><\/span><\/a><\/span><\/div><div class=\"wp-block-getwid-toggle__content-wrapper\"><div class=\"wp-block-getwid-toggle__content\">\n<p>La compet\u00e8ncia general d\u2019aquest t\u00edtol consisteix a realitzar assajos de materials, an\u00e0lisis fisicoqu\u00edmiques, qu\u00edmiques i biol\u00f2giques, mantenint operatius els equips i les instal\u00b7lacions de serveis auxiliars, complint les normes de qualitat i prevenci\u00f3 de riscos laborals i de protecci\u00f3 ambiental.<\/p>\n<\/div><\/div><\/div>\n\n\n\n<div class=\"wp-block-getwid-toggle__row\"><div class=\"wp-block-getwid-toggle__header-wrapper\"><span class=\"wp-block-getwid-toggle__header\"><a href=\"#\"><span class=\"wp-block-getwid-toggle__header-title\">Sortides professionals<\/span><span class=\"wp-block-getwid-toggle__icon is-active\"><i class=\"fas fa-plus\"><\/i><\/span><span class=\"wp-block-getwid-toggle__icon is-passive\"><i class=\"fas fa-minus\"><\/i><\/span><\/a><\/span><\/div><div class=\"wp-block-getwid-toggle__content-wrapper\"><div class=\"wp-block-getwid-toggle__content\">\n<p>Els professionals t\u00e8cnics de laboratori desenvolupen la seva feina en empreses del sector de la qu\u00edmica (ind\u00fastria farmac\u00e8utica, perfumeria i cosm\u00e8tica, sabons i detergents, materials pl\u00e0stics, esmalts i pintures, fibres artificials i sint\u00e8tiques, etc.) i tamb\u00e9 en empreses pertanyents a altres sectors amb departaments d\u2019an\u00e0lisi o control de qualitat com l\u2019alimentaci\u00f3, la salut, el medi ambient, la metal\u00b7l\u00fargia o les aig\u00fces. Les sortides professionals a les quals podem optar s\u00f3n les seg\u00fcents:<\/p>\n\n\n\n<ul class=\"wp-block-list\">\n<li>Auxiliar, operador\/a o t\u00e8cnic\/a de laboratoris de qu\u00edmica<\/li>\n\n\n\n<li>Auxiliar, operador\/a o t\u00e8cnic\/a d\u2019ind\u00fastries qu\u00edmiques, aliment\u00e0ries, farmac\u00e8utiques i transformadores<\/li>\n\n\n\n<li>Auxiliar, operador\/a o t\u00e8cnic\/a del sector mediambiental<\/li>\n\n\n\n<li>Auxiliar, operador\/a o t\u00e8cnic\/a de control de qualitat de materials, metal\u00b7l\u00fargia i galvanot\u00e8cnia<\/li>\n\n\n\n<li>Auxiliar, operador\/a o t\u00e8cnic\/a d\u2019assajos de productes de fabricaci\u00f3 mec\u00e0nica<\/li>\n\n\n\n<li>Auxiliar, operador\/a o t\u00e8cnic\/a de microbiologia aliment\u00e0ria, mediambiental, farmac\u00e8utica i d\u2019aig\u00fces<\/li>\n\n\n\n<li>Auxiliar, operador\/a o t\u00e8cnic\/a de mat\u00e8ries primeres i producte acabat<\/li>\n\n\n\n<li>Auxiliar, operador\/a o t\u00e8cnic\/a de control i recepci\u00f3 de mat\u00e8ries<\/li>\n\n\n\n<li>Auxiliar, operador\/a o t\u00e8cnic\/a de centres de formaci\u00f3 i investigaci\u00f3<\/li>\n\n\n\n<li>Operador\/a de manteniment de serveis auxiliars, equipament i magatzem<\/li>\n\n\n\n<li>Mostrejador i assajos de camp<\/li>\n<\/ul>\n<\/div><\/div><\/div>\n\n\n\n<div class=\"wp-block-getwid-toggle__row\"><div class=\"wp-block-getwid-toggle__header-wrapper\"><span class=\"wp-block-getwid-toggle__header\"><a href=\"#\"><span class=\"wp-block-getwid-toggle__header-title\">Pla d&#8217;estudis<\/span><span class=\"wp-block-getwid-toggle__icon is-active\"><i class=\"fas fa-plus\"><\/i><\/span><span class=\"wp-block-getwid-toggle__icon is-passive\"><i class=\"fas fa-minus\"><\/i><\/span><\/a><\/span><\/div><div class=\"wp-block-getwid-toggle__content-wrapper\"><div class=\"wp-block-getwid-toggle__content\">\n<p>Cicle Formatiu de grau mig d\u2019 Operacions de Laboratori (OL).<\/p>\n\n\n\n<p>T\u00edtol: T\u00e8cnic\/a en Operacions de Laboratori.<\/p>\n\n\n\n<p>Fam\u00edlia professional: Qu\u00edmica<\/p>\n\n\n\n<p>El cicle es cursa en horari de tarda de 15:30 a 22:00 hores. <\/p>\n\n\n\n<p>La durada \u00e9s de 2.000 hores (1.485 en un centre educatiu i 515 en un centre de treball) distribu\u00efdes en dos cursos acad\u00e8mics.<\/p>\n\n\n\n<p>Els m\u00f2duls que es cursen s\u00f3n:<\/p>\n\n\n\n<ul class=\"wp-block-list\">\n<li>Principis de manteniment electromec\u00e0nic<\/li>\n\n\n\n<li>Qu\u00edmica aplicada<\/li>\n\n\n\n<li>Mostreig i operacions unit\u00e0ries de Laboratori<\/li>\n\n\n\n<li>Proves fisicoqu\u00edmiques<\/li>\n\n\n\n<li>Serveis auxiliars en el laboratori<\/li>\n\n\n\n<li>Seguretat i organitzaci\u00f3 en el laboratori<\/li>\n\n\n\n<li>T\u00e8cniques b\u00e0siques de microbiologia i bioqu\u00edmica<\/li>\n\n\n\n<li>Operacions d\u2019an\u00e0lisi qu\u00edmica<\/li>\n\n\n\n<li>Assajos de materials<\/li>\n\n\n\n<li>Emmagatzematge i distribuci\u00f3 en el laboratori<\/li>\n\n\n\n<li>Angl\u00e8s professional<\/li>\n\n\n\n<li>Digitalitzaci\u00f3 aplicada als sectors productius<\/li>\n\n\n\n<li>Sostenibilitat aplicada al sistema productiu<\/li>\n\n\n\n<li>Itinerari personal per a l\u2019ocupabilitat I<\/li>\n\n\n\n<li>Itinerari personal per a l\u2019ocupabilitat II<\/li>\n\n\n\n<li>Projecte Intermodular<\/li>\n\n\n\n<li>M\u00f2dul professional optatiu<\/li>\n\n\n\n<li>Pr\u00e0ctiques DUAL en empresa<\/li>\n<\/ul>\n<\/div><\/div><\/div>\n\n\n\n<div class=\"wp-block-getwid-toggle__row\"><div class=\"wp-block-getwid-toggle__header-wrapper\"><span class=\"wp-block-getwid-toggle__header\"><a href=\"#\"><span class=\"wp-block-getwid-toggle__header-title\">Qu\u00e8 puc estudiar despr\u00e9s?<\/span><span class=\"wp-block-getwid-toggle__icon is-active\"><i class=\"fas fa-plus\"><\/i><\/span><span class=\"wp-block-getwid-toggle__icon is-passive\"><i class=\"fas fa-minus\"><\/i><\/span><\/a><\/span><\/div><div class=\"wp-block-getwid-toggle__content-wrapper\"><div class=\"wp-block-getwid-toggle__content\">\n<p>Dins de la mateixa fam\u00edlia (Qu\u00edmica) es poden cursar els estudis de grau superior:<\/p>\n\n\n\n<ul class=\"wp-block-list\">\n<li>CFGS Fabricaci\u00f3 de Productes Farmac\u00e8utics, Biotecnol\u00f2gics i Afins<\/li>\n\n\n\n<li>CFGS Laboratori d\u2019An\u00e0lisi i de Control de Qualitat<\/li>\n\n\n\n<li>CFGS Qu\u00edmica Industrial<\/li>\n\n\n\n<li>Estudiar Batxillerat<\/li>\n<\/ul>\n<\/div><\/div><\/div>\n\n\n\n<div class=\"wp-block-getwid-toggle__row\"><div class=\"wp-block-getwid-toggle__header-wrapper\"><span class=\"wp-block-getwid-toggle__header\"><a href=\"#\"><span class=\"wp-block-getwid-toggle__header-title\">Requisits d&#8217;acc\u00e9s<\/span><span class=\"wp-block-getwid-toggle__icon is-active\"><i class=\"fas fa-plus\"><\/i><\/span><span class=\"wp-block-getwid-toggle__icon is-passive\"><i class=\"fas fa-minus\"><\/i><\/span><\/a><\/span><\/div><div class=\"wp-block-getwid-toggle__content-wrapper\"><div class=\"wp-block-getwid-toggle__content\">\n<p>&nbsp;Tenen&nbsp;<strong>acc\u00e9s directe<\/strong>&nbsp;al cicle les persones que compleixen algun dels requisits seg\u00fcents:<\/p>\n\n\n\n<ul class=\"wp-block-list\">\n<li>Tenir el t\u00edtol de graduat en educaci\u00f3 secund\u00e0ria obligat\u00f2ria.<\/li>\n\n\n\n<li>Haver superat el curs espec\u00edfic per a l&#8217;acc\u00e9s als cicles de grau mitj\u00e0.<\/li>\n\n\n\n<li>Tenir el t\u00edtol de t\u00e8cnic, de t\u00e8cnic auxiliar, de t\u00e8cnic b\u00e0sic o de t\u00e8cnic superior.<\/li>\n\n\n\n<li>Haver superat el segon curs del batxillerat unificat i polivalent (BUP).<\/li>\n\n\n\n<li>Tenir altres estudis equivalents a efectes acad\u00e8mics.<\/li>\n\n\n\n<li>Haver superat la prova d&#8217;acc\u00e9s a la universitat per a m\u00e9s grans de 25 anys o de 45 anys, o haver accedit a la universitat per haver acreditat experi\u00e8ncia laboral o professional tenint complerts 40 anys d&#8217;edat.<\/li>\n\n\n\n<li>Haver superat els m\u00f2duls obligatoris d&#8217;un programa de formaci\u00f3 inicial (PFI).<\/li>\n\n\n\n<li>Tenir un t\u00edtol per accedir a un cicle formatiu de grau superior.<\/li>\n<\/ul>\n\n\n\n<p><strong>Amb una prova d\u2019acc\u00e9s:<\/strong><\/p>\n\n\n\n<ul class=\"wp-block-list\">\n<li>Les persones que no compleixen cap dels requisits esmentats han de superar una prova d&#8217;acc\u00e9s. Per presentar-s&#8217;hi cal tenir com a m\u00ednim 17 anys l&#8217;any en qu\u00e8 es fa la prova.<\/li>\n<\/ul>\n<\/div><\/div><\/div>\n<\/div>\n\n\n\n<p><\/p>\n\n\n\n<p>Podeu trobar m\u00e9s informaci\u00f3 a la <a href=\"https:\/\/triaeducativa.gencat.cat\/ca\/estudis?operacions-laboratori&amp;p_id=2053\">web <\/a>del departament d&#8217;educaci\u00f3.<\/p>\n\n\n","protected":false},"excerpt":{"rendered":"<p>2 CURSOS 1551 HORES INSTITUT 515 HORES EMPRESA HORARI TARDA Cicle Formatiu de Grau Mig d&#8217;Operacions de Laboratori. Podeu trobar [&hellip;]<\/p>\n","protected":false},"author":15,"featured_media":0,"parent":620,"menu_order":3,"comment_status":"closed","ping_status":"close","template":"","meta":{"_bbp_topic_count":0,"_bbp_reply_count":0,"_bbp_total_topic_count":0,"_bbp_total_reply_count":0,"_bbp_voice_count":0,"_bbp_anonymous_reply_count":0,"_bbp_topic_count_hidden":0,"_bbp_reply_count_hidden":0,"_bbp_forum_subforum_count":0,"site-sidebar-layout":"default","site-content-layout":"","ast-site-content-layout":"default","site-content-style":"default","site-sidebar-style":"default","ast-global-header-display":"","ast-banner-title-visibility":"","ast-main-header-display":"","ast-hfb-above-header-display":"","ast-hfb-below-header-display":"","ast-hfb-mobile-header-display":"","site-post-title":"","ast-breadcrumbs-content":"","ast-featured-img":"","footer-sml-layout":"","theme-transparent-header-meta":"","adv-header-id-meta":"","stick-header-meta":"","header-above-stick-meta":"","header-main-stick-meta":"","header-below-stick-meta":"","astra-migrate-meta-layouts":"set","ast-page-background-enabled":"default","ast-page-background-meta":{"desktop":{"background-color":"var(--ast-global-color-4)","background-image":"","background-repeat":"repeat","background-position":"center center","background-size":"auto","background-attachment":"scroll","background-type":"","background-media":"","overlay-type":"","overlay-color":"","overlay-opacity":"","overlay-gradient":""},"tablet":{"background-color":"","background-image":"","background-repeat":"repeat","background-position":"center center","background-size":"auto","background-attachment":"scroll","background-type":"","background-media":"","overlay-type":"","overlay-color":"","overlay-opacity":"","overlay-gradient":""},"mobile":{"background-color":"","background-image":"","background-repeat":"repeat","background-position":"center center","background-size":"auto","background-attachment":"scroll","background-type":"","background-media":"","overlay-type":"","overlay-color":"","overlay-opacity":"","overlay-gradient":""}},"ast-content-background-meta":{"desktop":{"background-color":"var(--ast-global-color-5)","background-image":"","background-repeat":"repeat","background-position":"center center","background-size":"auto","background-attachment":"scroll","background-type":"","background-media":"","overlay-type":"","overlay-color":"","overlay-opacity":"","overlay-gradient":""},"tablet":{"background-color":"var(--ast-global-color-5)","background-image":"","background-repeat":"repeat","background-position":"center center","background-size":"auto","background-attachment":"scroll","background-type":"","background-media":"","overlay-type":"","overlay-color":"","overlay-opacity":"","overlay-gradient":""},"mobile":{"background-color":"var(--ast-global-color-5)","background-image":"","background-repeat":"repeat","background-position":"center center","background-size":"auto","background-attachment":"scroll","background-type":"","background-media":"","overlay-type":"","overlay-color":"","overlay-opacity":"","overlay-gradient":""}},"footnotes":""},"class_list":["post-2178","page","type-page","status-publish","hentry"],"post_mailing_queue_ids":[],"_links":{"self":[{"href":"https:\/\/agora.xtec.cat\/iesaltpenedes\/wp-json\/wp\/v2\/pages\/2178","targetHints":{"allow":["GET"]}}],"collection":[{"href":"https:\/\/agora.xtec.cat\/iesaltpenedes\/wp-json\/wp\/v2\/pages"}],"about":[{"href":"https:\/\/agora.xtec.cat\/iesaltpenedes\/wp-json\/wp\/v2\/types\/page"}],"author":[{"embeddable":true,"href":"https:\/\/agora.xtec.cat\/iesaltpenedes\/wp-json\/wp\/v2\/users\/15"}],"replies":[{"embeddable":true,"href":"https:\/\/agora.xtec.cat\/iesaltpenedes\/wp-json\/wp\/v2\/comments?post=2178"}],"version-history":[{"count":6,"href":"https:\/\/agora.xtec.cat\/iesaltpenedes\/wp-json\/wp\/v2\/pages\/2178\/revisions"}],"predecessor-version":[{"id":2407,"href":"https:\/\/agora.xtec.cat\/iesaltpenedes\/wp-json\/wp\/v2\/pages\/2178\/revisions\/2407"}],"up":[{"embeddable":true,"href":"https:\/\/agora.xtec.cat\/iesaltpenedes\/wp-json\/wp\/v2\/pages\/620"}],"wp:attachment":[{"href":"https:\/\/agora.xtec.cat\/iesaltpenedes\/wp-json\/wp\/v2\/media?parent=2178"}],"curies":[{"name":"wp","href":"https:\/\/api.w.org\/{rel}","templated":true}]}}