{"id":1267,"date":"2024-10-11T13:34:59","date_gmt":"2024-10-11T11:34:59","guid":{"rendered":"https:\/\/agora.xtec.cat\/iesaltpenedes\/?page_id=1267"},"modified":"2024-10-14T10:04:41","modified_gmt":"2024-10-14T08:04:41","slug":"comissio-de-coeducacio","status":"publish","type":"page","link":"https:\/\/agora.xtec.cat\/iesaltpenedes\/linstitut\/projectes\/comissio-de-coeducacio\/","title":{"rendered":"Comissi\u00f3 de Coeducaci\u00f3"},"content":{"rendered":"<p><img decoding=\"async\" class=\"alignleft\" src=\"https:\/\/463344365128478901.weebly.com\/uploads\/4\/9\/8\/1\/49816005\/published\/coeducat.jpg?1614087721\" alt=\"Picture\" \/>La comissi\u00f3 de coeducaci\u00f3 es va formar durant el curs 2020-21 i \u00e9s l\u2019encarregada de fomentar l\u2019aplicaci\u00f3 de la coeducaci\u00f3 de manera transversal al centre. La seva finalitat \u00e9s promoure la igualtat d\u2019oportunitats de noies i nois tot incorporant la perspectiva de g\u00e8nere i la mirada interseccional a l\u2019acci\u00f3 educativa. L\u2019acci\u00f3 coeducativa tamb\u00e9 especifica mecanismes de prevenci\u00f3 i gesti\u00f3 de comportaments i actituds discriminat\u00f2ries per ra\u00f3 de g\u00e8nere, i en especial comportaments homof\u00f2bics i conductes abusives.<\/p>\n<p>Per tot la coeducaci\u00f3 \u00e9s una eina b\u00e0sica per a la construcci\u00f3 d\u2019un nou model de ciutadania que ha de fer possible la participaci\u00f3 i el desenvolupament de totes les persones, un model basat en la promoci\u00f3 d\u2019una educaci\u00f3 que potenci\u00ef la igualtat real d\u2019oportunitats i l\u2019eliminaci\u00f3 de tota mena de discriminaci\u00f3 per ra\u00f3 de sexe, aix\u00ed com la integraci\u00f3 de forma expl\u00edcita i amb continguts d\u2019aprenentatge de la perspectiva de g\u00e8nere.<\/p>\n<h2>QU\u00c8 VOLEM?<\/h2>\n<p>L\u2019objectiu \u00e9s avan\u00e7ar cap a la incorporaci\u00f3 de la coeducaci\u00f3 i la perspectiva de g\u00e8nere a les nostres aules perqu\u00e8 contribueixin a la millora de la societat. Per aix\u00f2 volem donar a l\u2019alumnat les eines necess\u00e0ries per a desenvolupar relacions afectivosexuals sanes per prevenir la viol\u00e8ncia masclista.<\/p>\n<h2>QUI SOM?<\/h2>\n<p>Aquesta comissi\u00f3 actualment est\u00e0 formada pel seg\u00fcent equip de professorat del centre: Joan Marc Blanch Vall\u00e8s, Paulina Pladelasala, Laia Estragu\u00e9, Mireia Andrade, Manel Farfand de los Godos Pomar, Griselda Jorba, Teresa L\u00f3pez Galbe i Anna Viader Cerd\u00e0.<\/p>\n<p>Accedeix a la nostra <a href=\"https:\/\/sites.google.com\/xtec.cat\/comissi-coeducacio\/recursos\">web<\/a> de recursos!<\/p>\n","protected":false},"excerpt":{"rendered":"<p>La comissi\u00f3 de coeducaci\u00f3 es va formar durant el curs 2020-21 i \u00e9s l\u2019encarregada de fomentar l\u2019aplicaci\u00f3 de la coeducaci\u00f3 [&hellip;]<\/p>\n","protected":false},"author":4,"featured_media":0,"parent":921,"menu_order":0,"comment_status":"closed","ping_status":"closed","template":"page-templates\/side-menu.php","meta":{"_bbp_topic_count":0,"_bbp_reply_count":0,"_bbp_total_topic_count":0,"_bbp_total_reply_count":0,"_bbp_voice_count":0,"_bbp_anonymous_reply_count":0,"_bbp_topic_count_hidden":0,"_bbp_reply_count_hidden":0,"_bbp_forum_subforum_count":0,"site-sidebar-layout":"default","site-content-layout":"","ast-site-content-layout":"","site-content-style":"default","site-sidebar-style":"default","ast-global-header-display":"","ast-banner-title-visibility":"","ast-main-header-display":"","ast-hfb-above-header-display":"","ast-hfb-below-header-display":"","ast-hfb-mobile-header-display":"","site-post-title":"","ast-breadcrumbs-content":"","ast-featured-img":"","footer-sml-layout":"","theme-transparent-header-meta":"","adv-header-id-meta":"","stick-header-meta":"","header-above-stick-meta":"","header-main-stick-meta":"","header-below-stick-meta":"","astra-migrate-meta-layouts":"default","ast-page-background-enabled":"default","ast-page-background-meta":{"desktop":{"background-color":"var(--ast-global-color-4)","background-image":"","background-repeat":"repeat","background-position":"center center","background-size":"auto","background-attachment":"scroll","background-type":"","background-media":"","overlay-type":"","overlay-color":"","overlay-opacity":"","overlay-gradient":""},"tablet":{"background-color":"","background-image":"","background-repeat":"repeat","background-position":"center center","background-size":"auto","background-attachment":"scroll","background-type":"","background-media":"","overlay-type":"","overlay-color":"","overlay-opacity":"","overlay-gradient":""},"mobile":{"background-color":"","background-image":"","background-repeat":"repeat","background-position":"center center","background-size":"auto","background-attachment":"scroll","background-type":"","background-media":"","overlay-type":"","overlay-color":"","overlay-opacity":"","overlay-gradient":""}},"ast-content-background-meta":{"desktop":{"background-color":"var(--ast-global-color-5)","background-image":"","background-repeat":"repeat","background-position":"center center","background-size":"auto","background-attachment":"scroll","background-type":"","background-media":"","overlay-type":"","overlay-color":"","overlay-opacity":"","overlay-gradient":""},"tablet":{"background-color":"var(--ast-global-color-5)","background-image":"","background-repeat":"repeat","background-position":"center center","background-size":"auto","background-attachment":"scroll","background-type":"","background-media":"","overlay-type":"","overlay-color":"","overlay-opacity":"","overlay-gradient":""},"mobile":{"background-color":"var(--ast-global-color-5)","background-image":"","background-repeat":"repeat","background-position":"center center","background-size":"auto","background-attachment":"scroll","background-type":"","background-media":"","overlay-type":"","overlay-color":"","overlay-opacity":"","overlay-gradient":""}},"footnotes":""},"class_list":["post-1267","page","type-page","status-publish","hentry"],"post_mailing_queue_ids":[],"_links":{"self":[{"href":"https:\/\/agora.xtec.cat\/iesaltpenedes\/wp-json\/wp\/v2\/pages\/1267","targetHints":{"allow":["GET"]}}],"collection":[{"href":"https:\/\/agora.xtec.cat\/iesaltpenedes\/wp-json\/wp\/v2\/pages"}],"about":[{"href":"https:\/\/agora.xtec.cat\/iesaltpenedes\/wp-json\/wp\/v2\/types\/page"}],"author":[{"embeddable":true,"href":"https:\/\/agora.xtec.cat\/iesaltpenedes\/wp-json\/wp\/v2\/users\/4"}],"replies":[{"embeddable":true,"href":"https:\/\/agora.xtec.cat\/iesaltpenedes\/wp-json\/wp\/v2\/comments?post=1267"}],"version-history":[{"count":2,"href":"https:\/\/agora.xtec.cat\/iesaltpenedes\/wp-json\/wp\/v2\/pages\/1267\/revisions"}],"predecessor-version":[{"id":1269,"href":"https:\/\/agora.xtec.cat\/iesaltpenedes\/wp-json\/wp\/v2\/pages\/1267\/revisions\/1269"}],"up":[{"embeddable":true,"href":"https:\/\/agora.xtec.cat\/iesaltpenedes\/wp-json\/wp\/v2\/pages\/921"}],"wp:attachment":[{"href":"https:\/\/agora.xtec.cat\/iesaltpenedes\/wp-json\/wp\/v2\/media?parent=1267"}],"curies":[{"name":"wp","href":"https:\/\/api.w.org\/{rel}","templated":true}]}}