{"id":1007,"date":"2024-09-27T12:50:02","date_gmt":"2024-09-27T10:50:02","guid":{"rendered":"https:\/\/agora.xtec.cat\/iesaltpenedes\/?page_id=1007"},"modified":"2025-10-23T09:28:10","modified_gmt":"2025-10-23T07:28:10","slug":"afa","status":"publish","type":"page","link":"https:\/\/agora.xtec.cat\/iesaltpenedes\/participacio\/afa\/","title":{"rendered":"AFA"},"content":{"rendered":"\n<h1 class=\"wp-block-heading\">ASSOCIACI\u00d3 DE FAM\u00cdLIES D&#8217;ALUMNAT<\/h1>\n\n\n\n<p>Horari d&#8217;atenci\u00f3 al p\u00fablic: <\/p>\n\n\n\n<ul class=\"wp-block-list\">\n<li>Dilluns, dimecres i divendres: de 10:00 a 11:00<\/li>\n\n\n\n<li>Dimarts i dijous de 12:00 a 13:00<\/li>\n<\/ul>\n\n\n\n<h2 class=\"wp-block-heading\">Llibres de text &#8211; Extraescolars &#8211; Lloguer d&#8217;armariets<\/h2>\n\n\n\n<figure class=\"wp-block-image alignright\"><img decoding=\"async\" src=\"https:\/\/463344365128478901.weebly.com\/uploads\/4\/9\/8\/1\/49816005\/published\/segell-afa.jpg?1665489513\" alt=\"Picture\"\/><\/figure>\n\n\n\n<p>L\u2019AFA \u00e9s una entitat sense afany de lucre que agrupa tots els pares i mares del centre. \u200bT\u00e9 com a objectiu fonamental contribuir a la millora de la qualitat de l\u2019ensenyament que reben els nois i les noies, i funciona sobre la base del di\u00e0leg i la col\u00b7laboraci\u00f3 amb els diversos sectors de la comunitat educativa. <\/p>\n\n\n\n<p>L&#8217;AFA de l&#8217;Alt:<\/p>\n\n\n\n<div class=\"wp-block-columns is-layout-flex wp-container-core-columns-is-layout-1 wp-block-columns-is-layout-flex\">\n<div class=\"wp-block-column is-layout-flow wp-block-column-is-layout-flow\">\n<ul class=\"wp-block-list\">\n<li>gestiona el lloguer d&#8217;armariets,<\/li>\n\n\n\n<li>lliura les agendes, samarretes i carnets d&#8217;estudiants als socis i s\u00f2cies, gestiona les activitats extraescolars,<\/li>\n\n\n\n<li>gestiona la biblioteca del centre, en col\u00b7laboraci\u00f3 amb la comissi\u00f3 de Lectura del professorat,<\/li>\n\n\n\n<li>organitza les celebracions de final de curs,<\/li>\n\n\n\n<li>col\u00b7labora en les sortides i en les jornades culturals i altres activitats del centre,<\/li>\n\n\n\n<li>organitza tallers per l&#8217;alumnat,<\/li>\n\n\n\n<li>organitza xerrades per les fam\u00edlies,<\/li>\n\n\n\n<li>contribueix a la millora del material i equipament del centre,<\/li>\n\n\n\n<li>gestiona descomptes per socis a molts negocis del municipi,<\/li>\n\n\n\n<li>\u00e9s un interlocutor indispensable en la relaci\u00f3 entre centre i fam\u00edlies,<br>&#8230;i moltes coses m\u00e9s! PARTICIPA-HI!<br>Escriu-nos a afa@institutaltpenedes.cat.<\/li>\n<\/ul>\n<\/div>\n\n\n\n<div class=\"wp-block-column is-layout-flow wp-block-column-is-layout-flow\">\n<figure class=\"wp-block-image size-large\"><a href=\"https:\/\/agora.xtec.cat\/iesaltpenedes\/wp-content\/uploads\/usu1207\/2025\/06\/quota-AFA2526-1.png\"><img loading=\"lazy\" decoding=\"async\" width=\"724\" height=\"1024\" src=\"https:\/\/agora.xtec.cat\/iesaltpenedes\/wp-content\/uploads\/usu1207\/2025\/06\/quota-AFA2526-1-724x1024.png\" alt=\"\" class=\"wp-image-2771\" srcset=\"https:\/\/agora.xtec.cat\/iesaltpenedes\/wp-content\/uploads\/usu1207\/2025\/06\/quota-AFA2526-1-724x1024.png 724w, https:\/\/agora.xtec.cat\/iesaltpenedes\/wp-content\/uploads\/usu1207\/2025\/06\/quota-AFA2526-1-212x300.png 212w, https:\/\/agora.xtec.cat\/iesaltpenedes\/wp-content\/uploads\/usu1207\/2025\/06\/quota-AFA2526-1-768x1086.png 768w, https:\/\/agora.xtec.cat\/iesaltpenedes\/wp-content\/uploads\/usu1207\/2025\/06\/quota-AFA2526-1-1086x1536.png 1086w, https:\/\/agora.xtec.cat\/iesaltpenedes\/wp-content\/uploads\/usu1207\/2025\/06\/quota-AFA2526-1.png 1414w\" sizes=\"auto, (max-width: 724px) 100vw, 724px\" \/><\/a><\/figure>\n<\/div>\n<\/div>\n\n\n\n<h2 class=\"wp-block-heading\">Llibres reciclats amb Iddink <\/h2>\n\n\n\n<h2 class=\"wp-block-heading has-medium-font-size\">Retorn llibres curs 24-25<\/h2>\n\n\n\n<figure class=\"wp-block-image size-large is-resized\"><a href=\"https:\/\/agora.xtec.cat\/iesaltpenedes\/wp-content\/uploads\/usu1207\/2025\/06\/012_Cartell_Recollida_2025_page-0001-1-scaled.jpg\"><img loading=\"lazy\" decoding=\"async\" width=\"732\" height=\"1024\" src=\"https:\/\/agora.xtec.cat\/iesaltpenedes\/wp-content\/uploads\/usu1207\/2025\/06\/012_Cartell_Recollida_2025_page-0001-1-732x1024.jpg\" alt=\"\" class=\"wp-image-2671\" style=\"width:730px;height:auto\" srcset=\"https:\/\/agora.xtec.cat\/iesaltpenedes\/wp-content\/uploads\/usu1207\/2025\/06\/012_Cartell_Recollida_2025_page-0001-1-732x1024.jpg 732w, https:\/\/agora.xtec.cat\/iesaltpenedes\/wp-content\/uploads\/usu1207\/2025\/06\/012_Cartell_Recollida_2025_page-0001-1-214x300.jpg 214w, https:\/\/agora.xtec.cat\/iesaltpenedes\/wp-content\/uploads\/usu1207\/2025\/06\/012_Cartell_Recollida_2025_page-0001-1-768x1074.jpg 768w, https:\/\/agora.xtec.cat\/iesaltpenedes\/wp-content\/uploads\/usu1207\/2025\/06\/012_Cartell_Recollida_2025_page-0001-1-1098x1536.jpg 1098w, https:\/\/agora.xtec.cat\/iesaltpenedes\/wp-content\/uploads\/usu1207\/2025\/06\/012_Cartell_Recollida_2025_page-0001-1-1464x2048.jpg 1464w, https:\/\/agora.xtec.cat\/iesaltpenedes\/wp-content\/uploads\/usu1207\/2025\/06\/012_Cartell_Recollida_2025_page-0001-1-scaled.jpg 1830w\" sizes=\"auto, (max-width: 732px) 100vw, 732px\" \/><\/a><\/figure>\n\n\n\n<h2 class=\"wp-block-heading has-medium-font-size\">Comanda de llibres curs 25-26<\/h2>\n\n\n\n<div data-wp-interactive=\"core\/file\" class=\"wp-block-file\"><object data-wp-bind--hidden=\"!state.hasPdfPreview\" hidden class=\"wp-block-file__embed\" data=\"https:\/\/agora.xtec.cat\/iesaltpenedes\/wp-content\/uploads\/usu1207\/2025\/06\/iddink-llibres-25-26.pdf\" type=\"application\/pdf\" style=\"width:100%;height:630px\" aria-label=\"Incrustaci\u00f3 del fitxer iddink llibres 25-26.\"><\/object><a id=\"wp-block-file--media-113d6f5c-fe1a-4ccb-b05f-2dde6e5c3373\" href=\"https:\/\/agora.xtec.cat\/iesaltpenedes\/wp-content\/uploads\/usu1207\/2025\/06\/iddink-llibres-25-26.pdf\">iddink llibres 25-26<\/a><a href=\"https:\/\/agora.xtec.cat\/iesaltpenedes\/wp-content\/uploads\/usu1207\/2025\/06\/iddink-llibres-25-26.pdf\" class=\"wp-block-file__button wp-element-button\" download aria-describedby=\"wp-block-file--media-113d6f5c-fe1a-4ccb-b05f-2dde6e5c3373\">Baixa<\/a><\/div>\n\n\n\n<p>M\u00e9s informaci\u00f3: <a href=\"https:\/\/www.youtube.com\/@Iddinkspain\">CANAL DE YOUTUBE D&#8217;IDDINK<\/a><\/p>\n\n\n\n<h2 class=\"wp-block-heading\">Lloguer armariets 25-26<\/h2>\n\n\n\n<p>Tota la informaci\u00f3 pel lloguer d&#8217;armariets a l&#8217;arxiu i el v\u00eddeo seg\u00fcents:<\/p>\n\n\n\n<p><a href=\"https:\/\/agora.xtec.cat\/iesaltpenedes\/wp-content\/uploads\/usu1207\/2025\/06\/circular_armariets_2025-2026.pdf\">Circular armariets<\/a><\/p>\n\n\n\n<p><iframe loading=\"lazy\" title=\"Taquicel tutorial de uso de la plataforma de pago\" src=\"\/\/www.youtube.com\/embed\/5-hX3fHCcjw\" width=\"415\" height=\"263\" frameborder=\"0\" allowfullscreen=\"allowfullscreen\"><\/iframe><\/p>\n\n\n\n<h2 class=\"wp-block-heading\">Extraescolars curs 2025-26<\/h2>\n\n\n\n<ul class=\"wp-block-list\">\n<li><a href=\"https:\/\/agora.xtec.cat\/iesaltpenedes\/wp-content\/uploads\/usu1207\/2025\/07\/full-inscripcio-Extraescolars-2025-2026.pdf\"><strong>Full d&#8217;inscripci\u00f3 extraescolars 2025-26<\/strong><\/a><\/li>\n\n\n\n<li><a href=\"https:\/\/agora.xtec.cat\/iesaltpenedes\/wp-content\/uploads\/usu1207\/2025\/06\/Full-Consell-Esportiu-2025-2026.pdf\"><strong>Full consell esportiu 2025-26<\/strong><\/a><\/li>\n<\/ul>\n\n\n\n<h2 class=\"wp-block-heading\">Documentaci\u00f3 AFA &#8211; curs 2025-26<\/h2>\n\n\n\n<p><a href=\"https:\/\/agora.xtec.cat\/iesaltpenedes\/wp-content\/uploads\/usu1207\/2025\/06\/Avantatges-Que-Teniu-Amb-El-Vostre-Carnet-de-LAFA.pdf\">Avantatges que teniu amb el vostre carnet d&#8217;AFA<\/a><\/p>\n\n\n\n<p><a href=\"https:\/\/agora.xtec.cat\/iesaltpenedes\/wp-content\/uploads\/usu1207\/2025\/06\/Associacio-de-Families-dAlumnes.pdf\">Associaci\u00f3 de fam\u00edlies d&#8217;alumnes 2025-26<\/a><\/p>\n\n\n\n<p>Llibres de text: <a href=\"https:\/\/agora.xtec.cat\/iesaltpenedes\/info\/llibres-de-text\/\">Ecobooks<\/a><\/p>\n\n\n\n<hr class=\"wp-block-separator has-alpha-channel-opacity\"\/>\n\n\n\n<p>Assemblea annual AFA 2023<\/p>\n\n\n\n<p>Assemblea annual AFA 2022<\/p>\n\n\n\n<p><a href=\"https:\/\/agora.xtec.cat\/iesaltpenedes\/wp-content\/uploads\/usu1207\/2024\/09\/20211125_assemblea_anual.pdf\">Assemblea Anual AFA 2021<\/a><\/p>\n\n\n\n<p>Ordre del dia, dijous, 25 de novembre del 2021.<\/p>\n\n\n\n<p><a href=\"https:\/\/agora.xtec.cat\/iesaltpenedes\/wp-content\/uploads\/usu1207\/2024\/09\/assemblea_afa_2020.pdf\">Assemblea de l&#8217;AFA 2020<\/a><\/p>\n\n\n\n<p>Ordre del dia de l&#8217;assemblea de 25 de Novembre del 2020.<\/p>\n\n\n\n<p>&nbsp;<\/p>\n","protected":false},"excerpt":{"rendered":"<p>ASSOCIACI\u00d3 DE FAM\u00cdLIES D&#8217;ALUMNAT Horari d&#8217;atenci\u00f3 al p\u00fablic: Llibres de text &#8211; Extraescolars &#8211; Lloguer d&#8217;armariets L\u2019AFA \u00e9s una entitat [&hellip;]<\/p>\n","protected":false},"author":4,"featured_media":0,"parent":1383,"menu_order":0,"comment_status":"closed","ping_status":"closed","template":"","meta":{"_bbp_topic_count":0,"_bbp_reply_count":0,"_bbp_total_topic_count":0,"_bbp_total_reply_count":0,"_bbp_voice_count":0,"_bbp_anonymous_reply_count":0,"_bbp_topic_count_hidden":0,"_bbp_reply_count_hidden":0,"_bbp_forum_subforum_count":0,"site-sidebar-layout":"default","site-content-layout":"","ast-site-content-layout":"default","site-content-style":"default","site-sidebar-style":"default","ast-global-header-display":"","ast-banner-title-visibility":"","ast-main-header-display":"","ast-hfb-above-header-display":"","ast-hfb-below-header-display":"","ast-hfb-mobile-header-display":"","site-post-title":"","ast-breadcrumbs-content":"","ast-featured-img":"","footer-sml-layout":"","theme-transparent-header-meta":"","adv-header-id-meta":"","stick-header-meta":"","header-above-stick-meta":"","header-main-stick-meta":"","header-below-stick-meta":"","astra-migrate-meta-layouts":"set","ast-page-background-enabled":"default","ast-page-background-meta":{"desktop":{"background-color":"var(--ast-global-color-4)","background-image":"","background-repeat":"repeat","background-position":"center center","background-size":"auto","background-attachment":"scroll","background-type":"","background-media":"","overlay-type":"","overlay-color":"","overlay-opacity":"","overlay-gradient":""},"tablet":{"background-color":"","background-image":"","background-repeat":"repeat","background-position":"center center","background-size":"auto","background-attachment":"scroll","background-type":"","background-media":"","overlay-type":"","overlay-color":"","overlay-opacity":"","overlay-gradient":""},"mobile":{"background-color":"","background-image":"","background-repeat":"repeat","background-position":"center center","background-size":"auto","background-attachment":"scroll","background-type":"","background-media":"","overlay-type":"","overlay-color":"","overlay-opacity":"","overlay-gradient":""}},"ast-content-background-meta":{"desktop":{"background-color":"var(--ast-global-color-5)","background-image":"","background-repeat":"repeat","background-position":"center center","background-size":"auto","background-attachment":"scroll","background-type":"","background-media":"","overlay-type":"","overlay-color":"","overlay-opacity":"","overlay-gradient":""},"tablet":{"background-color":"var(--ast-global-color-5)","background-image":"","background-repeat":"repeat","background-position":"center center","background-size":"auto","background-attachment":"scroll","background-type":"","background-media":"","overlay-type":"","overlay-color":"","overlay-opacity":"","overlay-gradient":""},"mobile":{"background-color":"var(--ast-global-color-5)","background-image":"","background-repeat":"repeat","background-position":"center center","background-size":"auto","background-attachment":"scroll","background-type":"","background-media":"","overlay-type":"","overlay-color":"","overlay-opacity":"","overlay-gradient":""}},"footnotes":""},"class_list":["post-1007","page","type-page","status-publish","hentry"],"post_mailing_queue_ids":[],"_links":{"self":[{"href":"https:\/\/agora.xtec.cat\/iesaltpenedes\/wp-json\/wp\/v2\/pages\/1007","targetHints":{"allow":["GET"]}}],"collection":[{"href":"https:\/\/agora.xtec.cat\/iesaltpenedes\/wp-json\/wp\/v2\/pages"}],"about":[{"href":"https:\/\/agora.xtec.cat\/iesaltpenedes\/wp-json\/wp\/v2\/types\/page"}],"author":[{"embeddable":true,"href":"https:\/\/agora.xtec.cat\/iesaltpenedes\/wp-json\/wp\/v2\/users\/4"}],"replies":[{"embeddable":true,"href":"https:\/\/agora.xtec.cat\/iesaltpenedes\/wp-json\/wp\/v2\/comments?post=1007"}],"version-history":[{"count":6,"href":"https:\/\/agora.xtec.cat\/iesaltpenedes\/wp-json\/wp\/v2\/pages\/1007\/revisions"}],"predecessor-version":[{"id":3053,"href":"https:\/\/agora.xtec.cat\/iesaltpenedes\/wp-json\/wp\/v2\/pages\/1007\/revisions\/3053"}],"up":[{"embeddable":true,"href":"https:\/\/agora.xtec.cat\/iesaltpenedes\/wp-json\/wp\/v2\/pages\/1383"}],"wp:attachment":[{"href":"https:\/\/agora.xtec.cat\/iesaltpenedes\/wp-json\/wp\/v2\/media?parent=1007"}],"curies":[{"name":"wp","href":"https:\/\/api.w.org\/{rel}","templated":true}]}}