{"id":4554,"date":"2021-10-19T13:44:26","date_gmt":"2021-10-19T11:44:26","guid":{"rendered":"https:\/\/agora.xtec.cat\/iesaltbergueda\/?page_id=4554"},"modified":"2023-09-18T21:54:21","modified_gmt":"2023-09-18T19:54:21","slug":"covalidacions-singulars","status":"publish","type":"page","link":"https:\/\/agora.xtec.cat\/iesaltbergueda\/secretaria\/convalidacions-i-exempcions\/covalidacions-singulars\/","title":{"rendered":"Convalidacions singulars que resol la DGFP"},"content":{"rendered":"<p style=\"text-align: justify;\">Les sol\u00b7licituds de convalidacions singulars les\u00a0resol\u00a0la Direcci\u00f3 General de Formaci\u00f3 Professional i tamb\u00e9\u00a0totes les que no pugui resoldre el centre. Entre les convalidacions singulars que resol\u00a0la DGFP hi ha:<\/p>\n<p style=\"text-align: justify;\"><strong>Convalidacions a partir d\u2019estudis de formaci\u00f3 professional finalitzats o parcialment superats<\/strong><\/p>\n<p style=\"text-align: justify;\">Les\u00a0que no estan establertes en els decrets que estableixen els curr\u00edculums i normativa de convalidacions.<\/p>\n<p style=\"text-align: justify;\"><strong>Convalidacions a partir d\u2019estudis universitaris<\/strong><\/p>\n<p style=\"text-align: justify;\">Les convalidacions a partir d&#8217;estudis universitaris nom\u00e9s es poden aplicar a\u00a0 cr\u00e8dits, unitats formatives i m\u00f2duls professionals de cicles formatius de grau superior.<\/p>\n<p style=\"text-align: justify;\">Les assignatures d&#8217;estudis universitaris oficials que hagin estat pr\u00e8viament convalidades o reconegudes no es poden tornar a convalidar per m\u00f2duls professionals de\u00a0cicles formatius de grau superior.<\/p>\n","protected":false},"excerpt":{"rendered":"<p>Les sol\u00b7licituds de convalidacions singulars les\u00a0resol\u00a0la Direcci\u00f3 General de Formaci\u00f3 Professional i tamb\u00e9\u00a0totes les que no pugui resoldre el centre. Entre les convalidacions singulars que resol\u00a0la DGFP hi ha: Convalidacions a partir d\u2019estudis de formaci\u00f3 professional finalitzats o parcialment superats Les\u00a0que no estan establertes en els decrets que estableixen els curr\u00edculums i normativa de convalidacions. [&hellip;]<\/p>\n","protected":false},"author":1,"featured_media":0,"parent":3532,"menu_order":0,"comment_status":"closed","ping_status":"closed","template":"page-templates\/side-menu.php","meta":{"_bbp_topic_count":0,"_bbp_reply_count":0,"_bbp_total_topic_count":0,"_bbp_total_reply_count":0,"_bbp_voice_count":0,"_bbp_anonymous_reply_count":0,"_bbp_topic_count_hidden":0,"_bbp_reply_count_hidden":0,"_bbp_forum_subforum_count":0,"site-sidebar-layout":"default","site-content-layout":"","ast-site-content-layout":"","site-content-style":"default","site-sidebar-style":"default","ast-global-header-display":"","ast-banner-title-visibility":"","ast-main-header-display":"","ast-hfb-above-header-display":"","ast-hfb-below-header-display":"","ast-hfb-mobile-header-display":"","site-post-title":"","ast-breadcrumbs-content":"","ast-featured-img":"","footer-sml-layout":"","theme-transparent-header-meta":"","adv-header-id-meta":"","stick-header-meta":"","header-above-stick-meta":"","header-main-stick-meta":"","header-below-stick-meta":"","astra-migrate-meta-layouts":"default","ast-page-background-enabled":"default","ast-page-background-meta":{"desktop":{"background-color":"var(--ast-global-color-4)","background-image":"","background-repeat":"repeat","background-position":"center center","background-size":"auto","background-attachment":"scroll","background-type":"","background-media":"","overlay-type":"","overlay-color":"","overlay-opacity":"","overlay-gradient":""},"tablet":{"background-color":"","background-image":"","background-repeat":"repeat","background-position":"center center","background-size":"auto","background-attachment":"scroll","background-type":"","background-media":"","overlay-type":"","overlay-color":"","overlay-opacity":"","overlay-gradient":""},"mobile":{"background-color":"","background-image":"","background-repeat":"repeat","background-position":"center center","background-size":"auto","background-attachment":"scroll","background-type":"","background-media":"","overlay-type":"","overlay-color":"","overlay-opacity":"","overlay-gradient":""}},"ast-content-background-meta":{"desktop":{"background-color":"var(--ast-global-color-5)","background-image":"","background-repeat":"repeat","background-position":"center center","background-size":"auto","background-attachment":"scroll","background-type":"","background-media":"","overlay-type":"","overlay-color":"","overlay-opacity":"","overlay-gradient":""},"tablet":{"background-color":"var(--ast-global-color-5)","background-image":"","background-repeat":"repeat","background-position":"center center","background-size":"auto","background-attachment":"scroll","background-type":"","background-media":"","overlay-type":"","overlay-color":"","overlay-opacity":"","overlay-gradient":""},"mobile":{"background-color":"var(--ast-global-color-5)","background-image":"","background-repeat":"repeat","background-position":"center center","background-size":"auto","background-attachment":"scroll","background-type":"","background-media":"","overlay-type":"","overlay-color":"","overlay-opacity":"","overlay-gradient":""}},"footnotes":""},"class_list":["post-4554","page","type-page","status-publish","hentry"],"post_mailing_queue_ids":[],"_links":{"self":[{"href":"https:\/\/agora.xtec.cat\/iesaltbergueda\/wp-json\/wp\/v2\/pages\/4554","targetHints":{"allow":["GET"]}}],"collection":[{"href":"https:\/\/agora.xtec.cat\/iesaltbergueda\/wp-json\/wp\/v2\/pages"}],"about":[{"href":"https:\/\/agora.xtec.cat\/iesaltbergueda\/wp-json\/wp\/v2\/types\/page"}],"author":[{"embeddable":true,"href":"https:\/\/agora.xtec.cat\/iesaltbergueda\/wp-json\/wp\/v2\/users\/1"}],"replies":[{"embeddable":true,"href":"https:\/\/agora.xtec.cat\/iesaltbergueda\/wp-json\/wp\/v2\/comments?post=4554"}],"version-history":[{"count":4,"href":"https:\/\/agora.xtec.cat\/iesaltbergueda\/wp-json\/wp\/v2\/pages\/4554\/revisions"}],"predecessor-version":[{"id":6473,"href":"https:\/\/agora.xtec.cat\/iesaltbergueda\/wp-json\/wp\/v2\/pages\/4554\/revisions\/6473"}],"up":[{"embeddable":true,"href":"https:\/\/agora.xtec.cat\/iesaltbergueda\/wp-json\/wp\/v2\/pages\/3532"}],"wp:attachment":[{"href":"https:\/\/agora.xtec.cat\/iesaltbergueda\/wp-json\/wp\/v2\/media?parent=4554"}],"curies":[{"name":"wp","href":"https:\/\/api.w.org\/{rel}","templated":true}]}}