{"id":4552,"date":"2021-10-19T13:44:06","date_gmt":"2021-10-19T11:44:06","guid":{"rendered":"https:\/\/agora.xtec.cat\/iesaltbergueda\/?page_id=4552"},"modified":"2025-09-15T10:49:19","modified_gmt":"2025-09-15T08:49:19","slug":"convalidacions-directes","status":"publish","type":"page","link":"https:\/\/agora.xtec.cat\/iesaltbergueda\/secretaria\/convalidacions-i-exempcions\/convalidacions-directes\/","title":{"rendered":"Convalidacions directes que resol el centre educatiu"},"content":{"rendered":"<p>El\u00a0<strong>centre educatiu pot resoldre les sol\u00b7licituds de convalidacions que ja estan establertes en els decrets que estableixen els curr\u00edculums i normativa de convalidacions.<\/strong>\u00a0Les situacions de convalidacions d\u2019aplicaci\u00f3 directa per part del centre s\u00f3n:<\/p>\n<p>\u200b<strong>1.\u00a0Convalidacions a partir d\u2019estudis de\u200b formaci\u00f3 professional finalitzats o parcialment superats\u200b<\/strong><\/p>\n<p>En general, es poden convalidar m\u00f2duls professionals i unitats formatives a partir de la normativa publicada (<a title=\"Ves al BOE\" href=\"https:\/\/boe.es\/buscar\/doc.php?id=BOE-A-2020-17274\" target=\"_blank\" rel=\"noopener\">Reial decret 1085\/2020<\/a>).<\/p>\n<p><strong>2. \u200bConvalidacions a\u00a0partir del programa &#8220;Qualifica&#8217;t&#8221;\u00a0 o del reconeixement acad\u00e8mic dels aprenentatges assolits mitjan\u00e7ant l&#8217;experi\u00e8ncia laboral o en activitats socials<\/strong><\/p>\n<p><strong>3.\u00a0Convalidacions de m\u00f2duls professionals pel fet de tenir unitats de compet\u00e8ncia acreditades<\/strong><\/p>\n<p>La unitat de compet\u00e8ncia \u00e9s l\u2019element de transfer\u00e8ncia i reconeixement entre les diferents formacions de la formaci\u00f3 professional.<\/p>\n<p>En els reials decrets i en els decrets o ordres de curr\u00edculum hi ha establerta la relaci\u00f3 de les unitats de compet\u00e8ncia amb els m\u00f2duls professionals\u00a0\u200bde cadascun dels t\u00edtols.<\/p>\n<p>Cal aportar algun dels documents seg\u00fcents:<\/p>\n<ul>\n<li>Certificaci\u00f3 oficial de l&#8217;Administraci\u00f3 competent, si les unitats de compet\u00e8ncia han estat adquirides mitjan\u00e7ant un procediment d&#8217;avaluaci\u00f3 i acreditaci\u00f3 de les compet\u00e8ncies professionals que estableix el\u00a0<a title=\"Ves al BOE\" href=\"https:\/\/boe.es\/buscar\/doc.php?id=BOE-A-2009-13781\" target=\"_blank\" rel=\"noopener\">Reial decret 1224\/2009\u200b<\/a>, de 17 de juliol, de reconeixement de les compet\u00e8ncies professionals adquirides per experi\u00e8ncia laboral.<\/li>\n<li>Certificat de professionalitat expedit per l&#8217;Administraci\u00f3 laboral competent, obtingut d&#8217;acord amb el que estableix el\u00a0<a title=\"Ves al BOE\" href=\"https:\/\/boe.es\/buscar\/doc.php?id=BOE-A-2008-1628\" target=\"_blank\" rel=\"noopener\">Reial\u00a0decret 34\/2008\u200b<\/a>, de 18 de gener, pel qual es regulen els certificats de professionalitat.<\/li>\n<\/ul>\n<p><strong>4. Convalidacions de les unitats formatives en llengua estrangera<\/strong><\/p>\n<p>El m\u00f2dul d&#8217;Angl\u00e8s professional, sempre que es tracti de la mateixa llengua, \u00e9s\u00a0objecte de convalidaci\u00f3 amb m\u00f2duls professionals o certificacions acad\u00e8miques oficials de nivell avan\u00e7at B2, per a cicles formatius de grau superior, de nivell intermedi B1 o superior, per a cicles formatius de grau mitj\u00e0, i titulacions universit\u00e0ries oficials en Filologia o Traducci\u00f3 i Interpretaci\u00f3, de la mateixa especialitat que la llengua estrangera que es desitja convalidar.<\/p>\n<p>S\u2019aplica la\u00a0<a title=\"Ves al DOGC\" href=\"https:\/\/dogc.gencat.cat\/ca\/document-del-dogc\/?documentId=903200\" target=\"_blank\" rel=\"noopener\">Resoluci\u00f3\u00a0EDU\/1714\/2021\u200b<\/a>, de 3 de juny, d&#8217;actualitzaci\u00f3 de t\u00edtols, diplomes i certificats d&#8217;acreditaci\u00f3 de la compet\u00e8ncia en lleng\u00fces estrangeres en l&#8217;\u00e0mbit del Departament d&#8217;Educaci\u00f3, que estableix les equival\u00e8ncies de t\u00edtols.<\/p>\n<p><strong><span style=\"color: #000000;\">Aquests m\u00f2duls convalidats no portaran assignada cap qualificaci\u00f3, constaran com a convalidats i no computen a efectes del c\u00e0lcul de la nota mitjana.<\/span><\/strong><\/p>\n<p><strong>5. Convalidacions relacionades amb els m\u00f2duls d&#8217;Itinerari Personal per a l&#8217;Ocupabilitat I i II:<\/strong><\/p>\n<p>En el cas del m\u00f2duls d&#8217;Itinerari Personal per a l&#8217;Ocupabilitat I i II, tot i ser contextualitzats en cadascun dels cicles formatius, es convaliden (si aix\u00ed ho sol\u00b7licita l&#8217;alumne o alumnat) i es trasllada la qualificaci\u00f3 obtinguda al m\u00f2dul professional superat.<\/p>\n<p>Aix\u00ed mateix, la convalidaci\u00f3 d&#8217;aquests dos m\u00f2duls professionals \u00e9s total si s&#8217;ha cursat els m\u00f2duls professionals del pla d&#8217;estudis en extinci\u00f3 de Formaci\u00f3 i Orientaci\u00f3 Laboral i d&#8217;Empresa i Iniciativa Emprenedora, i es trasllada la qualificaci\u00f3 obtinguda als m\u00f2duls professionals superats.<\/p>\n<p><strong>Els m\u00f2duls professionals que s&#8217;hagin convalidat pr\u00e8viament no poden ser aportats per sol\u00b7licitar la convalidaci\u00f3 d&#8217;altres m\u00f2duls professionals.<\/strong><\/p>\n<p><strong>El m\u00f2dul professional de Projecte Intermodular no \u00e9s objecte de convalidaci\u00f3.\u00a0<\/strong><\/p>\n<p><strong>L&#8217;estada a l&#8217;Empresa\u00a0 no es pot convalidar, per\u00f2 s\u00ed que pot ser objecte d&#8217;exempci\u00f3 total o parcial.<\/strong><\/p>\n<div><\/div>\n<p><span style=\"color: #008000;\"><strong style=\"font-family: inherit; font-size: 1em;\">Sol\u00b7licitud i termini de presentaci\u00f3:<\/strong><\/span><\/p>\n<p style=\"text-align: justify;\">La<a href=\"https:\/\/agora.xtec.cat\/iesaltbergueda\/wp-content\/uploads\/usu1645\/2022\/09\/Model-Sollicitud-alumne-1.pdf\"> sol\u00b7licitud (cal clicar l&#8217;enlla\u00e7) <\/a>es presenta a secretaria, juntament amb la documentaci\u00f3 requerida en cada cas, i la resoldr\u00e0 el\/la director\/a del centre segons la normativa vigent. <span style=\"font-family: inherit; font-size: 1em;\">La sol\u00b7licitud s&#8217;ha de presentar a secretaria <span style=\"color: #008000;\"><strong>abans del dia 30 de setembre<\/strong>.<\/span><\/span><\/p>\n","protected":false},"excerpt":{"rendered":"<p>El\u00a0centre educatiu pot resoldre les sol\u00b7licituds de convalidacions que ja estan establertes en els decrets que estableixen els curr\u00edculums i normativa de convalidacions.\u00a0Les situacions de convalidacions d\u2019aplicaci\u00f3 directa per part del centre s\u00f3n: \u200b1.\u00a0Convalidacions a partir d\u2019estudis de\u200b formaci\u00f3 professional finalitzats o parcialment superats\u200b En general, es poden convalidar m\u00f2duls professionals i unitats formatives a [&hellip;]<\/p>\n","protected":false},"author":1,"featured_media":0,"parent":3532,"menu_order":0,"comment_status":"closed","ping_status":"closed","template":"page-templates\/side-menu.php","meta":{"_bbp_topic_count":0,"_bbp_reply_count":0,"_bbp_total_topic_count":0,"_bbp_total_reply_count":0,"_bbp_voice_count":0,"_bbp_anonymous_reply_count":0,"_bbp_topic_count_hidden":0,"_bbp_reply_count_hidden":0,"_bbp_forum_subforum_count":0,"site-sidebar-layout":"default","site-content-layout":"","ast-site-content-layout":"","site-content-style":"default","site-sidebar-style":"default","ast-global-header-display":"","ast-banner-title-visibility":"","ast-main-header-display":"","ast-hfb-above-header-display":"","ast-hfb-below-header-display":"","ast-hfb-mobile-header-display":"","site-post-title":"","ast-breadcrumbs-content":"","ast-featured-img":"","footer-sml-layout":"","theme-transparent-header-meta":"","adv-header-id-meta":"","stick-header-meta":"","header-above-stick-meta":"","header-main-stick-meta":"","header-below-stick-meta":"","astra-migrate-meta-layouts":"default","ast-page-background-enabled":"default","ast-page-background-meta":{"desktop":{"background-color":"var(--ast-global-color-4)","background-image":"","background-repeat":"repeat","background-position":"center center","background-size":"auto","background-attachment":"scroll","background-type":"","background-media":"","overlay-type":"","overlay-color":"","overlay-opacity":"","overlay-gradient":""},"tablet":{"background-color":"","background-image":"","background-repeat":"repeat","background-position":"center center","background-size":"auto","background-attachment":"scroll","background-type":"","background-media":"","overlay-type":"","overlay-color":"","overlay-opacity":"","overlay-gradient":""},"mobile":{"background-color":"","background-image":"","background-repeat":"repeat","background-position":"center center","background-size":"auto","background-attachment":"scroll","background-type":"","background-media":"","overlay-type":"","overlay-color":"","overlay-opacity":"","overlay-gradient":""}},"ast-content-background-meta":{"desktop":{"background-color":"var(--ast-global-color-5)","background-image":"","background-repeat":"repeat","background-position":"center center","background-size":"auto","background-attachment":"scroll","background-type":"","background-media":"","overlay-type":"","overlay-color":"","overlay-opacity":"","overlay-gradient":""},"tablet":{"background-color":"var(--ast-global-color-5)","background-image":"","background-repeat":"repeat","background-position":"center center","background-size":"auto","background-attachment":"scroll","background-type":"","background-media":"","overlay-type":"","overlay-color":"","overlay-opacity":"","overlay-gradient":""},"mobile":{"background-color":"var(--ast-global-color-5)","background-image":"","background-repeat":"repeat","background-position":"center center","background-size":"auto","background-attachment":"scroll","background-type":"","background-media":"","overlay-type":"","overlay-color":"","overlay-opacity":"","overlay-gradient":""}},"footnotes":""},"class_list":["post-4552","page","type-page","status-publish","hentry"],"post_mailing_queue_ids":[],"_links":{"self":[{"href":"https:\/\/agora.xtec.cat\/iesaltbergueda\/wp-json\/wp\/v2\/pages\/4552","targetHints":{"allow":["GET"]}}],"collection":[{"href":"https:\/\/agora.xtec.cat\/iesaltbergueda\/wp-json\/wp\/v2\/pages"}],"about":[{"href":"https:\/\/agora.xtec.cat\/iesaltbergueda\/wp-json\/wp\/v2\/types\/page"}],"author":[{"embeddable":true,"href":"https:\/\/agora.xtec.cat\/iesaltbergueda\/wp-json\/wp\/v2\/users\/1"}],"replies":[{"embeddable":true,"href":"https:\/\/agora.xtec.cat\/iesaltbergueda\/wp-json\/wp\/v2\/comments?post=4552"}],"version-history":[{"count":6,"href":"https:\/\/agora.xtec.cat\/iesaltbergueda\/wp-json\/wp\/v2\/pages\/4552\/revisions"}],"predecessor-version":[{"id":8224,"href":"https:\/\/agora.xtec.cat\/iesaltbergueda\/wp-json\/wp\/v2\/pages\/4552\/revisions\/8224"}],"up":[{"embeddable":true,"href":"https:\/\/agora.xtec.cat\/iesaltbergueda\/wp-json\/wp\/v2\/pages\/3532"}],"wp:attachment":[{"href":"https:\/\/agora.xtec.cat\/iesaltbergueda\/wp-json\/wp\/v2\/media?parent=4552"}],"curies":[{"name":"wp","href":"https:\/\/api.w.org\/{rel}","templated":true}]}}