{"id":1655,"date":"2019-03-25T19:09:41","date_gmt":"2019-03-25T18:09:41","guid":{"rendered":"http:\/\/agora.xtec.cat\/iesaltbergueda\/?page_id=1655"},"modified":"2019-03-25T19:21:59","modified_gmt":"2019-03-25T18:21:59","slug":"continuitat","status":"publish","type":"page","link":"https:\/\/agora.xtec.cat\/iesaltbergueda\/eso\/continuitat\/","title":{"rendered":"Continu\u00eftat"},"content":{"rendered":"<div class=\"CS_fFons_DestaquemB CS_fFons_DestaquemB2\">\n<div id=\"div_05\" class=\"CS_paddingTop10 nomargeleft display\">\n<div class=\"FW_bColCos dotted\">\n<p>Els alumnes que obtenen el t\u00edtol de graduat o graduada en ESO poden accedir al batxillerat o b\u00e9 a un cicle formatiu de grau mitj\u00e0 de formaci\u00f3 professional, d&#8217;ensenyaments esportius (si se supera\u00a0la prova espec\u00edfica d&#8217;acc\u00e9s)\u00a0o d&#8217;arts pl\u00e0stiques i disseny.<\/p>\n<p>A partir dels 16 anys, si no es t\u00e9 el t\u00edtol de graduat o graduada en ESO, es pot accedir als estudis seg\u00fcents:<\/p>\n<ul>\n<li>els programes de formaci\u00f3 i inserci\u00f3 (PFI)<\/li>\n<li>la formaci\u00f3 de persones adultes<\/li>\n<\/ul>\n<p>Si no es t\u00e9 el t\u00edtol de graduat o graduada en ESO, a partir dels 17 anys es pot accedir als cicles formatius de grau mitj\u00e0 (si se supera la prova d&#8217;acc\u00e9s).<\/p>\n<p>A partir dels 18 anys, si s&#8217;ha cursat 4t d&#8217;ESO i es tenen com a m\u00e0xim cinc mat\u00e8ries amb avaluaci\u00f3 negativa, en el mateix centre i durant els dos anys seg\u00fcents, es pot accedir a la convocat\u00f2ria anual per superar-les i aix\u00ed obtenir el graduat en ESO. En determinats casos el requisit d&#8217;edat pot ser inferior als 18 anys.<\/p>\n<p>A m\u00e9s, a partir dels 18 anys es t\u00e9 acc\u00e9s a la prova lliure per obtenir el t\u00edtol de graduat o graduada en ESO.<\/p>\n<p>Un cop acabada l&#8217;ESO tamb\u00e9 es pot accedir al m\u00f3n laboral.<\/p>\n<\/div>\n<\/div>\n<\/div>\n<div class=\"CS_fFons_DestaquemPeu CS_fFons_DestaquemPeu2\"><\/div>\n","protected":false},"excerpt":{"rendered":"<p>Els alumnes que obtenen el t\u00edtol de graduat o graduada en ESO poden accedir al batxillerat o b\u00e9 a un cicle formatiu de grau mitj\u00e0 de formaci\u00f3 professional, d&#8217;ensenyaments esportius (si se supera\u00a0la prova espec\u00edfica d&#8217;acc\u00e9s)\u00a0o d&#8217;arts pl\u00e0stiques i disseny. A partir dels 16 anys, si no es t\u00e9 el t\u00edtol de graduat o graduada [&hellip;]<\/p>\n","protected":false},"author":1,"featured_media":0,"parent":1645,"menu_order":3,"comment_status":"closed","ping_status":"closed","template":"page-templates\/side-menu.php","meta":{"_bbp_topic_count":0,"_bbp_reply_count":0,"_bbp_total_topic_count":0,"_bbp_total_reply_count":0,"_bbp_voice_count":0,"_bbp_anonymous_reply_count":0,"_bbp_topic_count_hidden":0,"_bbp_reply_count_hidden":0,"_bbp_forum_subforum_count":0,"site-sidebar-layout":"default","site-content-layout":"","ast-site-content-layout":"","site-content-style":"default","site-sidebar-style":"default","ast-global-header-display":"","ast-banner-title-visibility":"","ast-main-header-display":"","ast-hfb-above-header-display":"","ast-hfb-below-header-display":"","ast-hfb-mobile-header-display":"","site-post-title":"","ast-breadcrumbs-content":"","ast-featured-img":"","footer-sml-layout":"","theme-transparent-header-meta":"","adv-header-id-meta":"","stick-header-meta":"","header-above-stick-meta":"","header-main-stick-meta":"","header-below-stick-meta":"","astra-migrate-meta-layouts":"default","ast-page-background-enabled":"default","ast-page-background-meta":{"desktop":{"background-color":"var(--ast-global-color-4)","background-image":"","background-repeat":"repeat","background-position":"center center","background-size":"auto","background-attachment":"scroll","background-type":"","background-media":"","overlay-type":"","overlay-color":"","overlay-opacity":"","overlay-gradient":""},"tablet":{"background-color":"","background-image":"","background-repeat":"repeat","background-position":"center center","background-size":"auto","background-attachment":"scroll","background-type":"","background-media":"","overlay-type":"","overlay-color":"","overlay-opacity":"","overlay-gradient":""},"mobile":{"background-color":"","background-image":"","background-repeat":"repeat","background-position":"center center","background-size":"auto","background-attachment":"scroll","background-type":"","background-media":"","overlay-type":"","overlay-color":"","overlay-opacity":"","overlay-gradient":""}},"ast-content-background-meta":{"desktop":{"background-color":"var(--ast-global-color-5)","background-image":"","background-repeat":"repeat","background-position":"center center","background-size":"auto","background-attachment":"scroll","background-type":"","background-media":"","overlay-type":"","overlay-color":"","overlay-opacity":"","overlay-gradient":""},"tablet":{"background-color":"var(--ast-global-color-5)","background-image":"","background-repeat":"repeat","background-position":"center center","background-size":"auto","background-attachment":"scroll","background-type":"","background-media":"","overlay-type":"","overlay-color":"","overlay-opacity":"","overlay-gradient":""},"mobile":{"background-color":"var(--ast-global-color-5)","background-image":"","background-repeat":"repeat","background-position":"center center","background-size":"auto","background-attachment":"scroll","background-type":"","background-media":"","overlay-type":"","overlay-color":"","overlay-opacity":"","overlay-gradient":""}},"footnotes":""},"class_list":["post-1655","page","type-page","status-publish","hentry"],"post_mailing_queue_ids":[],"_links":{"self":[{"href":"https:\/\/agora.xtec.cat\/iesaltbergueda\/wp-json\/wp\/v2\/pages\/1655","targetHints":{"allow":["GET"]}}],"collection":[{"href":"https:\/\/agora.xtec.cat\/iesaltbergueda\/wp-json\/wp\/v2\/pages"}],"about":[{"href":"https:\/\/agora.xtec.cat\/iesaltbergueda\/wp-json\/wp\/v2\/types\/page"}],"author":[{"embeddable":true,"href":"https:\/\/agora.xtec.cat\/iesaltbergueda\/wp-json\/wp\/v2\/users\/1"}],"replies":[{"embeddable":true,"href":"https:\/\/agora.xtec.cat\/iesaltbergueda\/wp-json\/wp\/v2\/comments?post=1655"}],"version-history":[{"count":1,"href":"https:\/\/agora.xtec.cat\/iesaltbergueda\/wp-json\/wp\/v2\/pages\/1655\/revisions"}],"predecessor-version":[{"id":1656,"href":"https:\/\/agora.xtec.cat\/iesaltbergueda\/wp-json\/wp\/v2\/pages\/1655\/revisions\/1656"}],"up":[{"embeddable":true,"href":"https:\/\/agora.xtec.cat\/iesaltbergueda\/wp-json\/wp\/v2\/pages\/1645"}],"wp:attachment":[{"href":"https:\/\/agora.xtec.cat\/iesaltbergueda\/wp-json\/wp\/v2\/media?parent=1655"}],"curies":[{"name":"wp","href":"https:\/\/api.w.org\/{rel}","templated":true}]}}