{"id":1626,"date":"2019-03-25T13:19:48","date_gmt":"2019-03-25T12:19:48","guid":{"rendered":"http:\/\/agora.xtec.cat\/iesaltbergueda\/?page_id=1626"},"modified":"2024-09-22T18:33:13","modified_gmt":"2024-09-22T16:33:13","slug":"continuitat","status":"publish","type":"page","link":"https:\/\/agora.xtec.cat\/iesaltbergueda\/cafemn\/continuitat\/","title":{"rendered":"Continu\u00eftat"},"content":{"rendered":"<h3>Sortides acad\u00e8miques<\/h3>\n<p>Les persones que superen el cicle formatiu de\u00a0<strong>grau mitj\u00e0<\/strong>\u00a0obtenen un t\u00edtol de t\u00e8cnic, que els permet accedir:<\/p>\n<ul>\n<li>al batxillerat,<\/li>\n<li>a un cicle de grau superior de formaci\u00f3 professional,<\/li>\n<li>al m\u00f3n laboral.<\/li>\n<\/ul>\n<h3>Sortides professionals<\/h3>\n<p>La superaci\u00f3 d&#8217;aquest cicle formatiu permet accedir al\u00a0<strong>m\u00f3n laboral<\/strong>\u00a0com a:<\/p>\n<p>\u2022 dissenyador o dissenyadora d&#8217;itineraris terrestres fins a muntanya mitjana;<br \/>\n\u2022 dissenyador o dissenyadora d&#8217;itineraris eq\u00fcestres fins a muntanya mitjana;<br \/>\n\u2022 dissenyador o dissenyadora d&#8217;itineraris amb bicicleta per terrenys de fins a muntanya mitjana;<br \/>\n\u2022 dissenyador o dissenyadora d&#8217;itineraris pel mitj\u00e0 aqu\u00e0tic en embarcacions d&#8217;esbarjo exemptes de despatx;<br \/>\n\u2022 dissenyador o dissenyadora i organitzador o organitzadora d&#8217;activitats fisicoesportives recreatives<br \/>\nguiades pel medi natural;<br \/>\n\u2022 encarregat o encarregada de prevenci\u00f3 i seguretat en rutes i esdeveniments amb bicicleta;<br \/>\n\u2022 encarregat o encarregada de prevenci\u00f3 i seguretat en rutes i esdeveniments eq\u00fcestres;<br \/>\n\u2022 guia en activitats de senderisme, muntanyisme per muntanya baixa i mitjana, travessia per muntanya baixa i mitjana, i rutes nevades tipus n\u00f2rdic amb raquetes;<br \/>\n\u2022 guia de barrancs de dificultat baixa;<br \/>\n\u2022 guia d&#8217;espeleologia de dificultat baixa;<br \/>\n\u2022 guia d&#8217;itineraris amb bicicleta de muntanya;<br \/>\n\u2022 guia d&#8217;itineraris de cicloturisme;<br \/>\n\u2022 guia d&#8217;itineraris a cavall;<br \/>\n\u2022 guia d&#8217;itineraris pel mitj\u00e0 aqu\u00e0tic en embarcacions d&#8217;esbarjo exemptes de despatx;<br \/>\n\u2022 monitor o monitora de temps lliure educatiu infantil i juvenil;<br \/>\n\u2022 monitor o monitora de campaments, d&#8217;albergs de joventut, de cases de col\u00f2nies, de granges escoles, i d&#8217;aules i escoles de natura;<br \/>\n\u2022 monitor o monitora d&#8217;activitats en el marc escolar;<br \/>\n\u2022 monitor o monitora d&#8217;instal\u00b7lacions d&#8217;oci i aventura;<br \/>\n\u2022 socorrista en llacs i embassaments;<br \/>\n\u2022 socorrista de suport en unitats d&#8217;intervenci\u00f3 aqu\u00e0tica;<br \/>\n\u2022 socorrista en activitats aqu\u00e0tiques en l&#8217;entorn natural;<br \/>\n\u2022 socorrista en activitats n\u00e0utiques i esportives;<br \/>\n\u2022 socorrista en platges fluvials.<\/p>\n","protected":false},"excerpt":{"rendered":"<p>Sortides acad\u00e8miques Les persones que superen el cicle formatiu de\u00a0grau mitj\u00e0\u00a0obtenen un t\u00edtol de t\u00e8cnic, que els permet accedir: al batxillerat, a un cicle de grau superior de formaci\u00f3 professional, al m\u00f3n laboral. Sortides professionals La superaci\u00f3 d&#8217;aquest cicle formatiu permet accedir al\u00a0m\u00f3n laboral\u00a0com a: \u2022 dissenyador o dissenyadora d&#8217;itineraris terrestres fins a muntanya mitjana; [&hellip;]<\/p>\n","protected":false},"author":1,"featured_media":0,"parent":1066,"menu_order":4,"comment_status":"closed","ping_status":"closed","template":"page-templates\/side-menu.php","meta":{"_bbp_topic_count":0,"_bbp_reply_count":0,"_bbp_total_topic_count":0,"_bbp_total_reply_count":0,"_bbp_voice_count":0,"_bbp_anonymous_reply_count":0,"_bbp_topic_count_hidden":0,"_bbp_reply_count_hidden":0,"_bbp_forum_subforum_count":0,"site-sidebar-layout":"default","site-content-layout":"","ast-site-content-layout":"","site-content-style":"default","site-sidebar-style":"default","ast-global-header-display":"","ast-banner-title-visibility":"","ast-main-header-display":"","ast-hfb-above-header-display":"","ast-hfb-below-header-display":"","ast-hfb-mobile-header-display":"","site-post-title":"","ast-breadcrumbs-content":"","ast-featured-img":"","footer-sml-layout":"","theme-transparent-header-meta":"","adv-header-id-meta":"","stick-header-meta":"","header-above-stick-meta":"","header-main-stick-meta":"","header-below-stick-meta":"","astra-migrate-meta-layouts":"default","ast-page-background-enabled":"default","ast-page-background-meta":{"desktop":{"background-color":"var(--ast-global-color-4)","background-image":"","background-repeat":"repeat","background-position":"center center","background-size":"auto","background-attachment":"scroll","background-type":"","background-media":"","overlay-type":"","overlay-color":"","overlay-opacity":"","overlay-gradient":""},"tablet":{"background-color":"","background-image":"","background-repeat":"repeat","background-position":"center center","background-size":"auto","background-attachment":"scroll","background-type":"","background-media":"","overlay-type":"","overlay-color":"","overlay-opacity":"","overlay-gradient":""},"mobile":{"background-color":"","background-image":"","background-repeat":"repeat","background-position":"center center","background-size":"auto","background-attachment":"scroll","background-type":"","background-media":"","overlay-type":"","overlay-color":"","overlay-opacity":"","overlay-gradient":""}},"ast-content-background-meta":{"desktop":{"background-color":"var(--ast-global-color-5)","background-image":"","background-repeat":"repeat","background-position":"center center","background-size":"auto","background-attachment":"scroll","background-type":"","background-media":"","overlay-type":"","overlay-color":"","overlay-opacity":"","overlay-gradient":""},"tablet":{"background-color":"var(--ast-global-color-5)","background-image":"","background-repeat":"repeat","background-position":"center center","background-size":"auto","background-attachment":"scroll","background-type":"","background-media":"","overlay-type":"","overlay-color":"","overlay-opacity":"","overlay-gradient":""},"mobile":{"background-color":"var(--ast-global-color-5)","background-image":"","background-repeat":"repeat","background-position":"center center","background-size":"auto","background-attachment":"scroll","background-type":"","background-media":"","overlay-type":"","overlay-color":"","overlay-opacity":"","overlay-gradient":""}},"footnotes":""},"class_list":["post-1626","page","type-page","status-publish","hentry"],"post_mailing_queue_ids":[],"_links":{"self":[{"href":"https:\/\/agora.xtec.cat\/iesaltbergueda\/wp-json\/wp\/v2\/pages\/1626","targetHints":{"allow":["GET"]}}],"collection":[{"href":"https:\/\/agora.xtec.cat\/iesaltbergueda\/wp-json\/wp\/v2\/pages"}],"about":[{"href":"https:\/\/agora.xtec.cat\/iesaltbergueda\/wp-json\/wp\/v2\/types\/page"}],"author":[{"embeddable":true,"href":"https:\/\/agora.xtec.cat\/iesaltbergueda\/wp-json\/wp\/v2\/users\/1"}],"replies":[{"embeddable":true,"href":"https:\/\/agora.xtec.cat\/iesaltbergueda\/wp-json\/wp\/v2\/comments?post=1626"}],"version-history":[{"count":4,"href":"https:\/\/agora.xtec.cat\/iesaltbergueda\/wp-json\/wp\/v2\/pages\/1626\/revisions"}],"predecessor-version":[{"id":7350,"href":"https:\/\/agora.xtec.cat\/iesaltbergueda\/wp-json\/wp\/v2\/pages\/1626\/revisions\/7350"}],"up":[{"embeddable":true,"href":"https:\/\/agora.xtec.cat\/iesaltbergueda\/wp-json\/wp\/v2\/pages\/1066"}],"wp:attachment":[{"href":"https:\/\/agora.xtec.cat\/iesaltbergueda\/wp-json\/wp\/v2\/media?parent=1626"}],"curies":[{"name":"wp","href":"https:\/\/api.w.org\/{rel}","templated":true}]}}