{"id":5637,"date":"2025-06-26T23:33:37","date_gmt":"2025-06-26T21:33:37","guid":{"rendered":"https:\/\/agora.xtec.cat\/iesalmenar\/?page_id=5637"},"modified":"2025-06-26T23:40:24","modified_gmt":"2025-06-26T21:40:24","slug":"2025-26","status":"publish","type":"page","link":"https:\/\/agora.xtec.cat\/iesalmenar\/2025-26\/","title":{"rendered":"2025\/26"},"content":{"rendered":"<ul>\n<li><a href=\"https:\/\/drive.google.com\/file\/d\/1Zb-jycPbzikMFV_o1PXJbvmCYD-qX9qb\/view?usp=sharing\" target=\"_blank\" rel=\"noopener\">Criteris de selecci\u00f3<\/a><\/li>\n<li>Puntuaci\u00f3 provisional- proc\u00e9s de selecci\u00f3<\/li>\n<\/ul>\n","protected":false},"excerpt":{"rendered":"<ul>\n<li><a href=\"https:\/\/drive.google.com\/file\/d\/1Zb-jycPbzikMFV_o1PXJbvmCYD-qX9qb\/view?usp=sharing\" target=\"_blank\" rel=\"noopener\">Criteris de selecci\u00f3<\/a><\/li>\n<li>Puntuaci\u00f3 provisional- proc\u00e9s de selecci\u00f3<\/li>\n<\/ul>\n","protected":false},"author":1,"featured_media":0,"parent":0,"menu_order":0,"comment_status":"closed","ping_status":"closed","template":"","meta":{"_bbp_topic_count":0,"_bbp_reply_count":0,"_bbp_total_topic_count":0,"_bbp_total_reply_count":0,"_bbp_voice_count":0,"_bbp_anonymous_reply_count":0,"_bbp_topic_count_hidden":0,"_bbp_reply_count_hidden":0,"_bbp_forum_subforum_count":0,"footnotes":""},"class_list":["post-5637","page","type-page","status-publish","hentry"],"post_mailing_queue_ids":[],"_links":{"self":[{"href":"https:\/\/agora.xtec.cat\/iesalmenar\/wp-json\/wp\/v2\/pages\/5637","targetHints":{"allow":["GET"]}}],"collection":[{"href":"https:\/\/agora.xtec.cat\/iesalmenar\/wp-json\/wp\/v2\/pages"}],"about":[{"href":"https:\/\/agora.xtec.cat\/iesalmenar\/wp-json\/wp\/v2\/types\/page"}],"author":[{"embeddable":true,"href":"https:\/\/agora.xtec.cat\/iesalmenar\/wp-json\/wp\/v2\/users\/1"}],"replies":[{"embeddable":true,"href":"https:\/\/agora.xtec.cat\/iesalmenar\/wp-json\/wp\/v2\/comments?post=5637"}],"version-history":[{"count":3,"href":"https:\/\/agora.xtec.cat\/iesalmenar\/wp-json\/wp\/v2\/pages\/5637\/revisions"}],"predecessor-version":[{"id":5641,"href":"https:\/\/agora.xtec.cat\/iesalmenar\/wp-json\/wp\/v2\/pages\/5637\/revisions\/5641"}],"wp:attachment":[{"href":"https:\/\/agora.xtec.cat\/iesalmenar\/wp-json\/wp\/v2\/media?parent=5637"}],"curies":[{"name":"wp","href":"https:\/\/api.w.org\/{rel}","templated":true}]}}