{"id":5036,"date":"2024-06-12T13:33:54","date_gmt":"2024-06-12T11:33:54","guid":{"rendered":"https:\/\/agora.xtec.cat\/iesalmenar\/?page_id=5036"},"modified":"2024-06-21T16:41:07","modified_gmt":"2024-06-21T14:41:07","slug":"projecte-europeu-erasmus-i-etwinning-curs-24-25","status":"publish","type":"page","link":"https:\/\/agora.xtec.cat\/iesalmenar\/projecte-europeu-erasmus-i-etwinning-curs-24-25\/","title":{"rendered":"Projecte Europeu Erasmus+ i eTwinning (Curs 24\/25)"},"content":{"rendered":"<ul>\n<li><a href=\"https:\/\/drive.google.com\/file\/d\/1SkGxQHfuQqgHjRO-AQ5TI_WjVYGatzhU\/view?usp=sharing\" target=\"_blank\" rel=\"noopener\">Presentaci\u00f3<\/a><\/li>\n<li><a href=\"https:\/\/drive.google.com\/file\/d\/1-Pk-T7k_n_8mUmvRuh9dadhOQCDH8oFx\/view?usp=sharing\" target=\"_blank\" rel=\"noopener\">Criteris de selecci\u00f3<\/a><\/li>\n<li><a href=\"https:\/\/drive.google.com\/file\/d\/130VM26JxiowswBWqCZw08vdqu3QKjxhZ\/view?usp=sharing\" target=\"_blank\" rel=\"noopener\">Entrevista selecci\u00f3 d&#8217;alumnes<\/a><\/li>\n<li><a href=\"https:\/\/drive.google.com\/file\/d\/1h6lbeePovy7IGL6d9NsyimTMdOqN_QqA\/view?usp=sharing\" target=\"_blank\" rel=\"noopener\">Puntuaci\u00f3 final- proc\u00e9s de selecci\u00f3<\/a><\/li>\n<\/ul>\n","protected":false},"excerpt":{"rendered":"<ul>\n<li><a href=\"https:\/\/drive.google.com\/file\/d\/1SkGxQHfuQqgHjRO-AQ5TI_WjVYGatzhU\/view?usp=sharing\" target=\"_blank\" rel=\"noopener\">Presentaci\u00f3<\/a><\/li>\n<li><a href=\"https:\/\/drive.google.com\/file\/d\/1-Pk-T7k_n_8mUmvRuh9dadhOQCDH8oFx\/view?usp=sharing\" target=\"_blank\" rel=\"noopener\">Criteris de selecci\u00f3<\/a><\/li>\n<li><a href=\"https:\/\/drive.google.com\/file\/d\/130VM26JxiowswBWqCZw08vdqu3QKjxhZ\/view?usp=sharing\" target=\"_blank\" rel=\"noopener\">Entrevista selecci\u00f3 d&#8217;alumnes<\/a><\/li>\n<li><a href=\"https:\/\/drive.google.com\/file\/d\/1h6lbeePovy7IGL6d9NsyimTMdOqN_QqA\/view?usp=sharing\" target=\"_blank\" rel=\"noopener\">Puntuaci\u00f3 final- proc\u00e9s de selecci\u00f3<\/a><\/li>\n<\/ul>\n","protected":false},"author":1,"featured_media":0,"parent":0,"menu_order":0,"comment_status":"closed","ping_status":"closed","template":"","meta":{"_bbp_topic_count":0,"_bbp_reply_count":0,"_bbp_total_topic_count":0,"_bbp_total_reply_count":0,"_bbp_voice_count":0,"_bbp_anonymous_reply_count":0,"_bbp_topic_count_hidden":0,"_bbp_reply_count_hidden":0,"_bbp_forum_subforum_count":0,"footnotes":""},"class_list":["post-5036","page","type-page","status-publish","hentry"],"post_mailing_queue_ids":[],"_links":{"self":[{"href":"https:\/\/agora.xtec.cat\/iesalmenar\/wp-json\/wp\/v2\/pages\/5036","targetHints":{"allow":["GET"]}}],"collection":[{"href":"https:\/\/agora.xtec.cat\/iesalmenar\/wp-json\/wp\/v2\/pages"}],"about":[{"href":"https:\/\/agora.xtec.cat\/iesalmenar\/wp-json\/wp\/v2\/types\/page"}],"author":[{"embeddable":true,"href":"https:\/\/agora.xtec.cat\/iesalmenar\/wp-json\/wp\/v2\/users\/1"}],"replies":[{"embeddable":true,"href":"https:\/\/agora.xtec.cat\/iesalmenar\/wp-json\/wp\/v2\/comments?post=5036"}],"version-history":[{"count":2,"href":"https:\/\/agora.xtec.cat\/iesalmenar\/wp-json\/wp\/v2\/pages\/5036\/revisions"}],"predecessor-version":[{"id":5056,"href":"https:\/\/agora.xtec.cat\/iesalmenar\/wp-json\/wp\/v2\/pages\/5036\/revisions\/5056"}],"wp:attachment":[{"href":"https:\/\/agora.xtec.cat\/iesalmenar\/wp-json\/wp\/v2\/media?parent=5036"}],"curies":[{"name":"wp","href":"https:\/\/api.w.org\/{rel}","templated":true}]}}

<ul>
<li><a href="https://drive.google.com/file/d/1SkGxQHfuQqgHjRO-AQ5TI_WjVYGatzhU/view?usp=sharing" target="_blank" rel="noopener">Presentació</a></li>
<li><a href="https://drive.google.com/file/d/1-Pk-T7k_n_8mUmvRuh9dadhOQCDH8oFx/view?usp=sharing" target="_blank" rel="noopener">Criteris de selecció</a></li>
<li><a href="https://drive.google.com/file/d/130VM26JxiowswBWqCZw08vdqu3QKjxhZ/view?usp=sharing" target="_blank" rel="noopener">Entrevista selecció d&#8217;alumnes</a></li>
<li><a href="https://drive.google.com/file/d/1h6lbeePovy7IGL6d9NsyimTMdOqN_QqA/view?usp=sharing" target="_blank" rel="noopener">Puntuació final- procés de selecció</a></li>
</ul>
