{"id":4839,"date":"2024-03-21T12:02:16","date_gmt":"2024-03-21T11:02:16","guid":{"rendered":"https:\/\/agora.xtec.cat\/iesalmenar\/?page_id=4839"},"modified":"2025-03-24T16:29:27","modified_gmt":"2025-03-24T15:29:27","slug":"beques-per-a-ensenyaments-postobligatoris-no-universitaris","status":"publish","type":"page","link":"https:\/\/agora.xtec.cat\/iesalmenar\/beques-per-a-ensenyaments-postobligatoris-no-universitaris\/","title":{"rendered":"Beques per a ensenyaments postobligatoris"},"content":{"rendered":"<p>Publicaci\u00f3 de la convocat\u00f2ria de beques per a ensenyaments postobligatoris no universitaris, curs 2025-2026<\/p>\n<div class=\"bloc-mobil\">\n<div class=\"descripcio link-dotted\">\n<p>El termini per sol\u00b7licitar les beques \u00e9s <strong>del 24 de mar\u00e7 a les 8 hores fins al 14 de maig de 2025 a les 15 hores<\/strong>.<\/p>\n<p>Has de sol\u00b7licitar la beca dins d&#8217;aquest termini, encara que no s\u00e0pigues qu\u00e8 estudiar\u00e0s o, fins i tot, encara que no s\u00e0pigues si estudiar\u00e0s o no. Posa els estudis que consideris m\u00e9s probables i cap al setembre podr\u00e0s modificar-los, si cal.<\/p>\n<p>Podeu trobar m\u00e9s informaci\u00f3 <a href=\"https:\/\/educacio.gencat.cat\/ca\/serveis-tramits\/beques\/beques-postobligatoris\/\">AQU\u00cd<\/a><\/p>\n<\/div>\n<\/div>\n","protected":false},"excerpt":{"rendered":"<p>Publicaci\u00f3 de la convocat\u00f2ria de beques per a ensenyaments postobligatoris no universitaris, curs 2025-2026<\/p>\n<p>El termini per sol\u00b7licitar les beques \u00e9s del 24 de mar\u00e7 a les 8 hores fins al 14 de maig de 2025 a les 15 hores.<br \/>\nHas de sol\u00b7licitar la beca dins d&#8217;aquest&hellip;  <a href=\"https:\/\/agora.xtec.cat\/iesalmenar\/beques-per-a-ensenyaments-postobligatoris-no-universitaris\/\" title=\"Read Beques per a ensenyaments postobligatoris\">Llegeix m\u00e9s\u00bb<\/a><\/p>\n","protected":false},"author":1,"featured_media":0,"parent":0,"menu_order":0,"comment_status":"closed","ping_status":"closed","template":"","meta":{"_bbp_topic_count":0,"_bbp_reply_count":0,"_bbp_total_topic_count":0,"_bbp_total_reply_count":0,"_bbp_voice_count":0,"_bbp_anonymous_reply_count":0,"_bbp_topic_count_hidden":0,"_bbp_reply_count_hidden":0,"_bbp_forum_subforum_count":0,"footnotes":""},"class_list":["post-4839","page","type-page","status-publish","hentry"],"post_mailing_queue_ids":[],"_links":{"self":[{"href":"https:\/\/agora.xtec.cat\/iesalmenar\/wp-json\/wp\/v2\/pages\/4839","targetHints":{"allow":["GET"]}}],"collection":[{"href":"https:\/\/agora.xtec.cat\/iesalmenar\/wp-json\/wp\/v2\/pages"}],"about":[{"href":"https:\/\/agora.xtec.cat\/iesalmenar\/wp-json\/wp\/v2\/types\/page"}],"author":[{"embeddable":true,"href":"https:\/\/agora.xtec.cat\/iesalmenar\/wp-json\/wp\/v2\/users\/1"}],"replies":[{"embeddable":true,"href":"https:\/\/agora.xtec.cat\/iesalmenar\/wp-json\/wp\/v2\/comments?post=4839"}],"version-history":[{"count":5,"href":"https:\/\/agora.xtec.cat\/iesalmenar\/wp-json\/wp\/v2\/pages\/4839\/revisions"}],"predecessor-version":[{"id":5438,"href":"https:\/\/agora.xtec.cat\/iesalmenar\/wp-json\/wp\/v2\/pages\/4839\/revisions\/5438"}],"wp:attachment":[{"href":"https:\/\/agora.xtec.cat\/iesalmenar\/wp-json\/wp\/v2\/media?parent=4839"}],"curies":[{"name":"wp","href":"https:\/\/api.w.org\/{rel}","templated":true}]}}

<p>Publicació de la convocatòria de beques per a ensenyaments postobligatoris no universitaris, curs 2025-2026</p>
<div class="bloc-mobil">
<div class="descripcio link-dotted">
<p>El termini per sol·licitar les beques és <strong>del 24 de març a les 8 hores fins al 14 de maig de 2025 a les 15 hores</strong>.</p>
<p>Has de sol·licitar la beca dins d&#8217;aquest termini, encara que no sàpigues què estudiaràs o, fins i tot, encara que no sàpigues si estudiaràs o no. Posa els estudis que consideris més probables i cap al setembre podràs modificar-los, si cal.</p>
<p>Podeu trobar més informació <a href="https://educacio.gencat.cat/ca/serveis-tramits/beques/beques-postobligatoris/">AQUÍ</a></p>
</div>
</div>

<p>Publicació de la convocatòria de beques per a ensenyaments postobligatoris no universitaris, curs 2025-2026</p>
<p>El termini per sol·licitar les beques és del 24 de març a les 8 hores fins al 14 de maig de 2025 a les 15 hores.<br />
Has de sol·licitar la beca dins d&#8217;aquest&hellip;  <a href="https://agora.xtec.cat/iesalmenar/beques-per-a-ensenyaments-postobligatoris-no-universitaris/" title="Read Beques per a ensenyaments postobligatoris">Llegeix més»</a></p>
