{"id":4715,"date":"2024-02-15T12:13:32","date_gmt":"2024-02-15T11:13:32","guid":{"rendered":"https:\/\/agora.xtec.cat\/iesalmenar\/?page_id=4715"},"modified":"2024-02-15T12:13:32","modified_gmt":"2024-02-15T11:13:32","slug":"pla-educatiu-dentorn","status":"publish","type":"page","link":"https:\/\/agora.xtec.cat\/iesalmenar\/pla-educatiu-dentorn\/","title":{"rendered":"Pla Educatiu d&#8217;Entorn"},"content":{"rendered":"<p>Els plans educatius d\u2019entorn s\u00f3n una proposta de cooperaci\u00f3 educativa entre el departament d\u2019ensenyament i les entitats municipalistes amb el suport i la col\u00b7laboraci\u00f3 d\u2019altres departaments de la Generalitat que tenen com a objectiu aconseguir l\u2019\u00e8xit educatiu de tot l\u2019alumnat i contribuir a la cohesi\u00f3 social mitjan\u00e7ant l\u2019equitat, l\u2019educaci\u00f3 intercultural, el foment de la conviv\u00e8ncia i l\u2019\u00fas de la llengua catalana.<\/p>\n<p>\nAlmenar juntament amb Alfarr\u00e0s es van adherir al Pla Educatiu d\u2019Entorn de l\u2019Alt Segri\u00e0 (PEE AS) l\u2019any 2017. Dos anys m\u00e9s tard, al 2019, s\u2019hi va afegir el municipi d\u2019Alguaire.<\/p>\n<p>\nAmb l\u2019adhesi\u00f3 al Pla Educatiu d\u2019Entorn es pret\u00e9n donar resposta a les necessitats educatives dels alumnes dels tres municipis des dels 0 als 18 anys amb especial sensibilitat cap als sectors socials m\u00e9s desafavorits.<\/p>\n<p>&nbsp;<\/p>\n<p>Per al correcte funcionament del PEE AS es compta amb la implicaci\u00f3 de tots els agents que integren la comunitat educativa: ajuntaments, equips directius i docents de tots els centres educatius de la zona, membres dels serveis educatius, membres de les AFA i les AMPA, alumnes i les seves fam\u00edlies, professionals dels serveis municipals, professionals d\u2019altres departaments de la Generalitat al territori, teixit associatiu municipal i entitats culturals, esportives i de lleure.<\/p>\n<p>\nDins del Pla Educatiu d\u2019Entorn de l\u2019Alt Segri\u00e0 hi ha diferents comissions per abordar diferents \u00e0mbits i tem\u00e0tiques. Concretament hi ha la comissi\u00f3 t\u00e8cnica de la que deriven la comissi\u00f3 d\u2019absentisme, la comissi\u00f3 d\u2019esports, la comissi\u00f3 de servei comunitari i civisme i la comissi\u00f3 de suport a la tasca escolar que, a la vegada, queden integrades dins la comissi\u00f3 representativa institucional.<\/p>\n","protected":false},"excerpt":{"rendered":"<p>Els plans educatius d\u2019entorn s\u00f3n una proposta de cooperaci\u00f3 educativa entre el departament d\u2019ensenyament i les entitats municipalistes amb el suport i la col\u00b7laboraci\u00f3 d\u2019altres departaments de la Generalitat que tenen com a objectiu aconseguir l\u2019\u00e8xit educatiu de tot l\u2019alumnat i contribuir a la cohesi\u00f3&hellip;  <a href=\"https:\/\/agora.xtec.cat\/iesalmenar\/pla-educatiu-dentorn\/\" title=\"Read Pla Educatiu d&#8217;Entorn\">Llegeix m\u00e9s\u00bb<\/a><\/p>\n","protected":false},"author":1,"featured_media":0,"parent":0,"menu_order":0,"comment_status":"closed","ping_status":"closed","template":"","meta":{"_bbp_topic_count":0,"_bbp_reply_count":0,"_bbp_total_topic_count":0,"_bbp_total_reply_count":0,"_bbp_voice_count":0,"_bbp_anonymous_reply_count":0,"_bbp_topic_count_hidden":0,"_bbp_reply_count_hidden":0,"_bbp_forum_subforum_count":0,"footnotes":""},"class_list":["post-4715","page","type-page","status-publish","hentry"],"post_mailing_queue_ids":[],"_links":{"self":[{"href":"https:\/\/agora.xtec.cat\/iesalmenar\/wp-json\/wp\/v2\/pages\/4715","targetHints":{"allow":["GET"]}}],"collection":[{"href":"https:\/\/agora.xtec.cat\/iesalmenar\/wp-json\/wp\/v2\/pages"}],"about":[{"href":"https:\/\/agora.xtec.cat\/iesalmenar\/wp-json\/wp\/v2\/types\/page"}],"author":[{"embeddable":true,"href":"https:\/\/agora.xtec.cat\/iesalmenar\/wp-json\/wp\/v2\/users\/1"}],"replies":[{"embeddable":true,"href":"https:\/\/agora.xtec.cat\/iesalmenar\/wp-json\/wp\/v2\/comments?post=4715"}],"version-history":[{"count":1,"href":"https:\/\/agora.xtec.cat\/iesalmenar\/wp-json\/wp\/v2\/pages\/4715\/revisions"}],"predecessor-version":[{"id":4716,"href":"https:\/\/agora.xtec.cat\/iesalmenar\/wp-json\/wp\/v2\/pages\/4715\/revisions\/4716"}],"wp:attachment":[{"href":"https:\/\/agora.xtec.cat\/iesalmenar\/wp-json\/wp\/v2\/media?parent=4715"}],"curies":[{"name":"wp","href":"https:\/\/api.w.org\/{rel}","templated":true}]}}

<p>Els plans educatius d’entorn són una proposta de cooperació educativa entre el departament d’ensenyament i les entitats municipalistes amb el suport i la col·laboració d’altres departaments de la Generalitat que tenen com a objectiu aconseguir l’èxit educatiu de tot l’alumnat i contribuir a la cohesió social mitjançant l’equitat, l’educació intercultural, el foment de la convivència i l’ús de la llengua catalana.</p>
<p>
Almenar juntament amb Alfarràs es van adherir al Pla Educatiu d’Entorn de l’Alt Segrià (PEE AS) l’any 2017. Dos anys més tard, al 2019, s’hi va afegir el municipi d’Alguaire.</p>
<p>
Amb l’adhesió al Pla Educatiu d’Entorn es pretén donar resposta a les necessitats educatives dels alumnes dels tres municipis des dels 0 als 18 anys amb especial sensibilitat cap als sectors socials més desafavorits.</p>
<p>&nbsp;</p>
<p>Per al correcte funcionament del PEE AS es compta amb la implicació de tots els agents que integren la comunitat educativa: ajuntaments, equips directius i docents de tots els centres educatius de la zona, membres dels serveis educatius, membres de les AFA i les AMPA, alumnes i les seves famílies, professionals dels serveis municipals, professionals d’altres departaments de la Generalitat al territori, teixit associatiu municipal i entitats culturals, esportives i de lleure.</p>
<p>
Dins del Pla Educatiu d’Entorn de l’Alt Segrià hi ha diferents comissions per abordar diferents àmbits i temàtiques. Concretament hi ha la comissió tècnica de la que deriven la comissió d’absentisme, la comissió d’esports, la comissió de servei comunitari i civisme i la comissió de suport a la tasca escolar que, a la vegada, queden integrades dins la comissió representativa institucional.</p>

<p>Els plans educatius d’entorn són una proposta de cooperació educativa entre el departament d’ensenyament i les entitats municipalistes amb el suport i la col·laboració d’altres departaments de la Generalitat que tenen com a objectiu aconseguir l’èxit educatiu de tot l’alumnat i contribuir a la cohesió&hellip;  <a href="https://agora.xtec.cat/iesalmenar/pla-educatiu-dentorn/" title="Read Pla Educatiu d&#8217;Entorn">Llegeix més»</a></p>
