{"id":4713,"date":"2024-02-15T12:14:15","date_gmt":"2024-02-15T11:14:15","guid":{"rendered":"https:\/\/agora.xtec.cat\/iesalmenar\/?page_id=4713"},"modified":"2024-12-05T11:09:55","modified_gmt":"2024-12-05T10:09:55","slug":"hort-escolar","status":"publish","type":"page","link":"https:\/\/agora.xtec.cat\/iesalmenar\/hort-escolar\/","title":{"rendered":"Hort escolar"},"content":{"rendered":"<p>Aquest curs 23\/24 amb alguns alumnes de 2n ESO hem engegat el projecte de fer un hort al pati interior de l\u2019institut.<\/p>\n<p>Amb aquest projecte volem posar en pr\u00e0ctica els seg\u00fcents valors:<\/p>\n<ul>\n<li aria-level=\"1\">Permetre provar, experimentar i aprendre fent (learning by doing) far\u00e0 que l\u2019aprenentatge sigui significatiu.<\/li>\n<li aria-level=\"1\">Promoure una consci\u00e8ncia de cura i respecte pel medi ambient. \u00c9s una estupenda oportunitat per parlar de les mesures que es poden adoptar per contaminar menys!<\/li>\n<li aria-level=\"1\">Fomentar valors com la paci\u00e8ncia, la responsabilitat, el comprom\u00eds, la companyonia, etc.<\/li>\n<li aria-level=\"1\">Potenciar un treball col\u00b7laboratiu i cooperatiu compartint tasques (plantar, regar, netejar males herbes, etc.) que poden anar rotant. A m\u00e9s a m\u00e9s, \u00e9s imprescindible que hi hagi una bona organitzaci\u00f3 i que siguin els mateixos alumnes que vagin adquirint aquesta responsabilitat a mesura que aquests obtinguin l\u2019autonomia suficient.<\/li>\n<\/ul>\n<p><a href=\"https:\/\/agora.xtec.cat\/iesalmenar\/wp-content\/uploads\/usu784\/2024\/12\/IMG_2691-1-scaled.jpeg\"><img loading=\"lazy\" decoding=\"async\" class=\"aligncenter size-medium wp-image-5238\" src=\"https:\/\/agora.xtec.cat\/iesalmenar\/wp-content\/uploads\/usu784\/2024\/12\/IMG_2691-1-300x225.jpeg\" alt=\"\" width=\"300\" height=\"225\" srcset=\"https:\/\/agora.xtec.cat\/iesalmenar\/wp-content\/uploads\/usu784\/2024\/12\/IMG_2691-1-300x225.jpeg 300w, https:\/\/agora.xtec.cat\/iesalmenar\/wp-content\/uploads\/usu784\/2024\/12\/IMG_2691-1-1024x768.jpeg 1024w, https:\/\/agora.xtec.cat\/iesalmenar\/wp-content\/uploads\/usu784\/2024\/12\/IMG_2691-1-150x113.jpeg 150w, https:\/\/agora.xtec.cat\/iesalmenar\/wp-content\/uploads\/usu784\/2024\/12\/IMG_2691-1-768x576.jpeg 768w, https:\/\/agora.xtec.cat\/iesalmenar\/wp-content\/uploads\/usu784\/2024\/12\/IMG_2691-1-1536x1152.jpeg 1536w, https:\/\/agora.xtec.cat\/iesalmenar\/wp-content\/uploads\/usu784\/2024\/12\/IMG_2691-1-2048x1536.jpeg 2048w, https:\/\/agora.xtec.cat\/iesalmenar\/wp-content\/uploads\/usu784\/2024\/12\/IMG_2691-1-200x150.jpeg 200w\" sizes=\"auto, (max-width: 300px) 100vw, 300px\" \/><\/a><\/p>\n<p><a href=\"https:\/\/agora.xtec.cat\/iesalmenar\/wp-content\/uploads\/usu784\/2024\/12\/IMG_2691-1.heic\"><img decoding=\"async\" class=\"aligncenter size-full wp-image-5237\" src=\"https:\/\/agora.xtec.cat\/iesalmenar\/wp-content\/uploads\/usu784\/2024\/12\/IMG_2691-1.heic\" alt=\"\" \/><\/a><\/p>\n","protected":false},"excerpt":{"rendered":"<p>Aquest curs 23\/24 amb alguns alumnes de 2n ESO hem engegat el projecte de fer un hort al pati interior de l\u2019institut.<br \/>\nAmb aquest projecte volem posar en pr\u00e0ctica els seg\u00fcents valors:<\/p>\n<ul>\n<li aria-level=\"1\">Permetre provar, experimentar i aprendre fent (learning by doing) far\u00e0 que l\u2019aprenentatge sigui significatiu.<\/li>\n<li&hellip;  <a href=\"https:\/\/agora.xtec.cat\/iesalmenar\/hort-escolar\/\" title=\"Read Hort escolar\">Llegeix m\u00e9s\u00bb<\/a><br \/>\n","protected":false},"author":1,"featured_media":0,"parent":0,"menu_order":0,"comment_status":"closed","ping_status":"closed","template":"","meta":{"_bbp_topic_count":0,"_bbp_reply_count":0,"_bbp_total_topic_count":0,"_bbp_total_reply_count":0,"_bbp_voice_count":0,"_bbp_anonymous_reply_count":0,"_bbp_topic_count_hidden":0,"_bbp_reply_count_hidden":0,"_bbp_forum_subforum_count":0,"footnotes":""},"class_list":["post-4713","page","type-page","status-publish","hentry"],"post_mailing_queue_ids":[],"_links":{"self":[{"href":"https:\/\/agora.xtec.cat\/iesalmenar\/wp-json\/wp\/v2\/pages\/4713","targetHints":{"allow":["GET"]}}],"collection":[{"href":"https:\/\/agora.xtec.cat\/iesalmenar\/wp-json\/wp\/v2\/pages"}],"about":[{"href":"https:\/\/agora.xtec.cat\/iesalmenar\/wp-json\/wp\/v2\/types\/page"}],"author":[{"embeddable":true,"href":"https:\/\/agora.xtec.cat\/iesalmenar\/wp-json\/wp\/v2\/users\/1"}],"replies":[{"embeddable":true,"href":"https:\/\/agora.xtec.cat\/iesalmenar\/wp-json\/wp\/v2\/comments?post=4713"}],"version-history":[{"count":4,"href":"https:\/\/agora.xtec.cat\/iesalmenar\/wp-json\/wp\/v2\/pages\/4713\/revisions"}],"predecessor-version":[{"id":5240,"href":"https:\/\/agora.xtec.cat\/iesalmenar\/wp-json\/wp\/v2\/pages\/4713\/revisions\/5240"}],"wp:attachment":[{"href":"https:\/\/agora.xtec.cat\/iesalmenar\/wp-json\/wp\/v2\/media?parent=4713"}],"curies":[{"name":"wp","href":"https:\/\/api.w.org\/{rel}","templated":true}]}}

<p>Aquest curs 23/24 amb alguns alumnes de 2n ESO hem engegat el projecte de fer un hort al pati interior de l’institut.</p>
<p>Amb aquest projecte volem posar en pràctica els següents valors:</p>
<ul>
<li aria-level="1">Permetre provar, experimentar i aprendre fent (learning by doing) farà que l’aprenentatge sigui significatiu.</li>
<li aria-level="1">Promoure una consciència de cura i respecte pel medi ambient. És una estupenda oportunitat per parlar de les mesures que es poden adoptar per contaminar menys!</li>
<li aria-level="1">Fomentar valors com la paciència, la responsabilitat, el compromís, la companyonia, etc.</li>
<li aria-level="1">Potenciar un treball col·laboratiu i cooperatiu compartint tasques (plantar, regar, netejar males herbes, etc.) que poden anar rotant. A més a més, és imprescindible que hi hagi una bona organització i que siguin els mateixos alumnes que vagin adquirint aquesta responsabilitat a mesura que aquests obtinguin l’autonomia suficient.</li>
</ul>
<p><a href="https://agora.xtec.cat/iesalmenar/wp-content/uploads/usu784/2024/12/IMG_2691-1-scaled.jpeg"><img loading="lazy" decoding="async" class="aligncenter size-medium wp-image-5238" src="https://agora.xtec.cat/iesalmenar/wp-content/uploads/usu784/2024/12/IMG_2691-1-300x225.jpeg" alt="" width="300" height="225" srcset="https://agora.xtec.cat/iesalmenar/wp-content/uploads/usu784/2024/12/IMG_2691-1-300x225.jpeg 300w, https://agora.xtec.cat/iesalmenar/wp-content/uploads/usu784/2024/12/IMG_2691-1-1024x768.jpeg 1024w, https://agora.xtec.cat/iesalmenar/wp-content/uploads/usu784/2024/12/IMG_2691-1-150x113.jpeg 150w, https://agora.xtec.cat/iesalmenar/wp-content/uploads/usu784/2024/12/IMG_2691-1-768x576.jpeg 768w, https://agora.xtec.cat/iesalmenar/wp-content/uploads/usu784/2024/12/IMG_2691-1-1536x1152.jpeg 1536w, https://agora.xtec.cat/iesalmenar/wp-content/uploads/usu784/2024/12/IMG_2691-1-2048x1536.jpeg 2048w, https://agora.xtec.cat/iesalmenar/wp-content/uploads/usu784/2024/12/IMG_2691-1-200x150.jpeg 200w" sizes="auto, (max-width: 300px) 100vw, 300px" /></a></p>
<p><a href="https://agora.xtec.cat/iesalmenar/wp-content/uploads/usu784/2024/12/IMG_2691-1.heic"><img decoding="async" class="aligncenter size-full wp-image-5237" src="https://agora.xtec.cat/iesalmenar/wp-content/uploads/usu784/2024/12/IMG_2691-1.heic" alt="" /></a></p>

<p>Aquest curs 23/24 amb alguns alumnes de 2n ESO hem engegat el projecte de fer un hort al pati interior de l’institut.<br />
Amb aquest projecte volem posar en pràctica els següents valors:</p>
<ul>
<li aria-level="1">Permetre provar, experimentar i aprendre fent (learning by doing) farà que l’aprenentatge sigui significatiu.</li>
<li&hellip;  <a href="https://agora.xtec.cat/iesalmenar/hort-escolar/" title="Read Hort escolar">Llegeix més»</a><br />
