{"id":4567,"date":"2024-02-05T09:20:22","date_gmt":"2024-02-05T08:20:22","guid":{"rendered":"https:\/\/agora.xtec.cat\/iesalmenar\/?page_id=4567"},"modified":"2024-02-05T09:24:28","modified_gmt":"2024-02-05T08:24:28","slug":"memoria-historica","status":"publish","type":"page","link":"https:\/\/agora.xtec.cat\/iesalmenar\/memoria-historica\/","title":{"rendered":"Mem\u00f2ria Hist\u00f2rica"},"content":{"rendered":"<p>Des del curs 2016\/2017 l\u2019INS Almenar participa en diferents projectes educatius vinculats a la mem\u00f2ria hist\u00f2rica de Catalunya i la resta d\u2019Europa.<\/p>\n<p>Mitjan\u00e7ant l\u2019estudi dels fets hist\u00f2rics del segle XX lligats a la Rep\u00fablica, l\u2019exili, la deportaci\u00f3 i l\u2019Holocaust, pretenem traslladar a l\u2019alumnat la import\u00e0ncia dels valors democr\u00e0tics i el respecte a la difer\u00e8ncia que s\u00f3n el fonament de la nostra societat actual.<\/p>\n<p>Amb la Hist\u00f2ria com a eix principal, per\u00f2 tamb\u00e9 des d\u2019altres disciplines, hem participat en el projecte educatiu del Parlament de Catalunya sobre l\u2019Holocaust i el projecte Buchenwald-Mauthausen, que porta un grup d\u2019alumnes de centres educatius de les terres de Ponent a participar en els actes de commemoraci\u00f3 de l\u2019alliberament d\u2019aquest camp de concentraci\u00f3. Aquest projecte est\u00e0 liderat per la Paeria de Lleida i hi han participat tamb\u00e9 els ajuntaments d\u2019Almenar, Alfarr\u00e0s, Alguaire i Ivars de Noguera, localitats d\u2019on provenen els nostres alumnes.<\/p>\n<p>D\u2019altra banda, l\u2019INS Almenar forma part de la Xarxa Mai M\u00e9s (formada pels centres educatius que col\u00b7laboren amb l\u2019Amical de Mauthausen, entitat que representa els deportats catalans i espanyols als camps nazis) i del <a href=\"https:\/\/sites.google.com\/xtec.cat\/memoria-secundaria-lleida\/inici\" target=\"_blank\" rel=\"noopener\">grup de treball DEMD-Lleida<\/a>, format per professorat d\u2019educaci\u00f3 secund\u00e0ria i t\u00e8cnics del Memorial Democr\u00e0tic que treballen a les aules la mem\u00f2ria hist\u00f2rica.<\/p>\n","protected":false},"excerpt":{"rendered":"<p>Des del curs 2016\/2017 l\u2019INS Almenar participa en diferents projectes educatius vinculats a la mem\u00f2ria hist\u00f2rica de Catalunya i la resta d\u2019Europa.<br \/>\nMitjan\u00e7ant l\u2019estudi dels fets hist\u00f2rics del segle XX lligats a la Rep\u00fablica, l\u2019exili, la deportaci\u00f3 i l\u2019Holocaust, pretenem traslladar a l\u2019alumnat la import\u00e0ncia dels&hellip;  <a href=\"https:\/\/agora.xtec.cat\/iesalmenar\/memoria-historica\/\" title=\"Read Mem\u00f2ria Hist\u00f2rica\">Llegeix m\u00e9s\u00bb<\/a><\/p>\n","protected":false},"author":1,"featured_media":0,"parent":0,"menu_order":0,"comment_status":"closed","ping_status":"closed","template":"","meta":{"_bbp_topic_count":0,"_bbp_reply_count":0,"_bbp_total_topic_count":0,"_bbp_total_reply_count":0,"_bbp_voice_count":0,"_bbp_anonymous_reply_count":0,"_bbp_topic_count_hidden":0,"_bbp_reply_count_hidden":0,"_bbp_forum_subforum_count":0,"footnotes":""},"class_list":["post-4567","page","type-page","status-publish","hentry"],"post_mailing_queue_ids":[],"_links":{"self":[{"href":"https:\/\/agora.xtec.cat\/iesalmenar\/wp-json\/wp\/v2\/pages\/4567","targetHints":{"allow":["GET"]}}],"collection":[{"href":"https:\/\/agora.xtec.cat\/iesalmenar\/wp-json\/wp\/v2\/pages"}],"about":[{"href":"https:\/\/agora.xtec.cat\/iesalmenar\/wp-json\/wp\/v2\/types\/page"}],"author":[{"embeddable":true,"href":"https:\/\/agora.xtec.cat\/iesalmenar\/wp-json\/wp\/v2\/users\/1"}],"replies":[{"embeddable":true,"href":"https:\/\/agora.xtec.cat\/iesalmenar\/wp-json\/wp\/v2\/comments?post=4567"}],"version-history":[{"count":2,"href":"https:\/\/agora.xtec.cat\/iesalmenar\/wp-json\/wp\/v2\/pages\/4567\/revisions"}],"predecessor-version":[{"id":4569,"href":"https:\/\/agora.xtec.cat\/iesalmenar\/wp-json\/wp\/v2\/pages\/4567\/revisions\/4569"}],"wp:attachment":[{"href":"https:\/\/agora.xtec.cat\/iesalmenar\/wp-json\/wp\/v2\/media?parent=4567"}],"curies":[{"name":"wp","href":"https:\/\/api.w.org\/{rel}","templated":true}]}}

Memòria Històrica

<p>Des del curs 2016/2017 l’INS Almenar participa en diferents projectes educatius vinculats a la memòria històrica de Catalunya i la resta d’Europa.</p>
<p>Mitjançant l’estudi dels fets històrics del segle XX lligats a la República, l’exili, la deportació i l’Holocaust, pretenem traslladar a l’alumnat la importància dels valors democràtics i el respecte a la diferència que són el fonament de la nostra societat actual.</p>
<p>Amb la Història com a eix principal, però també des d’altres disciplines, hem participat en el projecte educatiu del Parlament de Catalunya sobre l’Holocaust i el projecte Buchenwald-Mauthausen, que porta un grup d’alumnes de centres educatius de les terres de Ponent a participar en els actes de commemoració de l’alliberament d’aquest camp de concentració. Aquest projecte està liderat per la Paeria de Lleida i hi han participat també els ajuntaments d’Almenar, Alfarràs, Alguaire i Ivars de Noguera, localitats d’on provenen els nostres alumnes.</p>
<p>D’altra banda, l’INS Almenar forma part de la Xarxa Mai Més (formada pels centres educatius que col·laboren amb l’Amical de Mauthausen, entitat que representa els deportats catalans i espanyols als camps nazis) i del <a href="https://sites.google.com/xtec.cat/memoria-secundaria-lleida/inici" target="_blank" rel="noopener">grup de treball DEMD-Lleida</a>, format per professorat d’educació secundària i tècnics del Memorial Democràtic que treballen a les aules la memòria històrica.</p>

<p>Des del curs 2016/2017 l’INS Almenar participa en diferents projectes educatius vinculats a la memòria històrica de Catalunya i la resta d’Europa.<br />
Mitjançant l’estudi dels fets històrics del segle XX lligats a la República, l’exili, la deportació i l’Holocaust, pretenem traslladar a l’alumnat la importància dels&hellip;  <a href="https://agora.xtec.cat/iesalmenar/memoria-historica/" title="Read Memòria Històrica">Llegeix més»</a></p>
