{"id":4513,"date":"2024-02-01T12:33:14","date_gmt":"2024-02-01T11:33:14","guid":{"rendered":"https:\/\/agora.xtec.cat\/iesalmenar\/?page_id=4513"},"modified":"2024-02-15T12:11:41","modified_gmt":"2024-02-15T11:11:41","slug":"aprenentatge-bastat-en-jocs","status":"publish","type":"page","link":"https:\/\/agora.xtec.cat\/iesalmenar\/aprenentatge-bastat-en-jocs\/","title":{"rendered":"Aprenentatge Basat en Jocs"},"content":{"rendered":"<p><a href=\"https:\/\/agora.xtec.cat\/iesalmenar\/wp-content\/uploads\/usu784\/2024\/02\/ABJ1-scaled.jpg\"><img loading=\"lazy\" decoding=\"async\" class=\"aligncenter size-medium wp-image-4517\" src=\"https:\/\/agora.xtec.cat\/iesalmenar\/wp-content\/uploads\/usu784\/2024\/02\/ABJ1-300x225.jpg\" alt=\"\" width=\"300\" height=\"225\" srcset=\"https:\/\/agora.xtec.cat\/iesalmenar\/wp-content\/uploads\/usu784\/2024\/02\/ABJ1-300x225.jpg 300w, https:\/\/agora.xtec.cat\/iesalmenar\/wp-content\/uploads\/usu784\/2024\/02\/ABJ1-1024x768.jpg 1024w, https:\/\/agora.xtec.cat\/iesalmenar\/wp-content\/uploads\/usu784\/2024\/02\/ABJ1-150x113.jpg 150w, https:\/\/agora.xtec.cat\/iesalmenar\/wp-content\/uploads\/usu784\/2024\/02\/ABJ1-768x576.jpg 768w, https:\/\/agora.xtec.cat\/iesalmenar\/wp-content\/uploads\/usu784\/2024\/02\/ABJ1-1536x1152.jpg 1536w, https:\/\/agora.xtec.cat\/iesalmenar\/wp-content\/uploads\/usu784\/2024\/02\/ABJ1-2048x1536.jpg 2048w, https:\/\/agora.xtec.cat\/iesalmenar\/wp-content\/uploads\/usu784\/2024\/02\/ABJ1-200x150.jpg 200w\" sizes=\"auto, (max-width: 300px) 100vw, 300px\" \/><\/a><\/p>\n<p style=\"text-align: justify;\"><span style=\"font-weight: 400;\">El curs 2021-2022 a l&#8217;Institut d&#8217;Almenar sorgeix la idea d&#8217;implementar l&#8217;optativa d&#8217;Aprenentatge Basat en Jocs de taula (ABJ) amb l&#8217;objectiu inicial de fomentar la interacci\u00f3 social de l&#8217;alumnat i promoure l&#8217;\u00fas de la llengua oral. Durant aquest temps hem ampliat tant els recursos dels quals disposem com els nivells en els quals l&#8217;ABJ forma part de la nostra vida acad\u00e8mica obtenint resultats molt positius. Actualment, amb gaireb\u00e9 50 jocs de taula que formen part de la nostra ludoteca, podr\u00edem dir que som un dels primers instituts a apostar per aquesta metodologia de treball.\u00a0<\/span><\/p>\n<p style=\"text-align: justify;\"><span style=\"font-weight: 400;\">Entre les activitats m\u00e9s populars organitzades al centre destaquem jornades l\u00fadiques entre alumnat de diferents nivells i entre alumnat i professorat. El curs 22-23 l&#8217;ABJ s&#8217;integra a les classes de tutoria de 1r d&#8217;ESO amb la missi\u00f3 de facilitar la integraci\u00f3 del nou alumnat al centre utilitzant com a referents els alumnes de 4t de l&#8217;optativa d&#8217;ABJ.<\/span><\/p>\n<p style=\"text-align: justify;\"><span style=\"font-weight: 400;\">Tanmateix, l&#8217;alumnat participa activament en la mat\u00e8ria creant jocs de taula amb la col\u00b7laboraci\u00f3 d&#8217;altres departaments com el de lleng\u00fces estrangeres, tecnologia i visual i pl\u00e0stica. Destaquem experi\u00e8ncies enriquidores fora del centre per l&#8217;alumnat de 4t d&#8217;ESO com la visita a ASPID (Associaci\u00f3 de Parapl\u00e8gics i Discapacitats F\u00edsics de Lleida) que utilitza els jocs de taula com a recurs terap\u00e8utic.<\/span><\/p>\n<p style=\"text-align: justify;\"><span style=\"font-weight: 400;\">El curs 23-24 aquesta iniciativa es transforma en un projecte implicant tota la comunitat educativa que gaudeix de tallers de jocs tant per l&#8217;alumnat com pel professorat amb la participaci\u00f3 de <\/span><i><span style=\"font-weight: 400;\">La Tribu Fera<\/span><\/i><span style=\"font-weight: 400;\"> de Lleida.<\/span><\/p>\n<p style=\"text-align: justify;\"><span style=\"font-weight: 400;\">Seguim aquest cam\u00ed que ens aporta cohesi\u00f3, dinamisme, integraci\u00f3 i creixement personal, ja que s\u00f3n uns dels valors que ens defineixen.<\/span><\/p>\n<p>Podeu veure una mostra <a href=\"https:\/\/www.youtube.com\/watch?v=yvo1-wStERQ\">AQU\u00cd<\/a>.\u00a0<\/p>\n","protected":false},"excerpt":{"rendered":"<p><a href=\"https:\/\/agora.xtec.cat\/iesalmenar\/wp-content\/uploads\/usu784\/2024\/02\/ABJ1-scaled.jpg\"><\/a><br \/>\nEl curs 2021-2022 a l&#8217;Institut d&#8217;Almenar sorgeix la idea d&#8217;implementar l&#8217;optativa d&#8217;Aprenentatge Basat en Jocs de taula (ABJ) amb l&#8217;objectiu inicial de fomentar la interacci\u00f3 social de l&#8217;alumnat i promoure l&#8217;\u00fas de la llengua oral. Durant aquest temps hem ampliat tant els recursos dels&hellip;  <a href=\"https:\/\/agora.xtec.cat\/iesalmenar\/aprenentatge-bastat-en-jocs\/\" title=\"Read Aprenentatge Basat en Jocs\">Llegeix m\u00e9s\u00bb<\/a><\/p>\n","protected":false},"author":1,"featured_media":0,"parent":0,"menu_order":0,"comment_status":"closed","ping_status":"closed","template":"","meta":{"_bbp_topic_count":0,"_bbp_reply_count":0,"_bbp_total_topic_count":0,"_bbp_total_reply_count":0,"_bbp_voice_count":0,"_bbp_anonymous_reply_count":0,"_bbp_topic_count_hidden":0,"_bbp_reply_count_hidden":0,"_bbp_forum_subforum_count":0,"footnotes":""},"class_list":["post-4513","page","type-page","status-publish","hentry"],"post_mailing_queue_ids":[],"_links":{"self":[{"href":"https:\/\/agora.xtec.cat\/iesalmenar\/wp-json\/wp\/v2\/pages\/4513","targetHints":{"allow":["GET"]}}],"collection":[{"href":"https:\/\/agora.xtec.cat\/iesalmenar\/wp-json\/wp\/v2\/pages"}],"about":[{"href":"https:\/\/agora.xtec.cat\/iesalmenar\/wp-json\/wp\/v2\/types\/page"}],"author":[{"embeddable":true,"href":"https:\/\/agora.xtec.cat\/iesalmenar\/wp-json\/wp\/v2\/users\/1"}],"replies":[{"embeddable":true,"href":"https:\/\/agora.xtec.cat\/iesalmenar\/wp-json\/wp\/v2\/comments?post=4513"}],"version-history":[{"count":6,"href":"https:\/\/agora.xtec.cat\/iesalmenar\/wp-json\/wp\/v2\/pages\/4513\/revisions"}],"predecessor-version":[{"id":4714,"href":"https:\/\/agora.xtec.cat\/iesalmenar\/wp-json\/wp\/v2\/pages\/4513\/revisions\/4714"}],"wp:attachment":[{"href":"https:\/\/agora.xtec.cat\/iesalmenar\/wp-json\/wp\/v2\/media?parent=4513"}],"curies":[{"name":"wp","href":"https:\/\/api.w.org\/{rel}","templated":true}]}}

<p><a href="https://agora.xtec.cat/iesalmenar/wp-content/uploads/usu784/2024/02/ABJ1-scaled.jpg"><img loading="lazy" decoding="async" class="aligncenter size-medium wp-image-4517" src="https://agora.xtec.cat/iesalmenar/wp-content/uploads/usu784/2024/02/ABJ1-300x225.jpg" alt="" width="300" height="225" srcset="https://agora.xtec.cat/iesalmenar/wp-content/uploads/usu784/2024/02/ABJ1-300x225.jpg 300w, https://agora.xtec.cat/iesalmenar/wp-content/uploads/usu784/2024/02/ABJ1-1024x768.jpg 1024w, https://agora.xtec.cat/iesalmenar/wp-content/uploads/usu784/2024/02/ABJ1-150x113.jpg 150w, https://agora.xtec.cat/iesalmenar/wp-content/uploads/usu784/2024/02/ABJ1-768x576.jpg 768w, https://agora.xtec.cat/iesalmenar/wp-content/uploads/usu784/2024/02/ABJ1-1536x1152.jpg 1536w, https://agora.xtec.cat/iesalmenar/wp-content/uploads/usu784/2024/02/ABJ1-2048x1536.jpg 2048w, https://agora.xtec.cat/iesalmenar/wp-content/uploads/usu784/2024/02/ABJ1-200x150.jpg 200w" sizes="auto, (max-width: 300px) 100vw, 300px" /></a></p>
<p style="text-align: justify;"><span style="font-weight: 400;">El curs 2021-2022 a l&#8217;Institut d&#8217;Almenar sorgeix la idea d&#8217;implementar l&#8217;optativa d&#8217;Aprenentatge Basat en Jocs de taula (ABJ) amb l&#8217;objectiu inicial de fomentar la interacció social de l&#8217;alumnat i promoure l&#8217;ús de la llengua oral. Durant aquest temps hem ampliat tant els recursos dels quals disposem com els nivells en els quals l&#8217;ABJ forma part de la nostra vida acadèmica obtenint resultats molt positius. Actualment, amb gairebé 50 jocs de taula que formen part de la nostra ludoteca, podríem dir que som un dels primers instituts a apostar per aquesta metodologia de treball. </span></p>
<p style="text-align: justify;"><span style="font-weight: 400;">Entre les activitats més populars organitzades al centre destaquem jornades lúdiques entre alumnat de diferents nivells i entre alumnat i professorat. El curs 22-23 l&#8217;ABJ s&#8217;integra a les classes de tutoria de 1r d&#8217;ESO amb la missió de facilitar la integració del nou alumnat al centre utilitzant com a referents els alumnes de 4t de l&#8217;optativa d&#8217;ABJ.</span></p>
<p style="text-align: justify;"><span style="font-weight: 400;">Tanmateix, l&#8217;alumnat participa activament en la matèria creant jocs de taula amb la col·laboració d&#8217;altres departaments com el de llengües estrangeres, tecnologia i visual i plàstica. Destaquem experiències enriquidores fora del centre per l&#8217;alumnat de 4t d&#8217;ESO com la visita a ASPID (Associació de Paraplègics i Discapacitats Físics de Lleida) que utilitza els jocs de taula com a recurs terapèutic.</span></p>
<p style="text-align: justify;"><span style="font-weight: 400;">El curs 23-24 aquesta iniciativa es transforma en un projecte implicant tota la comunitat educativa que gaudeix de tallers de jocs tant per l&#8217;alumnat com pel professorat amb la participació de </span><i><span style="font-weight: 400;">La Tribu Fera</span></i><span style="font-weight: 400;"> de Lleida.</span></p>
<p style="text-align: justify;"><span style="font-weight: 400;">Seguim aquest camí que ens aporta cohesió, dinamisme, integració i creixement personal, ja que són uns dels valors que ens defineixen.</span></p>
<p>Podeu veure una mostra <a href="https://www.youtube.com/watch?v=yvo1-wStERQ">AQUÍ</a>. </p>

<p><a href="https://agora.xtec.cat/iesalmenar/wp-content/uploads/usu784/2024/02/ABJ1-scaled.jpg"></a><br />
El curs 2021-2022 a l&#8217;Institut d&#8217;Almenar sorgeix la idea d&#8217;implementar l&#8217;optativa d&#8217;Aprenentatge Basat en Jocs de taula (ABJ) amb l&#8217;objectiu inicial de fomentar la interacció social de l&#8217;alumnat i promoure l&#8217;ús de la llengua oral. Durant aquest temps hem ampliat tant els recursos dels&hellip;  <a href="https://agora.xtec.cat/iesalmenar/aprenentatge-bastat-en-jocs/" title="Read Aprenentatge Basat en Jocs">Llegeix més»</a></p>
