{"id":4389,"date":"2024-02-01T12:31:36","date_gmt":"2024-02-01T11:31:36","guid":{"rendered":"https:\/\/agora.xtec.cat\/iesalmenar\/?page_id=4389"},"modified":"2026-03-24T16:43:40","modified_gmt":"2026-03-24T15:43:40","slug":"informacio-publica-del-centre","status":"publish","type":"page","link":"https:\/\/agora.xtec.cat\/iesalmenar\/informacio-publica-del-centre\/","title":{"rendered":"Informaci\u00f3 p\u00fablica del centre"},"content":{"rendered":"<p>En aquest apartat podeu trobar la seg\u00fcent informaci\u00f3:<\/p>\n<ul>\n<li><a href=\"https:\/\/drive.google.com\/file\/d\/1Mi41c5kPNEI6R2p3lSS6CYHjYBrYp4cP\/view?usp=sharing\" target=\"_blank\" rel=\"noopener\">Normes d\u2019Organitzaci\u00f3 i Funcionament de Centre<\/a>\u00a0(NOFC)<\/li>\n<li><a href=\"https:\/\/drive.google.com\/file\/d\/1VjEYhXENtluZLzN6l1Zv6ciF3BHNK-Az\/view?usp=sharing\" target=\"_blank\" rel=\"noopener\">Projecte Educatiu de Centre<\/a>\u00a0(PEC)<\/li>\n<li><a href=\"https:\/\/drive.google.com\/file\/d\/1zCyUTxP2JLvKkIuQV8_16CeAugECciuW\/view?usp=sharing\" target=\"_blank\" rel=\"noopener\">Projecte Ling\u00fc\u00edstic de Centre<\/a> (PLC)<\/li>\n<li><a href=\"https:\/\/drive.google.com\/file\/d\/1q1rN3cIaBEEytggjYYGqSGR7t2856Xvi\/view?usp=sharing\" target=\"_blank\" rel=\"noopener\">Pla d\u2019Acci\u00f3 Tutorial<\/a> (PAT) per a ESO i Batxillerat<\/li>\n<li><a href=\"https:\/\/drive.google.com\/file\/d\/1uYPXdM12w2DncavMjUKZCj-LxR7Nnvlg\/view?usp=sharing\" target=\"_blank\" rel=\"noopener\">Pla d&#8217;Acci\u00f3 Tutorial<\/a> (PAT) espec\u00edfic per a la Formaci\u00f3 Professional (FP)<\/li>\n<li><a href=\"https:\/\/sites.google.com\/insalmenar.cat\/edc-insalmenar\" target=\"_blank\" rel=\"noopener\">Estrat\u00e8gia Digital de Centre<\/a>\u00a0(EDC)<\/li>\n<\/ul>\n","protected":false},"excerpt":{"rendered":"<p>En aquest apartat podeu trobar la seg\u00fcent informaci\u00f3:<\/p>\n<ul>\n<li><a href=\"https:\/\/drive.google.com\/file\/d\/1Mi41c5kPNEI6R2p3lSS6CYHjYBrYp4cP\/view?usp=sharing\" target=\"_blank\" rel=\"noopener\">Normes d\u2019Organitzaci\u00f3 i Funcionament de Centre<\/a>\u00a0(NOFC)<\/li>\n<li><a href=\"https:\/\/drive.google.com\/file\/d\/1VjEYhXENtluZLzN6l1Zv6ciF3BHNK-Az\/view?usp=sharing\" target=\"_blank\" rel=\"noopener\">Projecte Educatiu de Centre<\/a>\u00a0(PEC)<\/li>\n<li><a href=\"https:\/\/drive.google.com\/file\/d\/1zCyUTxP2JLvKkIuQV8_16CeAugECciuW\/view?usp=sharing\" target=\"_blank\" rel=\"noopener\">Projecte Ling\u00fc\u00edstic de Centre<\/a> (PLC)<\/li>\n<li><a href=\"https:\/\/drive.google.com\/file\/d\/1q1rN3cIaBEEytggjYYGqSGR7t2856Xvi\/view?usp=sharing\" target=\"_blank\" rel=\"noopener\">Pla d\u2019Acci\u00f3 Tutorial<\/a> (PAT) per a ESO i Batxillerat<\/li>\n<li><a href=\"https:\/\/drive.google.com\/file\/d\/1uYPXdM12w2DncavMjUKZCj-LxR7Nnvlg\/view?usp=sharing\" target=\"_blank\" rel=\"noopener\">Pla d&#8217;Acci\u00f3 Tutorial<\/a>&hellip;  <a href=\"https:\/\/agora.xtec.cat\/iesalmenar\/informacio-publica-del-centre\/\" title=\"Read Informaci\u00f3 p\u00fablica del centre\">Llegeix m\u00e9s\u00bb<\/a><br \/>\n","protected":false},"author":1,"featured_media":0,"parent":0,"menu_order":0,"comment_status":"closed","ping_status":"closed","template":"","meta":{"_bbp_topic_count":0,"_bbp_reply_count":0,"_bbp_total_topic_count":0,"_bbp_total_reply_count":0,"_bbp_voice_count":0,"_bbp_anonymous_reply_count":0,"_bbp_topic_count_hidden":0,"_bbp_reply_count_hidden":0,"_bbp_forum_subforum_count":0,"footnotes":""},"class_list":["post-4389","page","type-page","status-publish","hentry"],"post_mailing_queue_ids":[],"_links":{"self":[{"href":"https:\/\/agora.xtec.cat\/iesalmenar\/wp-json\/wp\/v2\/pages\/4389","targetHints":{"allow":["GET"]}}],"collection":[{"href":"https:\/\/agora.xtec.cat\/iesalmenar\/wp-json\/wp\/v2\/pages"}],"about":[{"href":"https:\/\/agora.xtec.cat\/iesalmenar\/wp-json\/wp\/v2\/types\/page"}],"author":[{"embeddable":true,"href":"https:\/\/agora.xtec.cat\/iesalmenar\/wp-json\/wp\/v2\/users\/1"}],"replies":[{"embeddable":true,"href":"https:\/\/agora.xtec.cat\/iesalmenar\/wp-json\/wp\/v2\/comments?post=4389"}],"version-history":[{"count":6,"href":"https:\/\/agora.xtec.cat\/iesalmenar\/wp-json\/wp\/v2\/pages\/4389\/revisions"}],"predecessor-version":[{"id":5936,"href":"https:\/\/agora.xtec.cat\/iesalmenar\/wp-json\/wp\/v2\/pages\/4389\/revisions\/5936"}],"wp:attachment":[{"href":"https:\/\/agora.xtec.cat\/iesalmenar\/wp-json\/wp\/v2\/media?parent=4389"}],"curies":[{"name":"wp","href":"https:\/\/api.w.org\/{rel}","templated":true}]}}