{"id":4274,"date":"2024-02-01T12:15:23","date_gmt":"2024-02-01T11:15:23","guid":{"rendered":"https:\/\/agora.xtec.cat\/iesalmenar\/?page_id=4274"},"modified":"2024-02-01T12:15:23","modified_gmt":"2024-02-01T11:15:23","slug":"pla-catala-de-lesport-a-lescola-pcee","status":"publish","type":"page","link":"https:\/\/agora.xtec.cat\/iesalmenar\/pla-catala-de-lesport-a-lescola-pcee\/","title":{"rendered":"Pla Catal\u00e0 de l\u2019Esport a l\u2019Escola &#8211; PCEE"},"content":{"rendered":"<p class=\"cvGsUA direction-ltr align-justify para-style-body\"><span class=\"OYPEnA text-decoration-none text-strikethrough-none\">La Generalitat de Catalunya, mitjan\u00e7ant els Departaments d&#8217;Ensenyament i de la Presid\u00e8ncia (Secretaria General de l&#8217;Esport), van acordar a finals del 2004 impulsar el <\/span><span class=\"OYPEnA text-decoration-none text-strikethrough-none\">Pla Catal\u00e0 d&#8217;Esport a l&#8217;Escola.<\/span><\/p>\n<p class=\"cvGsUA direction-ltr align-justify para-style-body\"><span class=\"OYPEnA text-decoration-none text-strikethrough-none\">El Pla pret\u00e9n posar a l&#8217;abast de tots els alumnes la pr\u00e0ctica d&#8217;activitats f\u00edsiques i esportives, i aprofitar el gran potencial d&#8217;aquestes activitats per contribuir a la formaci\u00f3 personal i c\u00edvica dels joves.<\/span><\/p>\n<p class=\"cvGsUA direction-ltr align-justify para-style-body\"><span class=\"OYPEnA text-decoration-none text-strikethrough-none\">L\u2019 Institut d\u2019Almenar participa en el PCEE des de l\u2019any 2005, els objectius principals son:<\/span><\/p>\n<ul>\n<li><span class=\"OYPEnA text-decoration-none text-strikethrough-none\">Incrementar el nombre d\u2019adolescents que realitzen una pr\u00e0ctica regular d\u2019activitat f\u00edsica moderada<\/span><\/li>\n<li><span class=\"OYPEnA text-decoration-none text-strikethrough-none\">Utilitzar l\u2019activitat f\u00edsica i esportiva per<\/span> <span class=\"OYPEnA text-decoration-none text-strikethrough-none\">afavorir la integraci\u00f3 i la cohesi\u00f3 social.<\/span><\/li>\n<li><span class=\"OYPEnA text-decoration-none text-strikethrough-none\">Afermar els h\u00e0bits de cura i salut corporal a l\u2019institut.<\/span><\/li>\n<li><span class=\"OYPEnA text-decoration-none text-strikethrough-none\">\u00b7Incrementar l\u2019oferta d\u2019activitats fisicoes- portives extraescolars per tal de diversifi- car-la o adaptar-la als interessos de l\u2019a- lumnat i dels diferents col\u00b7lectius.<\/span><\/li>\n<\/ul>\n<p><strong>ACTIVITATS:<\/strong><\/p>\n<p class=\"cvGsUA direction-ltr align-justify para-style-body\"><span class=\"OYPEnA text-decoration-none text-strikethrough-none\">El centre en horari no lectiu ofereix als alumnes diferents activitats esportives les qual s\u2019engegaran si hi ha un nombre m\u00ednim d\u2019alumnes inscrits.<\/span><\/p>\n<p class=\"cvGsUA direction-ltr align-justify para-style-body\"><span class=\"OYPEnA text-decoration-none text-strikethrough-none\">La durada de les activitats \u00e9s del 3 d\u2019Octu<\/span><span class=\"OYPEnA text-decoration-none text-strikethrough-none\">bre al 3 de juny.<\/span><\/p>\n<p><a href=\"https:\/\/agora.xtec.cat\/iesalmenar\/wp-content\/uploads\/usu784\/2024\/02\/PCEE-1.png\"><img loading=\"lazy\" decoding=\"async\" class=\"wp-image-4277 alignleft\" src=\"https:\/\/agora.xtec.cat\/iesalmenar\/wp-content\/uploads\/usu784\/2024\/02\/PCEE-1-300x295.png\" alt=\"\" width=\"245\" height=\"241\" srcset=\"https:\/\/agora.xtec.cat\/iesalmenar\/wp-content\/uploads\/usu784\/2024\/02\/PCEE-1-300x295.png 300w, https:\/\/agora.xtec.cat\/iesalmenar\/wp-content\/uploads\/usu784\/2024\/02\/PCEE-1-150x147.png 150w, https:\/\/agora.xtec.cat\/iesalmenar\/wp-content\/uploads\/usu784\/2024\/02\/PCEE-1.png 358w\" sizes=\"auto, (max-width: 245px) 100vw, 245px\" \/><\/a><\/p>\n<p>&nbsp;<\/p>\n<p>&nbsp;<\/p>\n<p>&nbsp;<\/p>\n<p>&nbsp;<\/p>\n<p>&nbsp;<\/p>\n<p>&nbsp;<\/p>\n<p><strong>HORARIS:<\/strong><\/p>\n<p><a href=\"https:\/\/agora.xtec.cat\/iesalmenar\/wp-content\/uploads\/usu784\/2024\/02\/PCEE-2.png\"><img loading=\"lazy\" decoding=\"async\" class=\"wp-image-4278 alignleft\" src=\"https:\/\/agora.xtec.cat\/iesalmenar\/wp-content\/uploads\/usu784\/2024\/02\/PCEE-2-300x166.png\" alt=\"\" width=\"306\" height=\"169\" srcset=\"https:\/\/agora.xtec.cat\/iesalmenar\/wp-content\/uploads\/usu784\/2024\/02\/PCEE-2-300x166.png 300w, https:\/\/agora.xtec.cat\/iesalmenar\/wp-content\/uploads\/usu784\/2024\/02\/PCEE-2-150x83.png 150w, https:\/\/agora.xtec.cat\/iesalmenar\/wp-content\/uploads\/usu784\/2024\/02\/PCEE-2.png 355w\" sizes=\"auto, (max-width: 306px) 100vw, 306px\" \/><\/a><\/p>\n<p>&nbsp;<\/p>\n","protected":false},"excerpt":{"rendered":"<p>La Generalitat de Catalunya, mitjan\u00e7ant els Departaments d&#8217;Ensenyament i de la Presid\u00e8ncia (Secretaria General de l&#8217;Esport), van acordar a finals del 2004 impulsar el Pla Catal\u00e0 d&#8217;Esport a l&#8217;Escola.<br \/>\nEl Pla pret\u00e9n posar a l&#8217;abast de tots els alumnes la pr\u00e0ctica d&#8217;activitats f\u00edsiques i esportives, i&hellip;  <a href=\"https:\/\/agora.xtec.cat\/iesalmenar\/pla-catala-de-lesport-a-lescola-pcee\/\" title=\"Read Pla Catal\u00e0 de l\u2019Esport a l\u2019Escola &#8211; PCEE\">Llegeix m\u00e9s\u00bb<\/a><\/p>\n","protected":false},"author":1,"featured_media":0,"parent":0,"menu_order":0,"comment_status":"closed","ping_status":"closed","template":"","meta":{"_bbp_topic_count":0,"_bbp_reply_count":0,"_bbp_total_topic_count":0,"_bbp_total_reply_count":0,"_bbp_voice_count":0,"_bbp_anonymous_reply_count":0,"_bbp_topic_count_hidden":0,"_bbp_reply_count_hidden":0,"_bbp_forum_subforum_count":0,"footnotes":""},"class_list":["post-4274","page","type-page","status-publish","hentry"],"post_mailing_queue_ids":[],"_links":{"self":[{"href":"https:\/\/agora.xtec.cat\/iesalmenar\/wp-json\/wp\/v2\/pages\/4274","targetHints":{"allow":["GET"]}}],"collection":[{"href":"https:\/\/agora.xtec.cat\/iesalmenar\/wp-json\/wp\/v2\/pages"}],"about":[{"href":"https:\/\/agora.xtec.cat\/iesalmenar\/wp-json\/wp\/v2\/types\/page"}],"author":[{"embeddable":true,"href":"https:\/\/agora.xtec.cat\/iesalmenar\/wp-json\/wp\/v2\/users\/1"}],"replies":[{"embeddable":true,"href":"https:\/\/agora.xtec.cat\/iesalmenar\/wp-json\/wp\/v2\/comments?post=4274"}],"version-history":[{"count":3,"href":"https:\/\/agora.xtec.cat\/iesalmenar\/wp-json\/wp\/v2\/pages\/4274\/revisions"}],"predecessor-version":[{"id":4333,"href":"https:\/\/agora.xtec.cat\/iesalmenar\/wp-json\/wp\/v2\/pages\/4274\/revisions\/4333"}],"wp:attachment":[{"href":"https:\/\/agora.xtec.cat\/iesalmenar\/wp-json\/wp\/v2\/media?parent=4274"}],"curies":[{"name":"wp","href":"https:\/\/api.w.org\/{rel}","templated":true}]}}

Pla Català de l’Esport a l’Escola &#8211; PCEE

<p class="cvGsUA direction-ltr align-justify para-style-body"><span class="OYPEnA text-decoration-none text-strikethrough-none">La Generalitat de Catalunya, mitjançant els Departaments d&#8217;Ensenyament i de la Presidència (Secretaria General de l&#8217;Esport), van acordar a finals del 2004 impulsar el </span><span class="OYPEnA text-decoration-none text-strikethrough-none">Pla Català d&#8217;Esport a l&#8217;Escola.</span></p>
<p class="cvGsUA direction-ltr align-justify para-style-body"><span class="OYPEnA text-decoration-none text-strikethrough-none">El Pla pretén posar a l&#8217;abast de tots els alumnes la pràctica d&#8217;activitats físiques i esportives, i aprofitar el gran potencial d&#8217;aquestes activitats per contribuir a la formació personal i cívica dels joves.</span></p>
<p class="cvGsUA direction-ltr align-justify para-style-body"><span class="OYPEnA text-decoration-none text-strikethrough-none">L’ Institut d’Almenar participa en el PCEE des de l’any 2005, els objectius principals son:</span></p>
<ul>
<li><span class="OYPEnA text-decoration-none text-strikethrough-none">Incrementar el nombre d’adolescents que realitzen una pràctica regular d’activitat física moderada</span></li>
<li><span class="OYPEnA text-decoration-none text-strikethrough-none">Utilitzar l’activitat física i esportiva per</span> <span class="OYPEnA text-decoration-none text-strikethrough-none">afavorir la integració i la cohesió social.</span></li>
<li><span class="OYPEnA text-decoration-none text-strikethrough-none">Afermar els hàbits de cura i salut corporal a l’institut.</span></li>
<li><span class="OYPEnA text-decoration-none text-strikethrough-none">·Incrementar l’oferta d’activitats fisicoes- portives extraescolars per tal de diversifi- car-la o adaptar-la als interessos de l’a- lumnat i dels diferents col·lectius.</span></li>
</ul>
<p><strong>ACTIVITATS:</strong></p>
<p class="cvGsUA direction-ltr align-justify para-style-body"><span class="OYPEnA text-decoration-none text-strikethrough-none">El centre en horari no lectiu ofereix als alumnes diferents activitats esportives les qual s’engegaran si hi ha un nombre mínim d’alumnes inscrits.</span></p>
<p class="cvGsUA direction-ltr align-justify para-style-body"><span class="OYPEnA text-decoration-none text-strikethrough-none">La durada de les activitats és del 3 d’Octu</span><span class="OYPEnA text-decoration-none text-strikethrough-none">bre al 3 de juny.</span></p>
<p><a href="https://agora.xtec.cat/iesalmenar/wp-content/uploads/usu784/2024/02/PCEE-1.png"><img loading="lazy" decoding="async" class="wp-image-4277 alignleft" src="https://agora.xtec.cat/iesalmenar/wp-content/uploads/usu784/2024/02/PCEE-1-300x295.png" alt="" width="245" height="241" srcset="https://agora.xtec.cat/iesalmenar/wp-content/uploads/usu784/2024/02/PCEE-1-300x295.png 300w, https://agora.xtec.cat/iesalmenar/wp-content/uploads/usu784/2024/02/PCEE-1-150x147.png 150w, https://agora.xtec.cat/iesalmenar/wp-content/uploads/usu784/2024/02/PCEE-1.png 358w" sizes="auto, (max-width: 245px) 100vw, 245px" /></a></p>
<p>&nbsp;</p>
<p>&nbsp;</p>
<p>&nbsp;</p>
<p>&nbsp;</p>
<p>&nbsp;</p>
<p>&nbsp;</p>
<p><strong>HORARIS:</strong></p>
<p><a href="https://agora.xtec.cat/iesalmenar/wp-content/uploads/usu784/2024/02/PCEE-2.png"><img loading="lazy" decoding="async" class="wp-image-4278 alignleft" src="https://agora.xtec.cat/iesalmenar/wp-content/uploads/usu784/2024/02/PCEE-2-300x166.png" alt="" width="306" height="169" srcset="https://agora.xtec.cat/iesalmenar/wp-content/uploads/usu784/2024/02/PCEE-2-300x166.png 300w, https://agora.xtec.cat/iesalmenar/wp-content/uploads/usu784/2024/02/PCEE-2-150x83.png 150w, https://agora.xtec.cat/iesalmenar/wp-content/uploads/usu784/2024/02/PCEE-2.png 355w" sizes="auto, (max-width: 306px) 100vw, 306px" /></a></p>
<p>&nbsp;</p>

<p>La Generalitat de Catalunya, mitjançant els Departaments d&#8217;Ensenyament i de la Presidència (Secretaria General de l&#8217;Esport), van acordar a finals del 2004 impulsar el Pla Català d&#8217;Esport a l&#8217;Escola.<br />
El Pla pretén posar a l&#8217;abast de tots els alumnes la pràctica d&#8217;activitats físiques i esportives, i&hellip;  <a href="https://agora.xtec.cat/iesalmenar/pla-catala-de-lesport-a-lescola-pcee/" title="Read Pla Català de l’Esport a l’Escola &#8211; PCEE">Llegeix més»</a></p>
