{"id":4187,"date":"2024-01-28T12:35:29","date_gmt":"2024-01-28T11:35:29","guid":{"rendered":"https:\/\/agora.xtec.cat\/iesalmenar\/?page_id=4187"},"modified":"2024-01-28T12:36:58","modified_gmt":"2024-01-28T11:36:58","slug":"fp-cfgm-gestio-administrativa","status":"publish","type":"page","link":"https:\/\/agora.xtec.cat\/iesalmenar\/fp-cfgm-gestio-administrativa\/","title":{"rendered":"FP CFGM Gesti\u00f3 Administrativa"},"content":{"rendered":"<p>Aquests estudis capaciten per exercir tasques de suport administratiu en l\u2019\u00e0mbit laboral, comptable, comercial, financer i fiscal i tasques de suport a les persones, en empreses p\u00fabliques o privades.<\/p>\r\n<p>La durada \u00e9s de 2.000 hores distribu\u00efdes en dos cursos acad\u00e8mics.<\/p>\r\n<h2 class=\"wp-block-heading\"><strong>Compet\u00e8ncia general<\/strong><\/h2>\r\n<p><!-- \/wp:heading -->\r\n<!-- wp:paragraph --><\/p>\r\n<p>La compet\u00e8ncia general d&#8217;aquest t\u00edtol consisteix a activitats de suport administratiu en l&#8217;\u00e0mbit laboral, comptable, comercial, financer i fiscal, aix\u00ed com d&#8217;atenci\u00f3 al client\/usuari, tant en empreses p\u00fabliques com en empreses privades, aplicant la normativa vigent i protocols de qualitat, assegurant la satisfacci\u00f3 del client i actuant segons les normes de prevenci\u00f3 de riscos laborals i de protecci\u00f3 ambiental.<\/p>\r\n<p><!-- \/wp:paragraph -->\r\n<!-- wp:heading --><\/p>\r\n<h2 class=\"wp-block-heading\">Acc\u00e9s<\/h2>\r\n<p><!-- \/wp:heading -->\r\n<!-- wp:paragraph --><\/p>\r\n<p>Tenen<strong>\u00a0acc\u00e9s directe<\/strong>\u00a0al cicle les persones que compleixen algun dels requisits seg\u00fcents:<\/p>\r\n<p><!-- \/wp:paragraph -->\r\n<!-- wp:list --><\/p>\r\n<ul><!-- wp:list-item -->\r\n\t<li>Tenir el t\u00edtol de graduat en educaci\u00f3 secund\u00e0ria obligat\u00f2ria<\/li>\r\n\t<li>Haver superat el curs espec\u00edfic per a l&#8217;acc\u00e9s als cicles de grau mitj\u00e0<\/li>\r\n\t<li>Tenir el t\u00edtol de t\u00e8cnic o de t\u00e8cnic auxiliar<\/li>\r\n\t<li>Haver superat el segon curs del batxillerat unificat i polivalent (BUP)<\/li>\r\n\t<li>Tenir altres estudis equivalents a efectes acad\u00e8mics<\/li>\r\n\t<li>Haver superat la prova d&#8217;acc\u00e9s a la universitat per a m\u00e9s grans de 25 anys o de 45 anys, o haver accedit a la universitat per haver acreditat experi\u00e8ncia laboral o professional tenint complerts 40 anys d&#8217;edat<\/li>\r\n\t<li>Haver superat els m\u00f2duls obligatoris d&#8217;un programa de qualificaci\u00f3 professional inicial (PQPI)<\/li>\r\n\t<li>Tenir un t\u00edtol per accedir a un cicle formatiu de grau superior.<\/li>\r\n<\/ul>\r\n<p>Les persones que no compleixen cap dels requisits esmentats han de superar una prova d&#8217;acc\u00e9s. Per presentar-s&#8217;hi cal tenir com a m\u00ednim 17 anys l&#8217;any en qu\u00e8 es fa la prova.<\/p>\r\n<h2 class=\"wp-block-heading\">M\u00f2duls professionals<\/h2>\r\n<p><!-- \/wp:heading -->\r\n<!-- wp:paragraph --><\/p>\r\n<p>Aquests m\u00f2duls professionals es distribueixen al llarg del dos cursos lectius:<\/p>\r\n<p><!-- \/wp:paragraph -->\r\n<!-- wp:list --><\/p>\r\n<ul><!-- wp:list-item -->\r\n\t<li>MP1. Comunicaci\u00f3 empresarial i atenci\u00f3 al client<\/li>\r\n\t<li>MP2. Operacions administratives de compravenda<\/li>\r\n\t<li>MP3. Operacions administratives de recursos humans<\/li>\r\n\t<li>MP4. Operacions auxiliars de gesti\u00f3 de tresoreria<\/li>\r\n\t<li>MP5. T\u00e8cnica comptable<\/li>\r\n\t<li>MP6. Tractament de la documentaci\u00f3 comptable<\/li>\r\n\t<li>MP7. Tractament inform\u00e0tic de la informaci\u00f3<\/li>\r\n\t<li>MP8. Angl\u00e8s<\/li>\r\n\t<li>MP9. Empresa i Administraci\u00f3<\/li>\r\n\t<li>MP10. Empresa a l&#8217;aula<\/li>\r\n\t<li>MP11. Formaci\u00f3 i orientaci\u00f3 laboral<\/li>\r\n\t<li>MP12. Formaci\u00f3 en centres de treball<\/li>\r\n<!-- \/wp:list-item --><\/ul>\r\n<p>Al nostre centre, a m\u00e9s, s&#8217;ofereix un m\u00f2dul de centre per a millorar la Compet\u00e8ncia Digital de l&#8217;Alumnat:<\/p>\r\n<ul>\r\n\t<li>MP13. Aplicacions web i m\u00f2bils<\/li>\r\n<\/ul>\r\n<p><!-- \/wp:list -->\r\n<!-- wp:heading --><\/p>\r\n<h2 class=\"wp-block-heading\">Sortides acad\u00e8miques i professionals<\/h2>\r\n<p><!-- \/wp:heading -->\r\n<!-- wp:paragraph --><\/p>\r\n<p>La superaci\u00f3 d&#8217;aquest cicle formatiu permet accedir al m\u00f3n laboral com a:<\/p>\r\n<ul>\r\n\t<li>Auxiliar administratiu o administrativa<\/li>\r\n\t<li>Ajudant o ajudanta d&#8217;oficina<\/li>\r\n\t<li>Auxiliar administratiu o administrativa de cobraments i pagaments, de gesti\u00f3 de personal<\/li>\r\n\t<li>Administratiu o administrativa comercial<\/li>\r\n\t<li>Auxiliar administratiu o administrativa de les administracions p\u00fabliques<\/li>\r\n\t<li>Recepcionista<\/li>\r\n\t<li>Empleat o empleada d&#8217;atenci\u00f3 al p\u00fablic<\/li>\r\n\t<li>Empleat o empleada de tresoreria<\/li>\r\n\t<li>Empleat o empleada en mitjans de pagament<\/li>\r\n<\/ul>\r\n<p><!-- \/wp:paragraph -->\r\n<!-- wp:list --><\/p>\r\n<ul><!-- wp:list-item -->\r\n\t<li style=\"list-style-type: none;\">\u00a0<\/li>\r\n<\/ul>","protected":false},"excerpt":{"rendered":"<p>Aquests estudis capaciten per exercir tasques de suport administratiu en l\u2019\u00e0mbit laboral, comptable, comercial, financer i fiscal i tasques de suport a les persones, en empreses p\u00fabliques o privades.<br \/>\nLa durada \u00e9s de 2.000 hores distribu\u00efdes en dos cursos acad\u00e8mics.<br \/>\nCompet\u00e8ncia general<\/p>\n<p>La compet\u00e8ncia general d&#8217;aquest t\u00edtol consisteix&hellip;  <a href=\"https:\/\/agora.xtec.cat\/iesalmenar\/fp-cfgm-gestio-administrativa\/\" title=\"Read FP CFGM Gesti\u00f3 Administrativa\">Llegeix m\u00e9s\u00bb<\/a><\/p>\n","protected":false},"author":1,"featured_media":0,"parent":0,"menu_order":0,"comment_status":"closed","ping_status":"closed","template":"","meta":{"_bbp_topic_count":0,"_bbp_reply_count":0,"_bbp_total_topic_count":0,"_bbp_total_reply_count":0,"_bbp_voice_count":0,"_bbp_anonymous_reply_count":0,"_bbp_topic_count_hidden":0,"_bbp_reply_count_hidden":0,"_bbp_forum_subforum_count":0,"footnotes":""},"class_list":["post-4187","page","type-page","status-publish","hentry"],"post_mailing_queue_ids":[],"_links":{"self":[{"href":"https:\/\/agora.xtec.cat\/iesalmenar\/wp-json\/wp\/v2\/pages\/4187","targetHints":{"allow":["GET"]}}],"collection":[{"href":"https:\/\/agora.xtec.cat\/iesalmenar\/wp-json\/wp\/v2\/pages"}],"about":[{"href":"https:\/\/agora.xtec.cat\/iesalmenar\/wp-json\/wp\/v2\/types\/page"}],"author":[{"embeddable":true,"href":"https:\/\/agora.xtec.cat\/iesalmenar\/wp-json\/wp\/v2\/users\/1"}],"replies":[{"embeddable":true,"href":"https:\/\/agora.xtec.cat\/iesalmenar\/wp-json\/wp\/v2\/comments?post=4187"}],"version-history":[{"count":2,"href":"https:\/\/agora.xtec.cat\/iesalmenar\/wp-json\/wp\/v2\/pages\/4187\/revisions"}],"predecessor-version":[{"id":4190,"href":"https:\/\/agora.xtec.cat\/iesalmenar\/wp-json\/wp\/v2\/pages\/4187\/revisions\/4190"}],"wp:attachment":[{"href":"https:\/\/agora.xtec.cat\/iesalmenar\/wp-json\/wp\/v2\/media?parent=4187"}],"curies":[{"name":"wp","href":"https:\/\/api.w.org\/{rel}","templated":true}]}}

FP CFGM Gestió Administrativa

<p>Aquests estudis capaciten per exercir tasques de suport administratiu en l’àmbit laboral, comptable, comercial, financer i fiscal i tasques de suport a les persones, en empreses públiques o privades.</p>
<p>La durada és de 2.000 hores distribuïdes en dos cursos acadèmics.</p>
<h2 class="wp-block-heading"><strong>Competència general</strong></h2>
<p><!-- /wp:heading -->
<!-- wp:paragraph --></p>
<p>La competència general d&#8217;aquest títol consisteix a activitats de suport administratiu en l&#8217;àmbit laboral, comptable, comercial, financer i fiscal, així com d&#8217;atenció al client/usuari, tant en empreses públiques com en empreses privades, aplicant la normativa vigent i protocols de qualitat, assegurant la satisfacció del client i actuant segons les normes de prevenció de riscos laborals i de protecció ambiental.</p>
<p><!-- /wp:paragraph -->
<!-- wp:heading --></p>
<h2 class="wp-block-heading">Accés</h2>
<p><!-- /wp:heading -->
<!-- wp:paragraph --></p>
<p>Tenen<strong> accés directe</strong> al cicle les persones que compleixen algun dels requisits següents:</p>
<p><!-- /wp:paragraph -->
<!-- wp:list --></p>
<ul><!-- wp:list-item -->
	<li>Tenir el títol de graduat en educació secundària obligatòria</li>
	<li>Haver superat el curs específic per a l&#8217;accés als cicles de grau mitjà</li>
	<li>Tenir el títol de tècnic o de tècnic auxiliar</li>
	<li>Haver superat el segon curs del batxillerat unificat i polivalent (BUP)</li>
	<li>Tenir altres estudis equivalents a efectes acadèmics</li>
	<li>Haver superat la prova d&#8217;accés a la universitat per a més grans de 25 anys o de 45 anys, o haver accedit a la universitat per haver acreditat experiència laboral o professional tenint complerts 40 anys d&#8217;edat</li>
	<li>Haver superat els mòduls obligatoris d&#8217;un programa de qualificació professional inicial (PQPI)</li>
	<li>Tenir un títol per accedir a un cicle formatiu de grau superior.</li>
</ul>
<p>Les persones que no compleixen cap dels requisits esmentats han de superar una prova d&#8217;accés. Per presentar-s&#8217;hi cal tenir com a mínim 17 anys l&#8217;any en què es fa la prova.</p>
<h2 class="wp-block-heading">Mòduls professionals</h2>
<p><!-- /wp:heading -->
<!-- wp:paragraph --></p>
<p>Aquests mòduls professionals es distribueixen al llarg del dos cursos lectius:</p>
<p><!-- /wp:paragraph -->
<!-- wp:list --></p>
<ul><!-- wp:list-item -->
	<li>MP1. Comunicació empresarial i atenció al client</li>
	<li>MP2. Operacions administratives de compravenda</li>
	<li>MP3. Operacions administratives de recursos humans</li>
	<li>MP4. Operacions auxiliars de gestió de tresoreria</li>
	<li>MP5. Tècnica comptable</li>
	<li>MP6. Tractament de la documentació comptable</li>
	<li>MP7. Tractament informàtic de la informació</li>
	<li>MP8. Anglès</li>
	<li>MP9. Empresa i Administració</li>
	<li>MP10. Empresa a l&#8217;aula</li>
	<li>MP11. Formació i orientació laboral</li>
	<li>MP12. Formació en centres de treball</li>
<!-- /wp:list-item --></ul>
<p>Al nostre centre, a més, s&#8217;ofereix un mòdul de centre per a millorar la Competència Digital de l&#8217;Alumnat:</p>
<ul>
	<li>MP13. Aplicacions web i mòbils</li>
</ul>
<p><!-- /wp:list -->
<!-- wp:heading --></p>
<h2 class="wp-block-heading">Sortides acadèmiques i professionals</h2>
<p><!-- /wp:heading -->
<!-- wp:paragraph --></p>
<p>La superació d&#8217;aquest cicle formatiu permet accedir al món laboral com a:</p>
<ul>
	<li>Auxiliar administratiu o administrativa</li>
	<li>Ajudant o ajudanta d&#8217;oficina</li>
	<li>Auxiliar administratiu o administrativa de cobraments i pagaments, de gestió de personal</li>
	<li>Administratiu o administrativa comercial</li>
	<li>Auxiliar administratiu o administrativa de les administracions públiques</li>
	<li>Recepcionista</li>
	<li>Empleat o empleada d&#8217;atenció al públic</li>
	<li>Empleat o empleada de tresoreria</li>
	<li>Empleat o empleada en mitjans de pagament</li>
</ul>
<p><!-- /wp:paragraph -->
<!-- wp:list --></p>
<ul><!-- wp:list-item -->
	<li style="list-style-type: none;"> </li>
</ul>

<p>Aquests estudis capaciten per exercir tasques de suport administratiu en l’àmbit laboral, comptable, comercial, financer i fiscal i tasques de suport a les persones, en empreses públiques o privades.<br />
La durada és de 2.000 hores distribuïdes en dos cursos acadèmics.<br />
Competència general</p>
<p>La competència general d&#8217;aquest títol consisteix&hellip;  <a href="https://agora.xtec.cat/iesalmenar/fp-cfgm-gestio-administrativa/" title="Read FP CFGM Gestió Administrativa">Llegeix més»</a></p>
