{"id":4152,"date":"2023-05-08T06:40:07","date_gmt":"2023-05-08T06:40:07","guid":{"rendered":"https:\/\/insalmenar.cat\/?page_id=1761"},"modified":"2023-05-08T06:40:07","modified_gmt":"2023-05-08T06:40:07","slug":"fp-basica-informatica-doficina","status":"publish","type":"page","link":"https:\/\/agora.xtec.cat\/iesalmenar\/fp-basica-informatica-doficina\/","title":{"rendered":"FP Grau B\u00e0sic Inform\u00e0tica d&#8217;oficina"},"content":{"rendered":"\n<p>La superaci\u00f3 de la totalitat dels \u00e0mbits inclosos en un cicle formatiu de grau b\u00e0sic permet l&#8217;obtenci\u00f3 del t\u00edtol de Graduat en Educaci\u00f3 Secund\u00e0ria Obligat\u00f2ria i del t\u00edtol de t\u00e8cnic b\u00e0sic en l\u2019especialitat corresponent, que acredita les compet\u00e8ncies professionals adquirides.<\/p>\n\n\n\n<h2 class=\"wp-block-heading\"><strong>Compet\u00e8ncia general<\/strong><\/h2>\n\n\n\n<p>La compet\u00e8ncia general d&#8217;aquest t\u00edtol consisteix en realitzar operacions auxiliars de muntatge i manteniment de sistemes microinform\u00e0tics, perif\u00e8rics i xarxes de comunicaci\u00f3 de dades, i de tractament, reproducci\u00f3 i arxiu de documents, operand amb la qualitat indicada, observant les normes de prevenci\u00f3 de riscos laborals i protecci\u00f3 mediambiental corresponents i comunicant-se de forma oral i escrita en llengua castellana i, si escau en la llengua cooficial pr\u00f2pia aix\u00ed com en llengua anglesa.<\/p>\n\n\n\n<h2 class=\"wp-block-heading\">Acc\u00e9s<\/h2>\n\n\n\n<p>Tenen<strong>&nbsp;acc\u00e9s directe<\/strong>&nbsp;al cicle les persones que compleixen algun dels requisits seg\u00fcents:<\/p>\n\n\n\n<ul class=\"wp-block-list\">\n<li>Tenir quinze&nbsp;anys complerts o complir-los durant l&#8217;any natural en el qual s&#8217;accedeix al cicle formatiu.<\/li>\n\n\n\n<li>Haver cursat tercer curs d&#8217;educaci\u00f3 secund\u00e0ria obligat\u00f2ria. Excepcionalment, s&#8217;hi pot accedir despr\u00e9s de haver cursat&nbsp;el segon curs.<\/li>\n\n\n\n<li>Haver rebut, el Consell orientador, una recomanaci\u00f3 de l&#8217;equip docent d&#8217;educaci\u00f3 secund\u00e0ria obligat\u00f2ria en aquest sentit.<\/li>\n<\/ul>\n\n\n\n<h2 class=\"wp-block-heading\">Preinscripci\u00f3<\/h2>\n\n\n\n<figure class=\"wp-block-embed aligncenter is-type-wp-embed is-provider-institut-d-039-almenar wp-block-embed-institut-d-039-almenar\"><div class=\"wp-block-embed__wrapper\">\nhttps:\/\/insalmenar.cat\/preinscripcions\/\n<\/div><\/figure>\n\n\n\n<h2 class=\"wp-block-heading\">M\u00f2duls professionals<\/h2>\n\n\n\n<p>Aquests m\u00f2duls professionals es distribueixen al llarg del dos cursos lectius:<\/p>\n\n\n\n<ul class=\"wp-block-list\">\n<li>MP1. Ci\u00e8ncies aplicades I<\/li>\n\n\n\n<li>MP2. Ci\u00e8ncies aplicades II<\/li>\n\n\n\n<li>MP3. Comunicaci\u00f3 i ci\u00e8ncies socials I<\/li>\n\n\n\n<li>MP4. Comunicaci\u00f3 i ci\u00e8ncies socials II<\/li>\n\n\n\n<li>MP5. Entorn laboral<\/li>\n\n\n\n<li>MP6. Muntatge i manteniment de sistemes i components inform\u00e0tics<\/li>\n\n\n\n<li>MP7. Operacions auxiliars per a la configuraci\u00f3 i l&#8217;explotaci\u00f3<\/li>\n\n\n\n<li>MP8. Ofim\u00e0tica i arxiu de documents<\/li>\n\n\n\n<li>MP9. Instal\u00b7laci\u00f3 i manteniment de xarxes per a transmissi\u00f3 de dades<\/li>\n\n\n\n<li>MP10. S\u00edntesi<\/li>\n\n\n\n<li>MP11. Formaci\u00f3 en centres de treball<\/li>\n<\/ul>\n\n\n\n<h2 class=\"wp-block-heading\">Sortides acad\u00e8miques i professionals<\/h2>\n\n\n\n<p>Les persones que superen un cicle formatiu de grau b\u00e0sic poden accedir:<\/p>\n\n\n\n<ul class=\"wp-block-list\">\n<li>Cicles formatius de grau mitj\u00e0, com <strong>Gesti\u00f3 Administrativa<\/strong>.<\/li>\n\n\n\n<li>Batxillerat.<\/li>\n\n\n\n<li><strong>M\u00f3n laboral<\/strong>:\n<ul class=\"wp-block-list\">\n<li>Ajudant de muntador o muntadora de sistemes microinform\u00e0tics,<\/li>\n\n\n\n<li>Ajudant de manteniment de sistemes inform\u00e0tics,<\/li>\n\n\n\n<li>Ajudant d\u2019instal\u00b7lador o instal\u00b7ladora de sistemes inform\u00e0tics,<\/li>\n\n\n\n<li>Ajudant d\u2019instal\u00b7lador o instal\u00b7ladora de sistemes per a la transmissi\u00f3 de dades,<\/li>\n\n\n\n<li>Auxiliar d\u2019oficina,<\/li>\n\n\n\n<li>Auxiliar de serveis generals,<\/li>\n\n\n\n<li>Gravador o gravadora o verificador o verificadora de dades,<\/li>\n\n\n\n<li>Auxiliar de digitalitzaci\u00f3, i<\/li>\n\n\n\n<li>Operador o operadora documental.<\/li>\n<\/ul>\n<\/li>\n<\/ul>\n","protected":false},"excerpt":{"rendered":"<p>La superaci\u00f3 de la totalitat dels \u00e0mbits inclosos en un cicle formatiu de grau b\u00e0sic permet l&#8217;obtenci\u00f3 del t\u00edtol de Graduat en Educaci\u00f3 Secund\u00e0ria Obligat\u00f2ria i del t\u00edtol de t\u00e8cnic b\u00e0sic en l\u2019especialitat corresponent, que acredita les compet\u00e8ncies professionals adquirides.<\/p>\n<p>Compet\u00e8ncia general<\/p>\n<p>La compet\u00e8ncia general d&#8217;aquest t\u00edtol&hellip;  <a href=\"https:\/\/agora.xtec.cat\/iesalmenar\/fp-basica-informatica-doficina\/\" title=\"Read FP Grau B\u00e0sic Inform\u00e0tica d&#8217;oficina\">Llegeix m\u00e9s\u00bb<\/a><\/p>\n","protected":false},"author":25,"featured_media":1781,"parent":0,"menu_order":0,"comment_status":"closed","ping_status":"closed","template":"","meta":{"_bbp_topic_count":0,"_bbp_reply_count":0,"_bbp_total_topic_count":0,"_bbp_total_reply_count":0,"_bbp_voice_count":0,"_bbp_anonymous_reply_count":0,"_bbp_topic_count_hidden":0,"_bbp_reply_count_hidden":0,"_bbp_forum_subforum_count":0,"footnotes":""},"class_list":["post-4152","page","type-page","status-publish","has-post-thumbnail","hentry"],"post_mailing_queue_ids":[],"_links":{"self":[{"href":"https:\/\/agora.xtec.cat\/iesalmenar\/wp-json\/wp\/v2\/pages\/4152","targetHints":{"allow":["GET"]}}],"collection":[{"href":"https:\/\/agora.xtec.cat\/iesalmenar\/wp-json\/wp\/v2\/pages"}],"about":[{"href":"https:\/\/agora.xtec.cat\/iesalmenar\/wp-json\/wp\/v2\/types\/page"}],"author":[{"embeddable":true,"href":"https:\/\/agora.xtec.cat\/iesalmenar\/wp-json\/wp\/v2\/users\/25"}],"replies":[{"embeddable":true,"href":"https:\/\/agora.xtec.cat\/iesalmenar\/wp-json\/wp\/v2\/comments?post=4152"}],"version-history":[{"count":0,"href":"https:\/\/agora.xtec.cat\/iesalmenar\/wp-json\/wp\/v2\/pages\/4152\/revisions"}],"wp:featuredmedia":[{"embeddable":true,"href":"https:\/\/agora.xtec.cat\/iesalmenar\/wp-json\/"}],"wp:attachment":[{"href":"https:\/\/agora.xtec.cat\/iesalmenar\/wp-json\/wp\/v2\/media?parent=4152"}],"curies":[{"name":"wp","href":"https:\/\/api.w.org\/{rel}","templated":true}]}}

FP Grau Bàsic Informàtica d&#8217;oficina

<p>La superació de la totalitat dels àmbits inclosos en un cicle formatiu de grau bàsic permet l&#8217;obtenció del títol de Graduat en Educació Secundària Obligatòria i del títol de tècnic bàsic en l’especialitat corresponent, que acredita les competències professionals adquirides.</p>



<h2 class="wp-block-heading"><strong>Competència general</strong></h2>



<p>La competència general d&#8217;aquest títol consisteix en realitzar operacions auxiliars de muntatge i manteniment de sistemes microinformàtics, perifèrics i xarxes de comunicació de dades, i de tractament, reproducció i arxiu de documents, operand amb la qualitat indicada, observant les normes de prevenció de riscos laborals i protecció mediambiental corresponents i comunicant-se de forma oral i escrita en llengua castellana i, si escau en la llengua cooficial pròpia així com en llengua anglesa.</p>



<h2 class="wp-block-heading">Accés</h2>



<p>Tenen<strong>&nbsp;accés directe</strong>&nbsp;al cicle les persones que compleixen algun dels requisits següents:</p>



<ul class="wp-block-list">
<li>Tenir quinze&nbsp;anys complerts o complir-los durant l&#8217;any natural en el qual s&#8217;accedeix al cicle formatiu.</li>



<li>Haver cursat tercer curs d&#8217;educació secundària obligatòria. Excepcionalment, s&#8217;hi pot accedir després de haver cursat&nbsp;el segon curs.</li>



<li>Haver rebut, el Consell orientador, una recomanació de l&#8217;equip docent d&#8217;educació secundària obligatòria en aquest sentit.</li>
</ul>



<h2 class="wp-block-heading">Preinscripció</h2>



<figure class="wp-block-embed aligncenter is-type-wp-embed is-provider-institut-d-039-almenar wp-block-embed-institut-d-039-almenar"><div class="wp-block-embed__wrapper">
https://insalmenar.cat/preinscripcions/
</div></figure>



<h2 class="wp-block-heading">Mòduls professionals</h2>



<p>Aquests mòduls professionals es distribueixen al llarg del dos cursos lectius:</p>



<ul class="wp-block-list">
<li>MP1. Ciències aplicades I</li>



<li>MP2. Ciències aplicades II</li>



<li>MP3. Comunicació i ciències socials I</li>



<li>MP4. Comunicació i ciències socials II</li>



<li>MP5. Entorn laboral</li>



<li>MP6. Muntatge i manteniment de sistemes i components informàtics</li>



<li>MP7. Operacions auxiliars per a la configuració i l&#8217;explotació</li>



<li>MP8. Ofimàtica i arxiu de documents</li>



<li>MP9. Instal·lació i manteniment de xarxes per a transmissió de dades</li>



<li>MP10. Síntesi</li>



<li>MP11. Formació en centres de treball</li>
</ul>



<h2 class="wp-block-heading">Sortides acadèmiques i professionals</h2>



<p>Les persones que superen un cicle formatiu de grau bàsic poden accedir:</p>



<ul class="wp-block-list">
<li>Cicles formatius de grau mitjà, com <strong>Gestió Administrativa</strong>.</li>



<li>Batxillerat.</li>



<li><strong>Món laboral</strong>:
<ul class="wp-block-list">
<li>Ajudant de muntador o muntadora de sistemes microinformàtics,</li>



<li>Ajudant de manteniment de sistemes informàtics,</li>



<li>Ajudant d’instal·lador o instal·ladora de sistemes informàtics,</li>



<li>Ajudant d’instal·lador o instal·ladora de sistemes per a la transmissió de dades,</li>



<li>Auxiliar d’oficina,</li>



<li>Auxiliar de serveis generals,</li>



<li>Gravador o gravadora o verificador o verificadora de dades,</li>



<li>Auxiliar de digitalització, i</li>



<li>Operador o operadora documental.</li>
</ul>
</li>
</ul>

<p>La superació de la totalitat dels àmbits inclosos en un cicle formatiu de grau bàsic permet l&#8217;obtenció del títol de Graduat en Educació Secundària Obligatòria i del títol de tècnic bàsic en l’especialitat corresponent, que acredita les competències professionals adquirides.</p>
<p>Competència general</p>
<p>La competència general d&#8217;aquest títol&hellip;  <a href="https://agora.xtec.cat/iesalmenar/fp-basica-informatica-doficina/" title="Read FP Grau Bàsic Informàtica d&#8217;oficina">Llegeix més»</a></p>
