{"id":4149,"date":"2022-02-21T10:47:44","date_gmt":"2022-02-21T10:47:44","guid":{"rendered":"https:\/\/insalmenar.cat\/?page_id=1181"},"modified":"2022-02-21T10:47:44","modified_gmt":"2022-02-21T10:47:44","slug":"jornada-de-portes-obertes","status":"publish","type":"page","link":"https:\/\/agora.xtec.cat\/iesalmenar\/jornada-de-portes-obertes\/","title":{"rendered":"Jornada de Portes Obertes"},"content":{"rendered":"\n<p>La jornada de portes obertes tindr\u00e0 lloc els dies<strong> 7 i 8 de mar\u00e7<\/strong>, ambd\u00f3s inclosos.<\/p>\n\n\n\n<p>Cal demanar cita pr\u00e8via a trav\u00e9s de:<\/p>\n\n\n\n<div class=\"wp-block-media-text alignwide is-stacked-on-mobile\" style=\"grid-template-columns:16% auto\"><figure class=\"wp-block-media-text__media\"><img decoding=\"async\" src=\"https:\/\/insalmenar.cat\/wp-content\/uploads\/2022\/02\/email.png\" alt=\"\" class=\"wp-image-1201 size-full\"\/><\/figure><div class=\"wp-block-media-text__content\">\n<p class=\"has-large-font-size\">c5006227@xtec.cat<\/p>\n<\/div><\/div>\n\n\n\n<div class=\"wp-block-media-text alignwide is-stacked-on-mobile\" style=\"grid-template-columns:15% auto\"><figure class=\"wp-block-media-text__media\"><img decoding=\"async\" src=\"https:\/\/insalmenar.cat\/wp-content\/uploads\/2022\/02\/telefon-2.png\" alt=\"\" class=\"wp-image-1205 size-full\"\/><\/figure><div class=\"wp-block-media-text__content\">\n<p class=\"has-large-font-size\">973 77 01 30<\/p>\n<\/div><\/div>\n\n\n\n<p>L&#8217;horari d&#8217;atenci\u00f3 \u00e9s de dilluns a divendres, de 9h a 14h.<\/p>\n","protected":false},"excerpt":{"rendered":"<p>La jornada de portes obertes tindr\u00e0 lloc els dies 7 i 8 de mar\u00e7, ambd\u00f3s inclosos.<\/p>\n<p>Cal demanar cita pr\u00e8via a trav\u00e9s de:<\/p>\n<p>c5006227@xtec.cat<\/p>\n<p>973 77 01 30<\/p>\n<p>L&#8217;horari d&#8217;atenci\u00f3 \u00e9s de dilluns a divendres, de 9h a 14h.<\/p>\n","protected":false},"author":25,"featured_media":0,"parent":0,"menu_order":0,"comment_status":"closed","ping_status":"closed","template":"","meta":{"_bbp_topic_count":0,"_bbp_reply_count":0,"_bbp_total_topic_count":0,"_bbp_total_reply_count":0,"_bbp_voice_count":0,"_bbp_anonymous_reply_count":0,"_bbp_topic_count_hidden":0,"_bbp_reply_count_hidden":0,"_bbp_forum_subforum_count":0,"footnotes":""},"class_list":["post-4149","page","type-page","status-publish","hentry"],"post_mailing_queue_ids":[],"_links":{"self":[{"href":"https:\/\/agora.xtec.cat\/iesalmenar\/wp-json\/wp\/v2\/pages\/4149","targetHints":{"allow":["GET"]}}],"collection":[{"href":"https:\/\/agora.xtec.cat\/iesalmenar\/wp-json\/wp\/v2\/pages"}],"about":[{"href":"https:\/\/agora.xtec.cat\/iesalmenar\/wp-json\/wp\/v2\/types\/page"}],"author":[{"embeddable":true,"href":"https:\/\/agora.xtec.cat\/iesalmenar\/wp-json\/wp\/v2\/users\/25"}],"replies":[{"embeddable":true,"href":"https:\/\/agora.xtec.cat\/iesalmenar\/wp-json\/wp\/v2\/comments?post=4149"}],"version-history":[{"count":0,"href":"https:\/\/agora.xtec.cat\/iesalmenar\/wp-json\/wp\/v2\/pages\/4149\/revisions"}],"wp:attachment":[{"href":"https:\/\/agora.xtec.cat\/iesalmenar\/wp-json\/wp\/v2\/media?parent=4149"}],"curies":[{"name":"wp","href":"https:\/\/api.w.org\/{rel}","templated":true}]}}

<p>La jornada de portes obertes tindrà lloc els dies<strong> 7 i 8 de març</strong>, ambdós inclosos.</p>



<p>Cal demanar cita prèvia a través de:</p>



<div class="wp-block-media-text alignwide is-stacked-on-mobile" style="grid-template-columns:16% auto"><figure class="wp-block-media-text__media"><img decoding="async" src="https://insalmenar.cat/wp-content/uploads/2022/02/email.png" alt="" class="wp-image-1201 size-full"/></figure><div class="wp-block-media-text__content">
<p class="has-large-font-size">c5006227@xtec.cat</p>
</div></div>



<div class="wp-block-media-text alignwide is-stacked-on-mobile" style="grid-template-columns:15% auto"><figure class="wp-block-media-text__media"><img decoding="async" src="https://insalmenar.cat/wp-content/uploads/2022/02/telefon-2.png" alt="" class="wp-image-1205 size-full"/></figure><div class="wp-block-media-text__content">
<p class="has-large-font-size">973 77 01 30</p>
</div></div>



<p>L&#8217;horari d&#8217;atenció és de dilluns a divendres, de 9h a 14h.</p>

<p>La jornada de portes obertes tindrà lloc els dies 7 i 8 de març, ambdós inclosos.</p>
<p>Cal demanar cita prèvia a través de:</p>
<p>c5006227@xtec.cat</p>
<p>973 77 01 30</p>
<p>L&#8217;horari d&#8217;atenció és de dilluns a divendres, de 9h a 14h.</p>
