{"id":4052,"date":"2024-01-25T12:19:56","date_gmt":"2024-01-25T11:19:56","guid":{"rendered":"https:\/\/agora.xtec.cat\/iesalmenar\/?page_id=4052"},"modified":"2024-02-01T11:54:23","modified_gmt":"2024-02-01T10:54:23","slug":"historia","status":"publish","type":"page","link":"https:\/\/agora.xtec.cat\/iesalmenar\/historia\/","title":{"rendered":"Hist\u00f2ria"},"content":{"rendered":"<p>El poble d\u2019Almenar va entendre molt aviat la import\u00e0ncia de tenir un centre d\u2019educaci\u00f3 secund\u00e0ria al municipi. Aix\u00f2 li ha perm\u00e8s exercir una certa capitalitat en la sub-comarca de l\u2019Alt Segri\u00e0. El col\u00b7legi homologat Sant Sebasti\u00e0 va ser el primer intent d\u2019oferir estudis de secund\u00e0ria al municipi. Posteriorment al que anomenem avui edifici 1, s\u2019establiren les seccions delegades de BUP i COU, i per altra banda els estudis de Formaci\u00f3 Professional de primer grau de les especialitats d\u2019administratiu i d\u2019electricitat. Els estudis de batxillerat depenien de l\u2019institut Gili Gaya, i els estudis de Formaci\u00f3 professional de l\u2019institut de la Caparrella.<\/p>\n<p>El 8 de novembre de 1985 es va publicar al DOGC (610) la creaci\u00f3 de l\u2019institut d\u2019ensenyament secundari d\u2019Almenar. Es van integrar les dos seccions delegades en el nou centre. El curs 1992-93 es comen\u00e7\u00e0 a impartir el segon grau d\u2019FP en l\u2019especialitat d\u2019inform\u00e0tica a les empreses. El curs 1996-97 s\u2019inici\u00e0 el desplegament de l\u2019ESO. En aquell moment s\u2019impartia el grau mig de gesti\u00f3 administrativa i el superior d\u2019administraci\u00f3 i finances, llavors es transform\u00e0 l\u2019oferta en r\u00e8gim d\u2019alternan\u00e7a entre Administratiu i Comer\u00e7. Amb l\u2019allau de nou alumnat de l\u2019ESO, s\u2019incorpor\u00e0 al centre l\u2019edifici i el pati de l\u2019antiga escola Gil Viader, aquest edifici avui el coneixem com l\u2019edifici 2. L\u2019any 2003 es produ\u00ed la gran reforma estructural dels edificis del centre configurant la fisonomia actual. Del curs 2010-11 al 2020-21 es va oferir el doble grau en Gesti\u00f3 Administrativa i de Sistemes Microinform\u00e0tics i Xarxes. Avui dia el cicle \u00e9s de Gesti\u00f3 Administrativa en format dual. El darrer esdeveniment clau del centre fins a dia d\u2019avui, ha estat la incorporaci\u00f3 el curs 2018-19 del municipi d\u2019Alguaire al mapa escolar del centre, ampliant la seva \u00e0rea educativa.<\/p>\n<p>&nbsp;<\/p>\n","protected":false},"excerpt":{"rendered":"<p>El poble d\u2019Almenar va entendre molt aviat la import\u00e0ncia de tenir un centre d\u2019educaci\u00f3 secund\u00e0ria al municipi. Aix\u00f2 li ha perm\u00e8s exercir una certa capitalitat en la sub-comarca de l\u2019Alt Segri\u00e0. El col\u00b7legi homologat Sant Sebasti\u00e0 va ser el primer intent d\u2019oferir estudis de secund\u00e0ria&hellip;  <a href=\"https:\/\/agora.xtec.cat\/iesalmenar\/historia\/\" title=\"Read Hist\u00f2ria\">Llegeix m\u00e9s\u00bb<\/a><\/p>\n","protected":false},"author":1,"featured_media":0,"parent":0,"menu_order":0,"comment_status":"closed","ping_status":"closed","template":"","meta":{"_bbp_topic_count":0,"_bbp_reply_count":0,"_bbp_total_topic_count":0,"_bbp_total_reply_count":0,"_bbp_voice_count":0,"_bbp_anonymous_reply_count":0,"_bbp_topic_count_hidden":0,"_bbp_reply_count_hidden":0,"_bbp_forum_subforum_count":0,"footnotes":""},"class_list":["post-4052","page","type-page","status-publish","hentry"],"post_mailing_queue_ids":[],"_links":{"self":[{"href":"https:\/\/agora.xtec.cat\/iesalmenar\/wp-json\/wp\/v2\/pages\/4052","targetHints":{"allow":["GET"]}}],"collection":[{"href":"https:\/\/agora.xtec.cat\/iesalmenar\/wp-json\/wp\/v2\/pages"}],"about":[{"href":"https:\/\/agora.xtec.cat\/iesalmenar\/wp-json\/wp\/v2\/types\/page"}],"author":[{"embeddable":true,"href":"https:\/\/agora.xtec.cat\/iesalmenar\/wp-json\/wp\/v2\/users\/1"}],"replies":[{"embeddable":true,"href":"https:\/\/agora.xtec.cat\/iesalmenar\/wp-json\/wp\/v2\/comments?post=4052"}],"version-history":[{"count":2,"href":"https:\/\/agora.xtec.cat\/iesalmenar\/wp-json\/wp\/v2\/pages\/4052\/revisions"}],"predecessor-version":[{"id":4260,"href":"https:\/\/agora.xtec.cat\/iesalmenar\/wp-json\/wp\/v2\/pages\/4052\/revisions\/4260"}],"wp:attachment":[{"href":"https:\/\/agora.xtec.cat\/iesalmenar\/wp-json\/wp\/v2\/media?parent=4052"}],"curies":[{"name":"wp","href":"https:\/\/api.w.org\/{rel}","templated":true}]}}

Història

<p>El poble d’Almenar va entendre molt aviat la importància de tenir un centre d’educació secundària al municipi. Això li ha permès exercir una certa capitalitat en la sub-comarca de l’Alt Segrià. El col·legi homologat Sant Sebastià va ser el primer intent d’oferir estudis de secundària al municipi. Posteriorment al que anomenem avui edifici 1, s’establiren les seccions delegades de BUP i COU, i per altra banda els estudis de Formació Professional de primer grau de les especialitats d’administratiu i d’electricitat. Els estudis de batxillerat depenien de l’institut Gili Gaya, i els estudis de Formació professional de l’institut de la Caparrella.</p>
<p>El 8 de novembre de 1985 es va publicar al DOGC (610) la creació de l’institut d’ensenyament secundari d’Almenar. Es van integrar les dos seccions delegades en el nou centre. El curs 1992-93 es començà a impartir el segon grau d’FP en l’especialitat d’informàtica a les empreses. El curs 1996-97 s’inicià el desplegament de l’ESO. En aquell moment s’impartia el grau mig de gestió administrativa i el superior d’administració i finances, llavors es transformà l’oferta en règim d’alternança entre Administratiu i Comerç. Amb l’allau de nou alumnat de l’ESO, s’incorporà al centre l’edifici i el pati de l’antiga escola Gil Viader, aquest edifici avui el coneixem com l’edifici 2. L’any 2003 es produí la gran reforma estructural dels edificis del centre configurant la fisonomia actual. Del curs 2010-11 al 2020-21 es va oferir el doble grau en Gestió Administrativa i de Sistemes Microinformàtics i Xarxes. Avui dia el cicle és de Gestió Administrativa en format dual. El darrer esdeveniment clau del centre fins a dia d’avui, ha estat la incorporació el curs 2018-19 del municipi d’Alguaire al mapa escolar del centre, ampliant la seva àrea educativa.</p>
<p>&nbsp;</p>

<p>El poble d’Almenar va entendre molt aviat la importància de tenir un centre d’educació secundària al municipi. Això li ha permès exercir una certa capitalitat en la sub-comarca de l’Alt Segrià. El col·legi homologat Sant Sebastià va ser el primer intent d’oferir estudis de secundària&hellip;  <a href="https://agora.xtec.cat/iesalmenar/historia/" title="Read Història">Llegeix més»</a></p>
