{"id":1942,"date":"2023-11-29T17:07:36","date_gmt":"2023-11-29T17:07:36","guid":{"rendered":"https:\/\/insalmenar.cat\/?page_id=1942"},"modified":"2023-11-29T17:07:36","modified_gmt":"2023-11-29T17:07:36","slug":"fp-basica-informatica-doficina-2","status":"publish","type":"page","link":"https:\/\/agora.xtec.cat\/iesalmenar\/fp-basica-informatica-doficina-2\/","title":{"rendered":"FP Grau B\u00e0sic Serveis Administratius"},"content":{"rendered":"\n<p>La superaci\u00f3 de la totalitat dels \u00e0mbits inclosos en un cicle formatiu de grau b\u00e0sic permet l&#8217;obtenci\u00f3 del t\u00edtol de Graduat en Educaci\u00f3 Secund\u00e0ria Obligat\u00f2ria i del t\u00edtol de t\u00e8cnic b\u00e0sic en l\u2019especialitat corresponent, que acredita les compet\u00e8ncies professionals adquirides.<\/p>\n\n\n\n<h2 class=\"wp-block-heading\"><strong>Compet\u00e8ncia general<\/strong><\/h2>\n\n\n\n<p>La compet\u00e8ncia general del t\u00edtol consisteix a realitzar tasques administratives i de gesti\u00f3 b\u00e0siques, amb autonomia amb responsabilitat i iniciativa personal, operant amb la qualitat indicada, observant les normes de prevenci\u00f3 de riscos laborals i protecci\u00f3 mediambiental corresponents i comunicant-se de forma oral i escrita en llengua catalana i castellana i a nivell b\u00e0sic en llengua anglesa.<\/p>\n\n\n\n<h2 class=\"wp-block-heading\">Acc\u00e9s<\/h2>\n\n\n\n<p>Tenen<strong>&nbsp;acc\u00e9s directe<\/strong>&nbsp;al cicle les persones que compleixen algun dels requisits seg\u00fcents:<\/p>\n\n\n\n<ul class=\"wp-block-list\">\n<li>Tenir quinze&nbsp;anys complerts o complir-los durant l&#8217;any natural en el qual s&#8217;accedeix al cicle formatiu.<\/li>\n\n\n\n<li>Haver cursat tercer curs d&#8217;educaci\u00f3 secund\u00e0ria obligat\u00f2ria. Excepcionalment, s&#8217;hi pot accedir despr\u00e9s de haver cursat&nbsp;el segon curs.<\/li>\n\n\n\n<li>Haver rebut, el Consell orientador, una recomanaci\u00f3 de l&#8217;equip docent d&#8217;educaci\u00f3 secund\u00e0ria obligat\u00f2ria en aquest sentit.<\/li>\n<\/ul>\n\n\n\n<h2 class=\"wp-block-heading\">Preinscripci\u00f3<\/h2>\n\n\n\n<figure class=\"wp-block-embed aligncenter is-type-wp-embed is-provider-institut-d-039-almenar wp-block-embed-institut-d-039-almenar\"><div class=\"wp-block-embed__wrapper\">\nhttps:\/\/insalmenar.cat\/preinscripcions\/\n<\/div><\/figure>\n\n\n\n<h2 class=\"wp-block-heading\">M\u00f2duls professionals<\/h2>\n\n\n\n<p>Aquests m\u00f2duls professionals es distribueixen al llarg del dos cursos lectius:<\/p>\n\n\n\n<ul class=\"wp-block-list\">\n<li>MP1. Ci\u00e8ncies aplicades I<\/li>\n\n\n\n<li>MP2. Ci\u00e8ncies aplicades II<\/li>\n\n\n\n<li>MP3. Comunicaci\u00f3 i ci\u00e8ncies socials I<\/li>\n\n\n\n<li>MP4. Comunicaci\u00f3 i ci\u00e8ncies socials II<\/li>\n\n\n\n<li>MP5. Entorn laboral<\/li>\n\n\n\n<li>MP6. T\u00e8cniques administratives b\u00e0siques<\/li>\n\n\n\n<li>MP7. Arxiu i comunicaci\u00f3<\/li>\n\n\n\n<li>MP8. Atenci\u00f3 al client<\/li>\n\n\n\n<li>MP9. Preparaci\u00f3 de comandes i venda de productes<\/li>\n\n\n\n<li>MP10. Tractament inform\u00e0tic de dades<\/li>\n\n\n\n<li>MP11. Aplicacions b\u00e0siques d\u2019ofim\u00e0tica<\/li>\n\n\n\n<li>MP12. S\u00edntesi<\/li>\n\n\n\n<li>MP13. Formaci\u00f3 en centres de treball<\/li>\n<\/ul>\n\n\n\n<h2 class=\"wp-block-heading\">Sortides acad\u00e8miques i professionals<\/h2>\n\n\n\n<p>Les persones que superen un cicle formatiu de grau b\u00e0sic poden accedir:<\/p>\n\n\n\n<ul class=\"wp-block-list\">\n<li>Cicles formatius de grau mitj\u00e0, com <strong>Gesti\u00f3 Administrativa<\/strong>.<\/li>\n\n\n\n<li>Batxillerat.<\/li>\n\n\n\n<li><strong>M\u00f3n laboral<\/strong>:\n<ul class=\"wp-block-list\">\n<li>Auxiliar d\u2019oficina<\/li>\n\n\n\n<li>Auxiliar de serveis generals<\/li>\n\n\n\n<li>Auxiliar d&#8217;arxiu<\/li>\n\n\n\n<li>Ordenan\u00e7a<\/li>\n\n\n\n<li>Auxiliar d&#8217;informaci\u00f3<\/li>\n\n\n\n<li>Telefonista en serveis centrals d&#8217;informaci\u00f3<\/li>\n\n\n\n<li>Classificador o classificadora i repartidor o repartidora de correspond\u00e8ncia<\/li>\n\n\n\n<li>Gravador o gravadora i verificador o verificadora de dades<\/li>\n\n\n\n<li>Auxiliar de digitalitzaci\u00f3<\/li>\n\n\n\n<li>Operador o operadora documental<\/li>\n\n\n\n<li>Auxiliar de venda<\/li>\n\n\n\n<li>Auxiliar de dependent o de dependenta de comer\u00e7<\/li>\n\n\n\n<li>Operador o operadora de cobrament o caixer o caixera<\/li>\n<\/ul>\n<\/li>\n<\/ul>\n","protected":false},"excerpt":{"rendered":"<p>La superaci\u00f3 de la totalitat dels \u00e0mbits inclosos en un cicle formatiu de grau b\u00e0sic permet l&#8217;obtenci\u00f3 del t\u00edtol de Graduat en Educaci\u00f3 Secund\u00e0ria Obligat\u00f2ria i del t\u00edtol de t\u00e8cnic b\u00e0sic en l\u2019especialitat corresponent, que acredita les compet\u00e8ncies professionals adquirides.<\/p>\n<p>Compet\u00e8ncia general<\/p>\n<p>La compet\u00e8ncia general del t\u00edtol&hellip;  <a href=\"https:\/\/agora.xtec.cat\/iesalmenar\/fp-basica-informatica-doficina-2\/\" title=\"Read FP Grau B\u00e0sic Serveis Administratius\">Llegeix m\u00e9s\u00bb<\/a><\/p>\n","protected":false},"author":25,"featured_media":1945,"parent":0,"menu_order":0,"comment_status":"closed","ping_status":"closed","template":"","meta":{"_bbp_topic_count":0,"_bbp_reply_count":0,"_bbp_total_topic_count":0,"_bbp_total_reply_count":0,"_bbp_voice_count":0,"_bbp_anonymous_reply_count":0,"_bbp_topic_count_hidden":0,"_bbp_reply_count_hidden":0,"_bbp_forum_subforum_count":0,"footnotes":""},"class_list":["post-1942","page","type-page","status-publish","has-post-thumbnail","hentry"],"post_mailing_queue_ids":[],"_links":{"self":[{"href":"https:\/\/agora.xtec.cat\/iesalmenar\/wp-json\/wp\/v2\/pages\/1942","targetHints":{"allow":["GET"]}}],"collection":[{"href":"https:\/\/agora.xtec.cat\/iesalmenar\/wp-json\/wp\/v2\/pages"}],"about":[{"href":"https:\/\/agora.xtec.cat\/iesalmenar\/wp-json\/wp\/v2\/types\/page"}],"author":[{"embeddable":true,"href":"https:\/\/agora.xtec.cat\/iesalmenar\/wp-json\/wp\/v2\/users\/25"}],"replies":[{"embeddable":true,"href":"https:\/\/agora.xtec.cat\/iesalmenar\/wp-json\/wp\/v2\/comments?post=1942"}],"version-history":[{"count":0,"href":"https:\/\/agora.xtec.cat\/iesalmenar\/wp-json\/wp\/v2\/pages\/1942\/revisions"}],"wp:featuredmedia":[{"embeddable":true,"href":"https:\/\/agora.xtec.cat\/iesalmenar\/wp-json\/"}],"wp:attachment":[{"href":"https:\/\/agora.xtec.cat\/iesalmenar\/wp-json\/wp\/v2\/media?parent=1942"}],"curies":[{"name":"wp","href":"https:\/\/api.w.org\/{rel}","templated":true}]}}

FP Grau Bàsic Serveis Administratius

<p>La superació de la totalitat dels àmbits inclosos en un cicle formatiu de grau bàsic permet l&#8217;obtenció del títol de Graduat en Educació Secundària Obligatòria i del títol de tècnic bàsic en l’especialitat corresponent, que acredita les competències professionals adquirides.</p>



<h2 class="wp-block-heading"><strong>Competència general</strong></h2>



<p>La competència general del títol consisteix a realitzar tasques administratives i de gestió bàsiques, amb autonomia amb responsabilitat i iniciativa personal, operant amb la qualitat indicada, observant les normes de prevenció de riscos laborals i protecció mediambiental corresponents i comunicant-se de forma oral i escrita en llengua catalana i castellana i a nivell bàsic en llengua anglesa.</p>



<h2 class="wp-block-heading">Accés</h2>



<p>Tenen<strong>&nbsp;accés directe</strong>&nbsp;al cicle les persones que compleixen algun dels requisits següents:</p>



<ul class="wp-block-list">
<li>Tenir quinze&nbsp;anys complerts o complir-los durant l&#8217;any natural en el qual s&#8217;accedeix al cicle formatiu.</li>



<li>Haver cursat tercer curs d&#8217;educació secundària obligatòria. Excepcionalment, s&#8217;hi pot accedir després de haver cursat&nbsp;el segon curs.</li>



<li>Haver rebut, el Consell orientador, una recomanació de l&#8217;equip docent d&#8217;educació secundària obligatòria en aquest sentit.</li>
</ul>



<h2 class="wp-block-heading">Preinscripció</h2>



<figure class="wp-block-embed aligncenter is-type-wp-embed is-provider-institut-d-039-almenar wp-block-embed-institut-d-039-almenar"><div class="wp-block-embed__wrapper">
https://insalmenar.cat/preinscripcions/
</div></figure>



<h2 class="wp-block-heading">Mòduls professionals</h2>



<p>Aquests mòduls professionals es distribueixen al llarg del dos cursos lectius:</p>



<ul class="wp-block-list">
<li>MP1. Ciències aplicades I</li>



<li>MP2. Ciències aplicades II</li>



<li>MP3. Comunicació i ciències socials I</li>



<li>MP4. Comunicació i ciències socials II</li>



<li>MP5. Entorn laboral</li>



<li>MP6. Tècniques administratives bàsiques</li>



<li>MP7. Arxiu i comunicació</li>



<li>MP8. Atenció al client</li>



<li>MP9. Preparació de comandes i venda de productes</li>



<li>MP10. Tractament informàtic de dades</li>



<li>MP11. Aplicacions bàsiques d’ofimàtica</li>



<li>MP12. Síntesi</li>



<li>MP13. Formació en centres de treball</li>
</ul>



<h2 class="wp-block-heading">Sortides acadèmiques i professionals</h2>



<p>Les persones que superen un cicle formatiu de grau bàsic poden accedir:</p>



<ul class="wp-block-list">
<li>Cicles formatius de grau mitjà, com <strong>Gestió Administrativa</strong>.</li>



<li>Batxillerat.</li>



<li><strong>Món laboral</strong>:
<ul class="wp-block-list">
<li>Auxiliar d’oficina</li>



<li>Auxiliar de serveis generals</li>



<li>Auxiliar d&#8217;arxiu</li>



<li>Ordenança</li>



<li>Auxiliar d&#8217;informació</li>



<li>Telefonista en serveis centrals d&#8217;informació</li>



<li>Classificador o classificadora i repartidor o repartidora de correspondència</li>



<li>Gravador o gravadora i verificador o verificadora de dades</li>



<li>Auxiliar de digitalització</li>



<li>Operador o operadora documental</li>



<li>Auxiliar de venda</li>



<li>Auxiliar de dependent o de dependenta de comerç</li>



<li>Operador o operadora de cobrament o caixer o caixera</li>
</ul>
</li>
</ul>

<p>La superació de la totalitat dels àmbits inclosos en un cicle formatiu de grau bàsic permet l&#8217;obtenció del títol de Graduat en Educació Secundària Obligatòria i del títol de tècnic bàsic en l’especialitat corresponent, que acredita les competències professionals adquirides.</p>
<p>Competència general</p>
<p>La competència general del títol&hellip;  <a href="https://agora.xtec.cat/iesalmenar/fp-basica-informatica-doficina-2/" title="Read FP Grau Bàsic Serveis Administratius">Llegeix més»</a></p>
