{"id":125,"date":"2021-01-27T09:59:32","date_gmt":"2021-01-27T09:59:32","guid":{"rendered":"http:\/\/localhost\/insalmenar\/?page_id=6"},"modified":"2021-01-27T09:59:32","modified_gmt":"2021-01-27T09:59:32","slug":"formacio-professional-dual","status":"publish","type":"page","link":"https:\/\/agora.xtec.cat\/iesalmenar\/formacio-professional-dual\/","title":{"rendered":"Formaci\u00f3 Professional DUAL"},"content":{"rendered":"\n<h2 class=\"wp-block-heading\"><strong><span style=\"color:#5d6a70\" class=\"has-inline-color\">Qu\u00e8 \u00e9s la Formaci\u00f3 Professional dual (FP dual)?<\/span><\/strong><\/h2>\n\n\n\n<p>La Formaci\u00f3 Professional (FP) dual \u00e9s la modalitat de formaci\u00f3 professional en la qual l\u2019estudiant esdev\u00e9 aprenent i combina la formaci\u00f3 en el centre educatiu amb l\u2019activitat a l\u2019empresa.<\/p>\n\n\n\n<figure class=\"wp-block-embed-youtube wp-block-embed is-type-video is-provider-youtube wp-embed-aspect-16-9 wp-has-aspect-ratio\"><div class=\"wp-block-embed__wrapper\">\nhttps:\/\/youtu.be\/3kLOZ9_Hevk\n<\/div><\/figure>\n\n\n\n<figure class=\"wp-block-embed-youtube wp-block-embed is-type-video is-provider-youtube wp-embed-aspect-16-9 wp-has-aspect-ratio\"><div class=\"wp-block-embed__wrapper\">\nhttps:\/\/youtu.be\/2W4_xJ8l5e8\n<\/div><\/figure>\n\n\n\n<figure class=\"wp-block-embed-youtube wp-block-embed is-type-video is-provider-youtube wp-embed-aspect-16-9 wp-has-aspect-ratio\"><div class=\"wp-block-embed__wrapper\">\nhttps:\/\/youtu.be\/5DuvhyjP6oo\n<\/div><\/figure>\n","protected":false},"excerpt":{"rendered":"<p>Qu\u00e8 \u00e9s la Formaci\u00f3 Professional dual (FP dual)?<\/p>\n<p>La Formaci\u00f3 Professional (FP) dual \u00e9s la modalitat de formaci\u00f3 professional en la qual l\u2019estudiant esdev\u00e9 aprenent i combina la formaci\u00f3 en el centre educatiu amb l\u2019activitat a l\u2019empresa.<\/p>\n<p>https:\/\/youtu.be\/3kLOZ9_Hevk<\/p>\n<p>https:\/\/youtu.be\/2W4_xJ8l5e8<\/p>\n<p>https:\/\/youtu.be\/5DuvhyjP6oo<\/p>\n","protected":false},"author":25,"featured_media":0,"parent":0,"menu_order":0,"comment_status":"closed","ping_status":"closed","template":"","meta":{"_bbp_topic_count":0,"_bbp_reply_count":0,"_bbp_total_topic_count":0,"_bbp_total_reply_count":0,"_bbp_voice_count":0,"_bbp_anonymous_reply_count":0,"_bbp_topic_count_hidden":0,"_bbp_reply_count_hidden":0,"_bbp_forum_subforum_count":0,"footnotes":""},"class_list":["post-125","page","type-page","status-publish","hentry"],"post_mailing_queue_ids":[],"_links":{"self":[{"href":"https:\/\/agora.xtec.cat\/iesalmenar\/wp-json\/wp\/v2\/pages\/125","targetHints":{"allow":["GET"]}}],"collection":[{"href":"https:\/\/agora.xtec.cat\/iesalmenar\/wp-json\/wp\/v2\/pages"}],"about":[{"href":"https:\/\/agora.xtec.cat\/iesalmenar\/wp-json\/wp\/v2\/types\/page"}],"author":[{"embeddable":true,"href":"https:\/\/agora.xtec.cat\/iesalmenar\/wp-json\/wp\/v2\/users\/25"}],"replies":[{"embeddable":true,"href":"https:\/\/agora.xtec.cat\/iesalmenar\/wp-json\/wp\/v2\/comments?post=125"}],"version-history":[{"count":0,"href":"https:\/\/agora.xtec.cat\/iesalmenar\/wp-json\/wp\/v2\/pages\/125\/revisions"}],"wp:attachment":[{"href":"https:\/\/agora.xtec.cat\/iesalmenar\/wp-json\/wp\/v2\/media?parent=125"}],"curies":[{"name":"wp","href":"https:\/\/api.w.org\/{rel}","templated":true}]}}

Formació Professional DUAL

<h2 class="wp-block-heading"><strong><span style="color:#5d6a70" class="has-inline-color">Què és la Formació Professional dual (FP dual)?</span></strong></h2>



<p>La Formació Professional (FP) dual és la modalitat de formació professional en la qual l’estudiant esdevé aprenent i combina la formació en el centre educatiu amb l’activitat a l’empresa.</p>



<figure class="wp-block-embed-youtube wp-block-embed is-type-video is-provider-youtube wp-embed-aspect-16-9 wp-has-aspect-ratio"><div class="wp-block-embed__wrapper">
https://youtu.be/3kLOZ9_Hevk
</div></figure>



<figure class="wp-block-embed-youtube wp-block-embed is-type-video is-provider-youtube wp-embed-aspect-16-9 wp-has-aspect-ratio"><div class="wp-block-embed__wrapper">
https://youtu.be/2W4_xJ8l5e8
</div></figure>



<figure class="wp-block-embed-youtube wp-block-embed is-type-video is-provider-youtube wp-embed-aspect-16-9 wp-has-aspect-ratio"><div class="wp-block-embed__wrapper">
https://youtu.be/5DuvhyjP6oo
</div></figure>

<p>Què és la Formació Professional dual (FP dual)?</p>
<p>La Formació Professional (FP) dual és la modalitat de formació professional en la qual l’estudiant esdevé aprenent i combina la formació en el centre educatiu amb l’activitat a l’empresa.</p>
<p>https://youtu.be/3kLOZ9_Hevk</p>
<p>https://youtu.be/2W4_xJ8l5e8</p>
<p>https://youtu.be/5DuvhyjP6oo</p>
