{"id":707,"date":"2024-05-08T13:00:54","date_gmt":"2024-05-08T11:00:54","guid":{"rendered":"https:\/\/agora.xtec.cat\/iesalmata\/?page_id=707"},"modified":"2026-04-27T11:01:54","modified_gmt":"2026-04-27T09:01:54","slug":"membres","status":"publish","type":"page","link":"https:\/\/agora.xtec.cat\/iesalmata\/afa\/membres\/","title":{"rendered":"Qui som"},"content":{"rendered":"\n<p>Som l\u2019<strong>Associaci\u00f3 de Fam\u00edlies d\u2019Alumnes (AFA) <\/strong>de l\u2019Institut Almat\u00e0. Ens impliquem en la vida del centre amb la voluntat de sumar esfor\u00e7os, participar activament i mantenir una comunicaci\u00f3 directa i constructiva entre les fam\u00edlies i l\u2019institut, amb el benestar i l\u2019educaci\u00f3 de l\u2019alumnat com a prioritat.<\/p>\n\n\n\n<p>L\u2019AFA \u00e9s un espai obert a la participaci\u00f3 on escoltem les necessitats de les fam\u00edlies, generem propostes i impulsem iniciatives per contribuir a un institut m\u00e9s proper, din\u00e0mic i adaptat a la realitat de la seva comunitat educativa.<\/p>\n\n\n\n<p>Pensem que la implicaci\u00f3 de les fam\u00edlies \u00e9s clau per millorar l\u2019experi\u00e8ncia educativa, ja que refor\u00e7a la cohesi\u00f3 de la comunitat, afavoreix el di\u00e0leg i ajuda a afrontar amb una mirada m\u00e9s \u00e0mplia els reptes de l\u2019educaci\u00f3 secund\u00e0ria.<\/p>\n\n\n\n<p>Treballem amb objectius clars per enfortir el vincle entre fam\u00edlies i centre:<\/p>\n\n\n\n<ul class=\"wp-block-list\">\n<li>Afavorir una comunicaci\u00f3 fluida i transparent entre fam\u00edlies, professorat i equip directiu.<\/li>\n\n\n\n<li>Donar suport i participar en activitats i projectes educatius del centre.<\/li>\n\n\n\n<li>Impulsar un entorn inclusiu, participatiu i respectu\u00f3s amb totes les aportacions.<\/li>\n<\/ul>\n\n\n\n<p>Anima\u2019t a formar-ne part!<\/p>\n\n\n\n<p>Actualment, la Junta de l\u2019AFA est\u00e0 formada per:<\/p>\n\n\n\n<ul class=\"wp-block-list\">\n<li><strong>Margaret Esteban<\/strong>, presidenta<\/li>\n\n\n\n<li><strong>Carme Sarret<\/strong>, secret\u00e0ria<\/li>\n\n\n\n<li><strong>Mar\u00eda Jos\u00e9 Mart\u00ednez<\/strong>, tresorera<br><br><\/li>\n<\/ul>\n","protected":false},"excerpt":{"rendered":"<p>Som l\u2019Associaci\u00f3 de Fam\u00edlies d\u2019Alumnes (AFA) de l\u2019Institut Almat\u00e0. Ens impliquem en la vida del centre amb la voluntat de [&hellip;]<\/p>\n","protected":false},"author":3,"featured_media":0,"parent":705,"menu_order":0,"comment_status":"closed","ping_status":"closed","template":"","meta":{"_bbp_topic_count":0,"_bbp_reply_count":0,"_bbp_total_topic_count":0,"_bbp_total_reply_count":0,"_bbp_voice_count":0,"_bbp_anonymous_reply_count":0,"_bbp_topic_count_hidden":0,"_bbp_reply_count_hidden":0,"_bbp_forum_subforum_count":0,"site-sidebar-layout":"default","site-content-layout":"","ast-site-content-layout":"default","site-content-style":"default","site-sidebar-style":"default","ast-global-header-display":"","ast-banner-title-visibility":"","ast-main-header-display":"","ast-hfb-above-header-display":"","ast-hfb-below-header-display":"","ast-hfb-mobile-header-display":"","site-post-title":"","ast-breadcrumbs-content":"","ast-featured-img":"","footer-sml-layout":"","theme-transparent-header-meta":"","adv-header-id-meta":"","stick-header-meta":"","header-above-stick-meta":"","header-main-stick-meta":"","header-below-stick-meta":"","astra-migrate-meta-layouts":"set","ast-page-background-enabled":"default","ast-page-background-meta":{"desktop":{"background-color":"var(--ast-global-color-4)","background-image":"","background-repeat":"repeat","background-position":"center center","background-size":"auto","background-attachment":"scroll","background-type":"","background-media":"","overlay-type":"","overlay-color":"","overlay-opacity":"","overlay-gradient":""},"tablet":{"background-color":"","background-image":"","background-repeat":"repeat","background-position":"center center","background-size":"auto","background-attachment":"scroll","background-type":"","background-media":"","overlay-type":"","overlay-color":"","overlay-opacity":"","overlay-gradient":""},"mobile":{"background-color":"","background-image":"","background-repeat":"repeat","background-position":"center center","background-size":"auto","background-attachment":"scroll","background-type":"","background-media":"","overlay-type":"","overlay-color":"","overlay-opacity":"","overlay-gradient":""}},"ast-content-background-meta":{"desktop":{"background-color":"var(--ast-global-color-5)","background-image":"","background-repeat":"repeat","background-position":"center center","background-size":"auto","background-attachment":"scroll","background-type":"","background-media":"","overlay-type":"","overlay-color":"","overlay-opacity":"","overlay-gradient":""},"tablet":{"background-color":"var(--ast-global-color-5)","background-image":"","background-repeat":"repeat","background-position":"center center","background-size":"auto","background-attachment":"scroll","background-type":"","background-media":"","overlay-type":"","overlay-color":"","overlay-opacity":"","overlay-gradient":""},"mobile":{"background-color":"var(--ast-global-color-5)","background-image":"","background-repeat":"repeat","background-position":"center center","background-size":"auto","background-attachment":"scroll","background-type":"","background-media":"","overlay-type":"","overlay-color":"","overlay-opacity":"","overlay-gradient":""}},"footnotes":""},"class_list":["post-707","page","type-page","status-publish","hentry"],"post_mailing_queue_ids":[],"_links":{"self":[{"href":"https:\/\/agora.xtec.cat\/iesalmata\/wp-json\/wp\/v2\/pages\/707","targetHints":{"allow":["GET"]}}],"collection":[{"href":"https:\/\/agora.xtec.cat\/iesalmata\/wp-json\/wp\/v2\/pages"}],"about":[{"href":"https:\/\/agora.xtec.cat\/iesalmata\/wp-json\/wp\/v2\/types\/page"}],"author":[{"embeddable":true,"href":"https:\/\/agora.xtec.cat\/iesalmata\/wp-json\/wp\/v2\/users\/3"}],"replies":[{"embeddable":true,"href":"https:\/\/agora.xtec.cat\/iesalmata\/wp-json\/wp\/v2\/comments?post=707"}],"version-history":[{"count":3,"href":"https:\/\/agora.xtec.cat\/iesalmata\/wp-json\/wp\/v2\/pages\/707\/revisions"}],"predecessor-version":[{"id":7913,"href":"https:\/\/agora.xtec.cat\/iesalmata\/wp-json\/wp\/v2\/pages\/707\/revisions\/7913"}],"up":[{"embeddable":true,"href":"https:\/\/agora.xtec.cat\/iesalmata\/wp-json\/wp\/v2\/pages\/705"}],"wp:attachment":[{"href":"https:\/\/agora.xtec.cat\/iesalmata\/wp-json\/wp\/v2\/media?parent=707"}],"curies":[{"name":"wp","href":"https:\/\/api.w.org\/{rel}","templated":true}]}}

<p>Som l’<strong>Associació de Famílies d’Alumnes (AFA) </strong>de l’Institut Almatà. Ens impliquem en la vida del centre amb la voluntat de sumar esforços, participar activament i mantenir una comunicació directa i constructiva entre les famílies i l’institut, amb el benestar i l’educació de l’alumnat com a prioritat.</p>



<p>L’AFA és un espai obert a la participació on escoltem les necessitats de les famílies, generem propostes i impulsem iniciatives per contribuir a un institut més proper, dinàmic i adaptat a la realitat de la seva comunitat educativa.</p>



<p>Pensem que la implicació de les famílies és clau per millorar l’experiència educativa, ja que reforça la cohesió de la comunitat, afavoreix el diàleg i ajuda a afrontar amb una mirada més àmplia els reptes de l’educació secundària.</p>



<p>Treballem amb objectius clars per enfortir el vincle entre famílies i centre:</p>



<ul class="wp-block-list">
<li>Afavorir una comunicació fluida i transparent entre famílies, professorat i equip directiu.</li>



<li>Donar suport i participar en activitats i projectes educatius del centre.</li>



<li>Impulsar un entorn inclusiu, participatiu i respectuós amb totes les aportacions.</li>
</ul>



<p>Anima’t a formar-ne part!</p>



<p>Actualment, la Junta de l’AFA està formada per:</p>



<ul class="wp-block-list">
<li><strong>Margaret Esteban</strong>, presidenta</li>



<li><strong>Carme Sarret</strong>, secretària</li>



<li><strong>María José Martínez</strong>, tresorera<br><br></li>
</ul>

<p>Som l’Associació de Famílies d’Alumnes (AFA) de l’Institut Almatà. Ens impliquem en la vida del centre amb la voluntat de [&hellip;]</p>
