{"id":3807,"date":"2020-06-26T17:06:51","date_gmt":"2020-06-26T15:06:51","guid":{"rendered":"https:\/\/agora.xtec.cat\/iesalfacs\/?page_id=3807"},"modified":"2024-07-14T20:03:41","modified_gmt":"2024-07-14T18:03:41","slug":"ordinador","status":"publish","type":"page","link":"https:\/\/agora.xtec.cat\/iesalfacs\/ordinador\/","title":{"rendered":"Ordinador"},"content":{"rendered":"<h4>El Departament d&#8217;Educaci\u00f3 dins del <span style=\"color: #ff0000;\"><a style=\"color: #ff0000;\" href=\"https:\/\/projectes.xtec.cat\/edc\/alumnes\/\" target=\"_blank\" rel=\"noopener noreferrer\">Projecte d&#8217;acceleraci\u00f3 digital<\/a> <\/span>posar\u00e0 a disposici\u00f3 de l&#8217;alumnat l&#8217;ordinador. No \u00e9s necessari la compra de cap ordinador. Les fam\u00edlies hauran de signar un document de cessi\u00f3 on constaran les condicions i responsabilitats.<\/h4>\n<h3><span style=\"color: #ff0000;\"><strong>L&#8217;ORDINADOR \u00c9S UNA EINA DE TREBALL I UN RECURS PER L&#8217;ENSENYAMENT-APRENENTATGE PER TANT S&#8217;HA DE FER UN \u00daS RESPONSABLE DINS I FORA DEL CENTRE<\/strong><\/span><\/h3>\n<h4 id=\"h.p_ID_193\" class=\"zfr3Q\"><strong>En cas de qualsevol incid\u00e8ncia s&#8217;ha d&#8217;informar <\/strong>al coordinador TAC de l&#8217;institut.<\/h4>\n<section id=\"h.p_ID_18\" class=\"yaqOZd\">\n<div class=\"mYVXT\">\n<div class=\"LS81yb VICjCf\" tabindex=\"-1\">\n<div class=\"hJDwNd-AhqUyc-uQSCkd purZT-AhqUyc-II5mzb pSzOP-AhqUyc-qWD73c JNdkSc\">\n<div class=\"JNdkSc-SmKAyb\">\n<div class=\"\">\n<div class=\"oKdM2c Kzv0Me\">\n<div id=\"h.p_ID_24\" class=\"hJDwNd-AhqUyc-uQSCkd jXK9ad D2fZ2 OjCsFc wHaque GNzUNc\">\n<div class=\"jXK9ad-SmKAyb\">\n<div class=\"tyJCtd mGzaTb baZpAe\"><\/div>\n<\/div>\n<\/div>\n<\/div>\n<\/div>\n<\/div>\n<\/div>\n<\/div>\n<\/div>\n<\/section>\n<p><a href=\"https:\/\/agora.xtec.cat\/iesalfacs\/wp-content\/uploads\/usu209\/2020\/06\/ordinador.jpg\"><img loading=\"lazy\" decoding=\"async\" class=\"alignnone size-full wp-image-3809\" src=\"https:\/\/agora.xtec.cat\/iesalfacs\/wp-content\/uploads\/usu209\/2020\/06\/ordinador.jpg\" alt=\"\" width=\"1175\" height=\"881\" srcset=\"https:\/\/agora.xtec.cat\/iesalfacs\/wp-content\/uploads\/usu209\/2020\/06\/ordinador.jpg 1175w, https:\/\/agora.xtec.cat\/iesalfacs\/wp-content\/uploads\/usu209\/2020\/06\/ordinador-300x225.jpg 300w, https:\/\/agora.xtec.cat\/iesalfacs\/wp-content\/uploads\/usu209\/2020\/06\/ordinador-768x576.jpg 768w, https:\/\/agora.xtec.cat\/iesalfacs\/wp-content\/uploads\/usu209\/2020\/06\/ordinador-1024x768.jpg 1024w, https:\/\/agora.xtec.cat\/iesalfacs\/wp-content\/uploads\/usu209\/2020\/06\/ordinador-200x150.jpg 200w\" sizes=\"auto, (max-width: 1175px) 100vw, 1175px\" \/><\/a><\/p>\n<section id=\"h.p_ID_3\" class=\"yaqOZd LB7kq tpmmCb gk8rDe\">\n<div class=\"mYVXT\">\n<div class=\"LS81yb VICjCf\" tabindex=\"-1\">\n<div class=\"hJDwNd-AhqUyc-uQSCkd purZT-AhqUyc-II5mzb pSzOP-AhqUyc-qWD73c JNdkSc\">\n<div class=\"JNdkSc-SmKAyb\">\n<div class=\"\">\n<div class=\"oKdM2c Kzv0Me\">\n<div id=\"h.p_ID_5\" class=\"hJDwNd-AhqUyc-OiUrBf jXK9ad D2fZ2 OjCsFc wHaque GNzUNc\">\n<div class=\"jXK9ad-SmKAyb\">\n<div class=\"tyJCtd mGzaTb baZpAe lkHyyc\">\n<h1><a href=\"https:\/\/drive.google.com\/file\/d\/11ntEAT07S-2KP6L_VmTqQ3SjyF4MuDAK\/view?usp=sharing\" target=\"_blank\" rel=\"noopener noreferrer\">Normativa d&#8217;\u00fas de l&#8217;ordinador<\/a><\/h1>\n<h1 id=\"h.p_ID_13\" class=\"zfr3Q duRjpb\"><a class=\"dhtgD aw5Odc\" style=\"font-family: inherit; font-size: 1em; font-weight: normal;\" href=\"http:\/\/www.google.com\/url?q=http%3A%2F%2Fwww.xtec.cat%2Fweb%2Frecursos%2Ftecinformacio%2Finternet_segura&amp;sa=D&amp;sntz=1&amp;usg=AFQjCNFj7_zs5mo6S9_sng5rJcF6-ipjWg\" target=\"_blank\" rel=\"noopener noreferrer\">Internet segura (XTEC)<\/a><\/h1>\n<\/div>\n<\/div>\n<\/div>\n<\/div>\n<\/div>\n<\/div>\n<\/div>\n<\/div>\n<\/div>\n<\/section>\n<section id=\"h.p_ID_18\" class=\"yaqOZd\">\n<div class=\"mYVXT\">\n<div class=\"LS81yb VICjCf\" tabindex=\"-1\">\n<div class=\"hJDwNd-AhqUyc-uQSCkd purZT-AhqUyc-II5mzb pSzOP-AhqUyc-qWD73c JNdkSc\">\n<div class=\"JNdkSc-SmKAyb\">\n<div class=\"\">\n<div class=\"oKdM2c Kzv0Me\">\n<div id=\"h.p_ID_24\" class=\"hJDwNd-AhqUyc-uQSCkd jXK9ad D2fZ2 OjCsFc wHaque GNzUNc\">\n<div class=\"jXK9ad-SmKAyb\">\n<div class=\"tyJCtd mGzaTb baZpAe\">\n<p id=\"h.p_ID_36\" class=\"zfr3Q\">\n<\/div>\n<\/div>\n<\/div>\n<\/div>\n<\/div>\n<\/div>\n<\/div>\n<\/div>\n<\/div>\n<\/section>\n","protected":false},"excerpt":{"rendered":"<p>El Departament d&#8217;Educaci\u00f3 dins del Projecte d&#8217;acceleraci\u00f3 digital posar\u00e0 a disposici\u00f3 de l&#8217;alumnat l&#8217;ordinador. No \u00e9s necessari la compra de cap ordinador. Les fam\u00edlies hauran de signar un document de cessi\u00f3 on constaran les condicions i responsabilitats. L&#8217;ORDINADOR \u00c9S UNA EINA DE TREBALL I UN RECURS PER L&#8217;ENSENYAMENT-APRENENTATGE PER TANT S&#8217;HA DE FER UN \u00daS [&hellip;]<\/p>\n","protected":false},"author":1,"featured_media":0,"parent":0,"menu_order":0,"comment_status":"closed","ping_status":"closed","template":"","meta":{"_bbp_topic_count":0,"_bbp_reply_count":0,"_bbp_total_topic_count":0,"_bbp_total_reply_count":0,"_bbp_voice_count":0,"_bbp_anonymous_reply_count":0,"_bbp_topic_count_hidden":0,"_bbp_reply_count_hidden":0,"_bbp_forum_subforum_count":0,"site-sidebar-layout":"default","site-content-layout":"","ast-site-content-layout":"","site-content-style":"default","site-sidebar-style":"default","ast-global-header-display":"","ast-banner-title-visibility":"","ast-main-header-display":"","ast-hfb-above-header-display":"","ast-hfb-below-header-display":"","ast-hfb-mobile-header-display":"","site-post-title":"","ast-breadcrumbs-content":"","ast-featured-img":"","footer-sml-layout":"","theme-transparent-header-meta":"","adv-header-id-meta":"","stick-header-meta":"","header-above-stick-meta":"","header-main-stick-meta":"","header-below-stick-meta":"","astra-migrate-meta-layouts":"default","ast-page-background-enabled":"default","ast-page-background-meta":{"desktop":{"background-color":"var(--ast-global-color-4)","background-image":"","background-repeat":"repeat","background-position":"center center","background-size":"auto","background-attachment":"scroll","background-type":"","background-media":"","overlay-type":"","overlay-color":"","overlay-opacity":"","overlay-gradient":""},"tablet":{"background-color":"","background-image":"","background-repeat":"repeat","background-position":"center center","background-size":"auto","background-attachment":"scroll","background-type":"","background-media":"","overlay-type":"","overlay-color":"","overlay-opacity":"","overlay-gradient":""},"mobile":{"background-color":"","background-image":"","background-repeat":"repeat","background-position":"center center","background-size":"auto","background-attachment":"scroll","background-type":"","background-media":"","overlay-type":"","overlay-color":"","overlay-opacity":"","overlay-gradient":""}},"ast-content-background-meta":{"desktop":{"background-color":"var(--ast-global-color-5)","background-image":"","background-repeat":"repeat","background-position":"center center","background-size":"auto","background-attachment":"scroll","background-type":"","background-media":"","overlay-type":"","overlay-color":"","overlay-opacity":"","overlay-gradient":""},"tablet":{"background-color":"var(--ast-global-color-5)","background-image":"","background-repeat":"repeat","background-position":"center center","background-size":"auto","background-attachment":"scroll","background-type":"","background-media":"","overlay-type":"","overlay-color":"","overlay-opacity":"","overlay-gradient":""},"mobile":{"background-color":"var(--ast-global-color-5)","background-image":"","background-repeat":"repeat","background-position":"center center","background-size":"auto","background-attachment":"scroll","background-type":"","background-media":"","overlay-type":"","overlay-color":"","overlay-opacity":"","overlay-gradient":""}},"footnotes":""},"class_list":["post-3807","page","type-page","status-publish","hentry"],"post_mailing_queue_ids":[],"_links":{"self":[{"href":"https:\/\/agora.xtec.cat\/iesalfacs\/wp-json\/wp\/v2\/pages\/3807","targetHints":{"allow":["GET"]}}],"collection":[{"href":"https:\/\/agora.xtec.cat\/iesalfacs\/wp-json\/wp\/v2\/pages"}],"about":[{"href":"https:\/\/agora.xtec.cat\/iesalfacs\/wp-json\/wp\/v2\/types\/page"}],"author":[{"embeddable":true,"href":"https:\/\/agora.xtec.cat\/iesalfacs\/wp-json\/wp\/v2\/users\/1"}],"replies":[{"embeddable":true,"href":"https:\/\/agora.xtec.cat\/iesalfacs\/wp-json\/wp\/v2\/comments?post=3807"}],"version-history":[{"count":5,"href":"https:\/\/agora.xtec.cat\/iesalfacs\/wp-json\/wp\/v2\/pages\/3807\/revisions"}],"predecessor-version":[{"id":7141,"href":"https:\/\/agora.xtec.cat\/iesalfacs\/wp-json\/wp\/v2\/pages\/3807\/revisions\/7141"}],"wp:attachment":[{"href":"https:\/\/agora.xtec.cat\/iesalfacs\/wp-json\/wp\/v2\/media?parent=3807"}],"curies":[{"name":"wp","href":"https:\/\/api.w.org\/{rel}","templated":true}]}}