{"id":317,"date":"2016-08-31T23:44:08","date_gmt":"2016-08-31T22:44:08","guid":{"rendered":"http:\/\/agora.xtec.cat\/iesalfacs\/?page_id=317"},"modified":"2023-12-19T18:39:05","modified_gmt":"2023-12-19T17:39:05","slug":"perfil-del-contractant","status":"publish","type":"page","link":"https:\/\/agora.xtec.cat\/iesalfacs\/linstitut\/perfil-del-contractant\/","title":{"rendered":"Perfil del contractant"},"content":{"rendered":"<p>&nbsp;<\/p>\n<table>\n<tbody>\n<tr>\n<td>\u00d2rgan de contractaci\u00f3<\/td>\n<td>Francesc Brunet Vernet (Director INS Els Alfacs)<\/td>\n<\/tr>\n<tr>\n<td>Adre\u00e7a<\/td>\n<td>\u00a0Carrer Dr. Torn\u00e9, s\/n<\/p>\n<p>43540 Sant Carles de la R\u00e0pita<\/td>\n<\/tr>\n<tr>\n<td>Tel\u00e8fon<\/td>\n<td>977746982<\/td>\n<\/tr>\n<tr>\n<td>Fax<\/td>\n<td>977741706<\/td>\n<\/tr>\n<tr>\n<td>Correu electr\u00f2nic<\/td>\n<td>e3007221@xtec.cat<\/td>\n<\/tr>\n<tr>\n<td>Horari d&#8217;atenci\u00f3 al p\u00fablic<\/td>\n<td>Mat\u00ed: de dilluns a divendres de 10,30 a 13 hores<\/td>\n<\/tr>\n<tr>\n<td>Adre\u00e7a web<\/td>\n<td><a href=\"http:\/\/www.insalfacs.cat\" target=\"_blank\" rel=\"noopener noreferrer\">http:\/\/www.insalfacs.cat<\/a><\/td>\n<\/tr>\n<tr>\n<td>Adreces on presentar les ofertes<\/td>\n<td>INS Els Alfacs<\/p>\n<p>Carrer. Dr. Torn\u00e9, s\/n de<\/p>\n<p>43540 Sant Carles de la R\u00e0pita<\/p>\n<p>e3007221@xtec.cat<\/td>\n<\/tr>\n<tr>\n<td>Persona de contacte<\/td>\n<td>Joaqu\u00edn Chust Rambla (Secretari)<\/p>\n<p>Tel\u00e8fon: 977746982<\/p>\n<p>Correu electr\u00f2nic: jchust@insalfacs.cat<\/td>\n<\/tr>\n<\/tbody>\n<\/table>\n<p><a href=\"https:\/\/drive.google.com\/drive\/folders\/0ByDOM00BBIe5TDk1QXJST1FuZGc?usp=sharing\" target=\"_blank\" rel=\"noopener noreferrer\">CONTRACTES D&#8217;OBRES I DE SERVEIS<\/a><\/p>\n","protected":false},"excerpt":{"rendered":"<p>&nbsp; \u00d2rgan de contractaci\u00f3 Francesc Brunet Vernet (Director INS Els Alfacs) Adre\u00e7a \u00a0Carrer Dr. Torn\u00e9, s\/n 43540 Sant Carles de la R\u00e0pita Tel\u00e8fon 977746982 Fax 977741706 Correu electr\u00f2nic e3007221@xtec.cat Horari d&#8217;atenci\u00f3 al p\u00fablic Mat\u00ed: de dilluns a divendres de 10,30 a 13 hores Adre\u00e7a web http:\/\/www.insalfacs.cat Adreces on presentar les ofertes INS Els Alfacs Carrer. [&hellip;]<\/p>\n","protected":false},"author":1,"featured_media":0,"parent":19,"menu_order":60,"comment_status":"closed","ping_status":"closed","template":"","meta":{"_bbp_topic_count":0,"_bbp_reply_count":0,"_bbp_total_topic_count":0,"_bbp_total_reply_count":0,"_bbp_voice_count":0,"_bbp_anonymous_reply_count":0,"_bbp_topic_count_hidden":0,"_bbp_reply_count_hidden":0,"_bbp_forum_subforum_count":0,"site-sidebar-layout":"default","site-content-layout":"","ast-site-content-layout":"","site-content-style":"default","site-sidebar-style":"default","ast-global-header-display":"","ast-banner-title-visibility":"","ast-main-header-display":"","ast-hfb-above-header-display":"","ast-hfb-below-header-display":"","ast-hfb-mobile-header-display":"","site-post-title":"","ast-breadcrumbs-content":"","ast-featured-img":"","footer-sml-layout":"","theme-transparent-header-meta":"","adv-header-id-meta":"","stick-header-meta":"","header-above-stick-meta":"","header-main-stick-meta":"","header-below-stick-meta":"","astra-migrate-meta-layouts":"default","ast-page-background-enabled":"default","ast-page-background-meta":{"desktop":{"background-color":"var(--ast-global-color-4)","background-image":"","background-repeat":"repeat","background-position":"center center","background-size":"auto","background-attachment":"scroll","background-type":"","background-media":"","overlay-type":"","overlay-color":"","overlay-opacity":"","overlay-gradient":""},"tablet":{"background-color":"","background-image":"","background-repeat":"repeat","background-position":"center center","background-size":"auto","background-attachment":"scroll","background-type":"","background-media":"","overlay-type":"","overlay-color":"","overlay-opacity":"","overlay-gradient":""},"mobile":{"background-color":"","background-image":"","background-repeat":"repeat","background-position":"center center","background-size":"auto","background-attachment":"scroll","background-type":"","background-media":"","overlay-type":"","overlay-color":"","overlay-opacity":"","overlay-gradient":""}},"ast-content-background-meta":{"desktop":{"background-color":"var(--ast-global-color-5)","background-image":"","background-repeat":"repeat","background-position":"center center","background-size":"auto","background-attachment":"scroll","background-type":"","background-media":"","overlay-type":"","overlay-color":"","overlay-opacity":"","overlay-gradient":""},"tablet":{"background-color":"var(--ast-global-color-5)","background-image":"","background-repeat":"repeat","background-position":"center center","background-size":"auto","background-attachment":"scroll","background-type":"","background-media":"","overlay-type":"","overlay-color":"","overlay-opacity":"","overlay-gradient":""},"mobile":{"background-color":"var(--ast-global-color-5)","background-image":"","background-repeat":"repeat","background-position":"center center","background-size":"auto","background-attachment":"scroll","background-type":"","background-media":"","overlay-type":"","overlay-color":"","overlay-opacity":"","overlay-gradient":""}},"footnotes":""},"class_list":["post-317","page","type-page","status-publish","hentry"],"post_mailing_queue_ids":[],"_links":{"self":[{"href":"https:\/\/agora.xtec.cat\/iesalfacs\/wp-json\/wp\/v2\/pages\/317","targetHints":{"allow":["GET"]}}],"collection":[{"href":"https:\/\/agora.xtec.cat\/iesalfacs\/wp-json\/wp\/v2\/pages"}],"about":[{"href":"https:\/\/agora.xtec.cat\/iesalfacs\/wp-json\/wp\/v2\/types\/page"}],"author":[{"embeddable":true,"href":"https:\/\/agora.xtec.cat\/iesalfacs\/wp-json\/wp\/v2\/users\/1"}],"replies":[{"embeddable":true,"href":"https:\/\/agora.xtec.cat\/iesalfacs\/wp-json\/wp\/v2\/comments?post=317"}],"version-history":[{"count":7,"href":"https:\/\/agora.xtec.cat\/iesalfacs\/wp-json\/wp\/v2\/pages\/317\/revisions"}],"predecessor-version":[{"id":6680,"href":"https:\/\/agora.xtec.cat\/iesalfacs\/wp-json\/wp\/v2\/pages\/317\/revisions\/6680"}],"up":[{"embeddable":true,"href":"https:\/\/agora.xtec.cat\/iesalfacs\/wp-json\/wp\/v2\/pages\/19"}],"wp:attachment":[{"href":"https:\/\/agora.xtec.cat\/iesalfacs\/wp-json\/wp\/v2\/media?parent=317"}],"curies":[{"name":"wp","href":"https:\/\/api.w.org\/{rel}","templated":true}]}}