{"id":9532,"date":"2026-07-20T11:51:31","date_gmt":"2026-07-20T09:51:31","guid":{"rendered":"https:\/\/agora.xtec.cat\/iesalella\/?page_id=9532"},"modified":"2026-07-24T11:06:33","modified_gmt":"2026-07-24T09:06:33","slug":"benvinguda-pfi","status":"publish","type":"page","link":"https:\/\/agora.xtec.cat\/iesalella\/benvinguda-pfi\/","title":{"rendered":"Benvinguda PFI."},"content":{"rendered":"<p>PFI (Programes de Formaci\u00f3 i inserci\u00f3).<\/p>\n<ul>\n<li>PFI auxiliar vendes, oficina i atenci\u00f3 al p\u00fablic<\/li>\n<li>PFI auxiliar d&#8217;activitats esportives<\/li>\n<\/ul>\n<p><b>Inici de curs<\/b><\/p>\n<ul>\n<li style=\"font-weight: 400;\" aria-level=\"1\">\u00a0Dilluns 14 de setembre. Primer dia lectiu.<br \/>\n\u25cb 9:00. Alumnat convocat a la seva aula amb el seu tutor\/a per fer tutoria d\u2019inici de curs (El Masnou, edifici centre).<\/li>\n<\/ul>\n<p>Centre lliure de m\u00f2bils<br \/>\nTot i que la normativa de la Generalitat de Catalunya (Resoluci\u00f3 EDU\/1164\/2024, de 29 de<br \/>\nmar\u00e7) fa refer\u00e8ncia expl\u00edcita a l\u2019Educaci\u00f3 Secund\u00e0ria Obligat\u00f2ria, l\u2019Institut Alella, per acord de<br \/>\nclaustre i del Consell Escolar, ha est\u00e8s la condici\u00f3 de centre lliure de m\u00f2bils i d\u2019altres<br \/>\ndispositius electr\u00f2nics (com ara rellotges intel\u00b7ligents) tamb\u00e9 als ensenyaments<br \/>\npostobligatoris. Per aquest motiu, no est\u00e0 perm\u00e8s l\u2019\u00fas de tel\u00e8fons m\u00f2bils ni rellotges<br \/>\nintel\u00b7ligents durant l\u2019horari escolar, incloent els patis, sortides i activitats<br \/>\ncomplement\u00e0ries, excepte en casos pr\u00e8viament autoritzats pel centre per motius justificats<br \/>\n(salut, necessitats espec\u00edfiques, etc.).<\/p>\n","protected":false},"excerpt":{"rendered":"<p>PFI (Programes de Formaci\u00f3 i inserci\u00f3).<\/p>\n<ul>\n<li>PFI auxiliar vendes, oficina i atenci\u00f3 al p\u00fablic<\/li>\n<li>PFI auxiliar d&#8217;activitats esportives<\/li>\n<\/ul>\n<p>Inici de curs<\/p>\n<ul>\n<li style=\"font-weight: 400;\" aria-level=\"1\">\u00a0Dilluns 14 de setembre. Primer dia lectiu.<br \/>\n\u25cb 9:00. Alumnat convocat a la seva aula amb el seu tutor\/a per fer tutoria d\u2019inici de curs (El&hellip;  <a href=\"https:\/\/agora.xtec.cat\/iesalella\/benvinguda-pfi\/\" title=\"Read Benvinguda PFI.\">Llegeix m\u00e9s\u00bb<\/a><\/p>\n","protected":false},"author":1,"featured_media":0,"parent":0,"menu_order":0,"comment_status":"closed","ping_status":"closed","template":"","meta":{"_bbp_topic_count":0,"_bbp_reply_count":0,"_bbp_total_topic_count":0,"_bbp_total_reply_count":0,"_bbp_voice_count":0,"_bbp_anonymous_reply_count":0,"_bbp_topic_count_hidden":0,"_bbp_reply_count_hidden":0,"_bbp_forum_subforum_count":0,"footnotes":""},"class_list":["post-9532","page","type-page","status-publish","hentry"],"post_mailing_queue_ids":[],"_links":{"self":[{"href":"https:\/\/agora.xtec.cat\/iesalella\/wp-json\/wp\/v2\/pages\/9532","targetHints":{"allow":["GET"]}}],"collection":[{"href":"https:\/\/agora.xtec.cat\/iesalella\/wp-json\/wp\/v2\/pages"}],"about":[{"href":"https:\/\/agora.xtec.cat\/iesalella\/wp-json\/wp\/v2\/types\/page"}],"author":[{"embeddable":true,"href":"https:\/\/agora.xtec.cat\/iesalella\/wp-json\/wp\/v2\/users\/1"}],"replies":[{"embeddable":true,"href":"https:\/\/agora.xtec.cat\/iesalella\/wp-json\/wp\/v2\/comments?post=9532"}],"version-history":[{"count":2,"href":"https:\/\/agora.xtec.cat\/iesalella\/wp-json\/wp\/v2\/pages\/9532\/revisions"}],"predecessor-version":[{"id":9552,"href":"https:\/\/agora.xtec.cat\/iesalella\/wp-json\/wp\/v2\/pages\/9532\/revisions\/9552"}],"wp:attachment":[{"href":"https:\/\/agora.xtec.cat\/iesalella\/wp-json\/wp\/v2\/media?parent=9532"}],"curies":[{"name":"wp","href":"https:\/\/api.w.org\/{rel}","templated":true}]}}

<p>PFI (Programes de Formació i inserció).</p>
<ul>
<li>PFI auxiliar vendes, oficina i atenció al públic</li>
<li>PFI auxiliar d&#8217;activitats esportives</li>
</ul>
<p><b>Inici de curs</b></p>
<ul>
<li style="font-weight: 400;" aria-level="1"> Dilluns 14 de setembre. Primer dia lectiu.<br />
○ 9:00. Alumnat convocat a la seva aula amb el seu tutor/a per fer tutoria d’inici de curs (El Masnou, edifici centre).</li>
</ul>
<p>Centre lliure de mòbils<br />
Tot i que la normativa de la Generalitat de Catalunya (Resolució EDU/1164/2024, de 29 de<br />
març) fa referència explícita a l’Educació Secundària Obligatòria, l’Institut Alella, per acord de<br />
claustre i del Consell Escolar, ha estès la condició de centre lliure de mòbils i d’altres<br />
dispositius electrònics (com ara rellotges intel·ligents) també als ensenyaments<br />
postobligatoris. Per aquest motiu, no està permès l’ús de telèfons mòbils ni rellotges<br />
intel·ligents durant l’horari escolar, incloent els patis, sortides i activitats<br />
complementàries, excepte en casos prèviament autoritzats pel centre per motius justificats<br />
(salut, necessitats específiques, etc.).</p>

<p>PFI (Programes de Formació i inserció).</p>
<ul>
<li>PFI auxiliar vendes, oficina i atenció al públic</li>
<li>PFI auxiliar d&#8217;activitats esportives</li>
</ul>
<p>Inici de curs</p>
<ul>
<li style="font-weight: 400;" aria-level="1"> Dilluns 14 de setembre. Primer dia lectiu.<br />
○ 9:00. Alumnat convocat a la seva aula amb el seu tutor/a per fer tutoria d’inici de curs (El&hellip;  <a href="https://agora.xtec.cat/iesalella/benvinguda-pfi/" title="Read Benvinguda PFI.">Llegeix més»</a></p>
