{"id":5370,"date":"2019-09-13T19:25:59","date_gmt":"2019-09-13T17:25:59","guid":{"rendered":"http:\/\/agora.xtec.cat\/iesalella\/?page_id=5370"},"modified":"2022-09-15T14:12:51","modified_gmt":"2022-09-15T12:12:51","slug":"menus-2022-2023","status":"publish","type":"page","link":"https:\/\/agora.xtec.cat\/iesalella\/serveis-2\/menjador-escolar\/menus-2022-2023\/","title":{"rendered":"Men\u00fas 2022-2023"},"content":{"rendered":"<p>Aquest curs, des de l&#8217;empresa Al Teu Abast, responsable de la cantina de l&#8217;institut, s&#8217;han elaborat els men\u00fas per tal que les fam\u00edlies pugueu saber qu\u00e8 menjaran cada dia els vostres fills i filles, i facilitar aix\u00ed l&#8217;organitzaci\u00f3 dels sopars a casa.<\/p>\n<p>S&#8217;han planificat fins a vuit men\u00fas setmanals, per tant, al llarg de dos mesos tindran un men\u00fa diferent cada setmana.<\/p>\n<p>En els seg\u00fcents enlla\u00e7os podeu consultar tota la informaci\u00f3:<\/p>\n<ul>\n<li><a href=\"https:\/\/agora.xtec.cat\/iesalella\/wp-content\/uploads\/usu119\/2022\/09\/Menus-setmanes.pdf\">Distribuci\u00f3 setmanal dels men\u00fas<\/a><\/li>\n<li><a href=\"https:\/\/agora.xtec.cat\/iesalella\/wp-content\/uploads\/usu119\/2022\/09\/Menu-1-2022-2023.pdf\">Men\u00fa 1<\/a><\/li>\n<li><a href=\"https:\/\/agora.xtec.cat\/iesalella\/wp-content\/uploads\/usu119\/2022\/09\/Menus-2-2022-2023.pdf\">Men\u00fa 2<\/a><\/li>\n<\/ul>\n<p>Bon profit!<\/p>\n<p>&nbsp;<\/p>\n","protected":false},"excerpt":{"rendered":"<p>Aquest curs, des de l&#8217;empresa Al Teu Abast, responsable de la cantina de l&#8217;institut, s&#8217;han elaborat els men\u00fas per tal que les fam\u00edlies pugueu saber qu\u00e8 menjaran cada dia els vostres fills i filles, i facilitar aix\u00ed l&#8217;organitzaci\u00f3 dels sopars a casa.<br \/>\nS&#8217;han planificat fins a&hellip;  <a href=\"https:\/\/agora.xtec.cat\/iesalella\/serveis-2\/menjador-escolar\/menus-2022-2023\/\" title=\"Read Men\u00fas 2022-2023\">Llegeix m\u00e9s\u00bb<\/a><\/p>\n","protected":false},"author":1,"featured_media":0,"parent":69,"menu_order":0,"comment_status":"closed","ping_status":"closed","template":"page-templates\/side-menu.php","meta":{"_bbp_topic_count":0,"_bbp_reply_count":0,"_bbp_total_topic_count":0,"_bbp_total_reply_count":0,"_bbp_voice_count":0,"_bbp_anonymous_reply_count":0,"_bbp_topic_count_hidden":0,"_bbp_reply_count_hidden":0,"_bbp_forum_subforum_count":0,"footnotes":""},"class_list":["post-5370","page","type-page","status-publish","hentry"],"post_mailing_queue_ids":[],"_links":{"self":[{"href":"https:\/\/agora.xtec.cat\/iesalella\/wp-json\/wp\/v2\/pages\/5370","targetHints":{"allow":["GET"]}}],"collection":[{"href":"https:\/\/agora.xtec.cat\/iesalella\/wp-json\/wp\/v2\/pages"}],"about":[{"href":"https:\/\/agora.xtec.cat\/iesalella\/wp-json\/wp\/v2\/types\/page"}],"author":[{"embeddable":true,"href":"https:\/\/agora.xtec.cat\/iesalella\/wp-json\/wp\/v2\/users\/1"}],"replies":[{"embeddable":true,"href":"https:\/\/agora.xtec.cat\/iesalella\/wp-json\/wp\/v2\/comments?post=5370"}],"version-history":[{"count":3,"href":"https:\/\/agora.xtec.cat\/iesalella\/wp-json\/wp\/v2\/pages\/5370\/revisions"}],"predecessor-version":[{"id":7033,"href":"https:\/\/agora.xtec.cat\/iesalella\/wp-json\/wp\/v2\/pages\/5370\/revisions\/7033"}],"up":[{"embeddable":true,"href":"https:\/\/agora.xtec.cat\/iesalella\/wp-json\/wp\/v2\/pages\/69"}],"wp:attachment":[{"href":"https:\/\/agora.xtec.cat\/iesalella\/wp-json\/wp\/v2\/media?parent=5370"}],"curies":[{"name":"wp","href":"https:\/\/api.w.org\/{rel}","templated":true}]}}

Menús 2022-2023

<p>Aquest curs, des de l&#8217;empresa Al Teu Abast, responsable de la cantina de l&#8217;institut, s&#8217;han elaborat els menús per tal que les famílies pugueu saber què menjaran cada dia els vostres fills i filles, i facilitar així l&#8217;organització dels sopars a casa.</p>
<p>S&#8217;han planificat fins a vuit menús setmanals, per tant, al llarg de dos mesos tindran un menú diferent cada setmana.</p>
<p>En els següents enllaços podeu consultar tota la informació:</p>
<ul>
<li><a href="https://agora.xtec.cat/iesalella/wp-content/uploads/usu119/2022/09/Menus-setmanes.pdf">Distribució setmanal dels menús</a></li>
<li><a href="https://agora.xtec.cat/iesalella/wp-content/uploads/usu119/2022/09/Menu-1-2022-2023.pdf">Menú 1</a></li>
<li><a href="https://agora.xtec.cat/iesalella/wp-content/uploads/usu119/2022/09/Menus-2-2022-2023.pdf">Menú 2</a></li>
</ul>
<p>Bon profit!</p>
<p>&nbsp;</p>

<p>Aquest curs, des de l&#8217;empresa Al Teu Abast, responsable de la cantina de l&#8217;institut, s&#8217;han elaborat els menús per tal que les famílies pugueu saber què menjaran cada dia els vostres fills i filles, i facilitar així l&#8217;organització dels sopars a casa.<br />
S&#8217;han planificat fins a&hellip;  <a href="https://agora.xtec.cat/iesalella/serveis-2/menjador-escolar/menus-2022-2023/" title="Read Menús 2022-2023">Llegeix més»</a></p>
