{"id":7984,"date":"2026-03-18T11:39:13","date_gmt":"2026-03-18T10:39:13","guid":{"rendered":"https:\/\/agora.xtec.cat\/iesalcarras\/?page_id=7984"},"modified":"2026-03-19T10:10:01","modified_gmt":"2026-03-19T09:10:01","slug":"aprenentatge-i-servei","status":"publish","type":"page","link":"https:\/\/agora.xtec.cat\/iesalcarras\/aprenentatge-i-servei\/","title":{"rendered":"Aprenentatge i Servei"},"content":{"rendered":"<p>L&#8217;Aprenentge i Servei (APS) es tracta d\u2019una proposta educativa que combina processos d\u2019aprenentatge i de servei a la comunitat en un sol projecte ben articulat. Un projecte en el qual els participants es formen treballant sobre necessitats reals del seu entorn amb l\u2019objectiu de millorar-lo.<\/p>\n<p>Treballen a favor de la comunitat i alhora es formen en una doble direcci\u00f3: aprenen coneixements i compet\u00e8ncies curriculars relacionats amb l\u2019activitat de servei, i aprenen virtuts i valors c\u00edvics que es posen en joc durant el proc\u00e9s de l\u2019activitat.<\/p>\n<p>APRENENTATGE I SERVEI INS ALCARRAS 2025-2026<\/p>\n<p>ALUMNAT DE 3r ESO<\/p>\n<p>1. English &#8211; Let me help you<\/p>\n<p>2. Educaci\u00f3 F\u00edsica &#8211; Enganxa&#8217;t al badminton<\/p>\n<p>3. Tecnologia &#8211; M\u00e0quines encadenades<\/p>\n<p>4. Matem\u00e0tiques &#8211; Matem\u00e0gia<\/p>\n<p>5. Castellano &#8211; Ayudantes de biblioteca<\/p>\n<p>6. Catal\u00e0 &#8211; Parelles ling\u00fc\u00edstiques<\/p>\n<p>7. Catal\u00e0 &#8211; Revista del centre<\/p>\n<p>8. Orientaci\u00f3 &#8211; Ajudant a conviure<\/p>\n<p>9. Ci\u00e8ncies &#8211; Astronomia<\/p>\n<p>10. Socials &#8211; Catalogaci\u00f3 TdR<\/p>\n<p>11. Visual i pl\u00e0stica &#8211; Millora de l&#8217;espai est\u00e8tic<\/p>\n<p>12. Resid\u00e8ncia d&#8217;Alcarr\u00e0s (catal\u00e0)<\/p>\n<p>13. Alcarr\u00e0s Florit (socials)<\/p>\n","protected":false},"excerpt":{"rendered":"<p>L&#8217;Aprenentge i Servei (APS) es tracta d\u2019una proposta educativa que combina processos d\u2019aprenentatge i de servei a la comunitat en un sol projecte ben articulat. Un projecte en el qual els participants es formen treballant sobre necessitats reals del seu entorn amb l\u2019objectiu de millorar-lo.<br \/>\nTreballen&hellip;  <a href=\"https:\/\/agora.xtec.cat\/iesalcarras\/aprenentatge-i-servei\/\" title=\"Read Aprenentatge i Servei\">Llegeix m\u00e9s\u00bb<\/a><\/p>\n","protected":false},"author":1,"featured_media":0,"parent":0,"menu_order":0,"comment_status":"closed","ping_status":"closed","template":"","meta":{"_bbp_topic_count":0,"_bbp_reply_count":0,"_bbp_total_topic_count":0,"_bbp_total_reply_count":0,"_bbp_voice_count":0,"_bbp_anonymous_reply_count":0,"_bbp_topic_count_hidden":0,"_bbp_reply_count_hidden":0,"_bbp_forum_subforum_count":0,"footnotes":""},"class_list":["post-7984","page","type-page","status-publish","hentry"],"post_mailing_queue_ids":[],"_links":{"self":[{"href":"https:\/\/agora.xtec.cat\/iesalcarras\/wp-json\/wp\/v2\/pages\/7984","targetHints":{"allow":["GET"]}}],"collection":[{"href":"https:\/\/agora.xtec.cat\/iesalcarras\/wp-json\/wp\/v2\/pages"}],"about":[{"href":"https:\/\/agora.xtec.cat\/iesalcarras\/wp-json\/wp\/v2\/types\/page"}],"author":[{"embeddable":true,"href":"https:\/\/agora.xtec.cat\/iesalcarras\/wp-json\/wp\/v2\/users\/1"}],"replies":[{"embeddable":true,"href":"https:\/\/agora.xtec.cat\/iesalcarras\/wp-json\/wp\/v2\/comments?post=7984"}],"version-history":[{"count":2,"href":"https:\/\/agora.xtec.cat\/iesalcarras\/wp-json\/wp\/v2\/pages\/7984\/revisions"}],"predecessor-version":[{"id":7987,"href":"https:\/\/agora.xtec.cat\/iesalcarras\/wp-json\/wp\/v2\/pages\/7984\/revisions\/7987"}],"wp:attachment":[{"href":"https:\/\/agora.xtec.cat\/iesalcarras\/wp-json\/wp\/v2\/media?parent=7984"}],"curies":[{"name":"wp","href":"https:\/\/api.w.org\/{rel}","templated":true}]}}