{"id":7666,"date":"2025-09-30T11:39:55","date_gmt":"2025-09-30T09:39:55","guid":{"rendered":"https:\/\/agora.xtec.cat\/iesalcarras\/?page_id=7666"},"modified":"2026-08-03T14:52:19","modified_gmt":"2026-08-03T12:52:19","slug":"erasmus-4","status":"publish","type":"page","link":"https:\/\/agora.xtec.cat\/iesalcarras\/erasmus-4\/","title":{"rendered":"Erasmus+ Accreditation"},"content":{"rendered":"<div style=\"max-width: 1100px; margin: 0 auto; padding: 10px 15px 40px;\">\n<p>  <!-- Cap\u00e7alera --><\/p>\n<section style=\"\n    background: linear-gradient(135deg, #eef8ff 0%, #ffffff 55%, #e7f4ff 100%);\n    border-radius: 24px;\n    padding: 35px;\n    margin-bottom: 30px;\n    box-shadow: 0 8px 24px rgba(0, 70, 140, 0.08);\n  \"><\/p>\n<div style=\"\n      display: flex;\n      flex-wrap: wrap;\n      align-items: center;\n      gap: 30px;\n    \"><\/p>\n<div style=\"flex: 0 1 310px; margin: 0 auto; text-align: center;\">\n        <a href=\"https:\/\/agora.xtec.cat\/iesalcarras\/categoria\/erasmus-accreditation\/\"><br \/>\n          <img decoding=\"async\"\n            src=\"https:\/\/agora.xtec.cat\/iesalcarras\/wp-content\/uploads\/usu48\/2024\/09\/1726495828727-1.jpg\"\n            alt=\"Logotip del projecte Erasmus+ Accreditation de l'INS Alcarr\u00e0s\"\n            style=\"\n              display: block;\n              width: 100%;\n              max-width: 310px;\n              height: auto;\n              margin: 0 auto;\n              border-radius: 18px;\n            \"\n          \/><br \/>\n        <\/a>\n      <\/div>\n<div style=\"flex: 1 1 380px;\">\n<p style=\"\n          margin: 0 0 8px;\n          color: #0072bc;\n          font-size: 1rem;\n          font-weight: 700;\n          text-transform: uppercase;\n          letter-spacing: 0.06em;\n        \"><br \/>\n          Projecte europeu\n        <\/p>\n<h2 style=\"\n          margin: 0 0 18px;\n          color: #123f7a;\n          font-size: clamp(2rem, 5vw, 3.2rem);\n          line-height: 1.08;\n        \"><br \/>\n          Erasmus+ Accreditation<br \/>\n        <\/h2>\n<p style=\"\n          margin: 0 0 24px;\n          color: #333;\n          font-size: 1.12rem;\n          line-height: 1.65;\n        \"><br \/>\n          L\u2019acreditaci\u00f3 Erasmus+ permet impulsar la mobilitat, la cooperaci\u00f3<br \/>\n          internacional i l\u2019intercanvi de bones pr\u00e0ctiques entre centres<br \/>\n          educatius europeus.\n        <\/p>\n<div style=\"display: flex; flex-wrap: wrap; gap: 12px;\">\n<p>          <a\n            href=\"https:\/\/agora.xtec.cat\/iesalcarras\/categoria\/erasmus-accreditation\/\"\n            style=\"\n              display: inline-block;\n              padding: 12px 20px;\n              background: #0869b3;\n              color: #fff;\n              text-decoration: none;\n              font-weight: 700;\n              border-radius: 999px;\n            \"\n          ><br \/>\n            Not\u00edcies Erasmus+<br \/>\n          <\/a><\/p>\n<p>          <a\n            href=\"https:\/\/agora.xtec.cat\/iesalcarras\/wp-content\/uploads\/usu48\/2026\/01\/MEET-OUR-PARTNERS_20260120_124412_0000.pdf\"\n            target=\"_blank\"\n            rel=\"noopener\"\n            style=\"\n              display: inline-block;\n              padding: 12px 20px;\n              background: #fff;\n              color: #0869b3;\n              text-decoration: none;\n              font-weight: 700;\n              border: 2px solid #0869b3;\n              border-radius: 999px;\n            \"\n          ><br \/>\n            Coneix els nostres socis<br \/>\n          <\/a><\/p><\/div>\n<\/p><\/div>\n<\/p><\/div>\n<\/section>\n<p>  <!-- Documents --><\/p>\n<section style=\"margin-bottom: 35px;\">\n<h2 style=\"\n      margin: 0 0 18px;\n      color: #123f7a;\n      font-size: 1.8rem;\n    \"><br \/>\n      Objectius i actuacions<br \/>\n    <\/h2>\n<div style=\"\n      display: flex;\n      flex-wrap: wrap;\n      gap: 16px;\n    \"><\/p>\n<p>      <a\n        href=\"https:\/\/agora.xtec.cat\/iesalcarras\/wp-content\/uploads\/usu48\/2024\/09\/Erasmus2023ka121.pdf\"\n        target=\"_blank\"\n        rel=\"noopener\"\n        style=\"\n          flex: 1 1 280px;\n          display: block;\n          padding: 22px;\n          background: #fff;\n          color: #123f7a;\n          text-decoration: none;\n          border-radius: 16px;\n          border: 1px solid #dbe8f3;\n          box-shadow: 0 5px 16px rgba(0, 50, 100, 0.07);\n        \"\n      ><br \/>\n        <strong style=\"display: block; margin-bottom: 7px; font-size: 1.15rem;\"><br \/>\n          Curs 2023-2024<br \/>\n        <\/strong><br \/>\n        <span style=\"color: #555;\"><br \/>\n          Consulta els objectius i les actuacions de l\u2019acreditaci\u00f3.<br \/>\n        <\/span><br \/>\n      <\/a><\/p>\n<p>      <a\n        href=\"https:\/\/agora.xtec.cat\/iesalcarras\/wp-content\/uploads\/usu48\/2024\/10\/Accreditation-objectives-and-actions.pdf\"\n        target=\"_blank\"\n        rel=\"noopener\"\n        style=\"\n          flex: 1 1 280px;\n          display: block;\n          padding: 22px;\n          background: #fff;\n          color: #123f7a;\n          text-decoration: none;\n          border-radius: 16px;\n          border: 1px solid #dbe8f3;\n          box-shadow: 0 5px 16px rgba(0, 50, 100, 0.07);\n        \"\n      ><br \/>\n        <strong style=\"display: block; margin-bottom: 7px; font-size: 1.15rem;\"><br \/>\n          Curs 2024-2025<br \/>\n        <\/strong><br \/>\n        <span style=\"color: #555;\"><br \/>\n          Consulta els objectius i les actuacions de l\u2019acreditaci\u00f3.<br \/>\n        <\/span><br \/>\n      <\/a><\/p><\/div>\n<\/section>\n<p>  <!-- Projecte actual --><\/p>\n<section style=\"\n    display: flex;\n    flex-wrap: wrap;\n    gap: 30px;\n    align-items: center;\n    background: #f5f8fb;\n    border-radius: 22px;\n    padding: 30px;\n    margin-bottom: 35px;\n  \"><\/p>\n<div style=\"flex: 0 1 370px; margin: 0 auto; text-align: center;\">\n      <a\n        href=\"https:\/\/agora.xtec.cat\/iesalcarras\/wp-content\/uploads\/usu48\/2026\/01\/POSTER-OBJETIVOS-2025-KA121.png\"\n        target=\"_blank\"\n        rel=\"noopener\"\n      ><br \/>\n        <img decoding=\"async\"\n          src=\"https:\/\/agora.xtec.cat\/iesalcarras\/wp-content\/uploads\/usu48\/2026\/01\/POSTER-OBJETIVOS-2025-KA121.png\"\n          alt=\"Cartell dels objectius del projecte Erasmus+ KA121 2025\"\n          style=\"\n            display: block;\n            width: 100%;\n            max-width: 370px;\n            height: auto;\n            margin: 0 auto;\n            border-radius: 14px;\n            box-shadow: 0 8px 22px rgba(0, 0, 0, 0.14);\n          \"\n        \/><br \/>\n      <\/a>\n    <\/div>\n<div style=\"flex: 1 1 350px;\">\n<p style=\"\n        margin: 0 0 8px;\n        color: #0072bc;\n        font-weight: 700;\n        text-transform: uppercase;\n        letter-spacing: 0.05em;\n      \"><br \/>\n        Projecte KA121-SCH 2025\n      <\/p>\n<h2 style=\"\n        margin: 0 0 16px;\n        color: #123f7a;\n        font-size: 2rem;\n        line-height: 1.2;\n      \"><br \/>\n        Una xarxa europea d\u2019aprenentatge<br \/>\n      <\/h2>\n<p style=\"\n        margin: 0 0 20px;\n        color: #333;\n        font-size: 1.08rem;\n        line-height: 1.65;\n      \"><br \/>\n        El projecte promou la compet\u00e8ncia ling\u00fc\u00edstica, l\u2019aprenentatge<br \/>\n        intercultural, l\u2019observaci\u00f3 de bones pr\u00e0ctiques i la creaci\u00f3 de<br \/>\n        vincles duradors amb centres educatius europeus.\n      <\/p>\n<p>      <a\n        href=\"https:\/\/agora.xtec.cat\/iesalcarras\/wp-content\/uploads\/usu48\/2026\/01\/POSTER-OBJETIVOS-2025-KA121.png\"\n        target=\"_blank\"\n        rel=\"noopener\"\n        style=\"\n          display: inline-block;\n          padding: 12px 20px;\n          background: #0869b3;\n          color: #fff;\n          text-decoration: none;\n          font-weight: 700;\n          border-radius: 999px;\n        \"\n      ><br \/>\n        Amplia el cartell<br \/>\n      <\/a><\/p><\/div>\n<\/section>\n<p>  <!-- Enlla\u00e7 extern --><\/p>\n<section style=\"\n    text-align: center;\n    background: #123f7a;\n    color: #fff;\n    border-radius: 18px;\n    padding: 26px;\n  \"><\/p>\n<h2 style=\"margin: 0 0 10px; color: #fff;\">\n      M\u00e9s informaci\u00f3 sobre Erasmus+<br \/>\n    <\/h2>\n<p style=\"\n      max-width: 680px;\n      margin: 0 auto 18px;\n      line-height: 1.6;\n    \"><br \/>\n      Consulta la informaci\u00f3 oficial del Servei Espanyol per a la<br \/>\n      Internacionalitzaci\u00f3 de l\u2019Educaci\u00f3.\n    <\/p>\n<p>    <a\n      href=\"https:\/\/sepie.es\/index_amp.html\"\n      target=\"_blank\"\n      rel=\"noopener\"\n      style=\"\n        display: inline-block;\n        padding: 12px 22px;\n        background: #fff;\n        color: #123f7a;\n        text-decoration: none;\n        font-weight: 700;\n        border-radius: 999px;\n      \"\n    ><br \/>\n      Visita el web del SEPIE<br \/>\n    <\/a><\/p>\n<\/section>\n<\/div>\n<div dir=\"auto\">This project has been funded with support from the European Commission.<\/div>\n<div dir=\"auto\">This publication [communication] reflects the views only of the author, and the Commission cannot be held responsible for any use which may be<\/div>\n<div dir=\"auto\">made of the information contained therein<\/div>\n<\/div>\n","protected":false},"excerpt":{"rendered":"<p>Projecte europeu Erasmus+ Accreditation L\u2019acreditaci\u00f3 Erasmus+ permet impulsar la mobilitat, la cooperaci\u00f3 internacional i l\u2019intercanvi de bones pr\u00e0ctiques entre centres educatius europeus. Not\u00edcies Erasmus+ Coneix els nostres socis Objectius i actuacions Curs 2023-2024 Consulta els objectius i les actuacions de l\u2019acreditaci\u00f3. Curs 2024-2025 Consulta els objectius i les actuacions de l\u2019acreditaci\u00f3. Projecte KA121-SCH 2025 Una [&hellip;]<\/p>\n","protected":false},"author":1,"featured_media":0,"parent":0,"menu_order":0,"comment_status":"closed","ping_status":"closed","template":"","meta":{"_bbp_topic_count":0,"_bbp_reply_count":0,"_bbp_total_topic_count":0,"_bbp_total_reply_count":0,"_bbp_voice_count":0,"_bbp_anonymous_reply_count":0,"_bbp_topic_count_hidden":0,"_bbp_reply_count_hidden":0,"_bbp_forum_subforum_count":0,"site-sidebar-layout":"default","site-content-layout":"","ast-site-content-layout":"full-width-container","site-content-style":"default","site-sidebar-style":"default","ast-global-header-display":"","ast-banner-title-visibility":"","ast-main-header-display":"","ast-hfb-above-header-display":"","ast-hfb-below-header-display":"","ast-hfb-mobile-header-display":"","site-post-title":"","ast-breadcrumbs-content":"","ast-featured-img":"","footer-sml-layout":"","theme-transparent-header-meta":"","adv-header-id-meta":"","stick-header-meta":"","header-above-stick-meta":"","header-main-stick-meta":"","header-below-stick-meta":"","astra-migrate-meta-layouts":"set","ast-page-background-enabled":"default","ast-page-background-meta":{"desktop":{"background-color":"var(--ast-global-color-4)","background-image":"","background-repeat":"repeat","background-position":"center center","background-size":"auto","background-attachment":"scroll","background-type":"","background-media":"","overlay-type":"","overlay-color":"","overlay-opacity":"","overlay-gradient":""},"tablet":{"background-color":"","background-image":"","background-repeat":"repeat","background-position":"center center","background-size":"auto","background-attachment":"scroll","background-type":"","background-media":"","overlay-type":"","overlay-color":"","overlay-opacity":"","overlay-gradient":""},"mobile":{"background-color":"","background-image":"","background-repeat":"repeat","background-position":"center center","background-size":"auto","background-attachment":"scroll","background-type":"","background-media":"","overlay-type":"","overlay-color":"","overlay-opacity":"","overlay-gradient":""}},"ast-content-background-meta":{"desktop":{"background-color":"var(--ast-global-color-5)","background-image":"","background-repeat":"repeat","background-position":"center center","background-size":"auto","background-attachment":"scroll","background-type":"","background-media":"","overlay-type":"","overlay-color":"","overlay-opacity":"","overlay-gradient":""},"tablet":{"background-color":"var(--ast-global-color-5)","background-image":"","background-repeat":"repeat","background-position":"center center","background-size":"auto","background-attachment":"scroll","background-type":"","background-media":"","overlay-type":"","overlay-color":"","overlay-opacity":"","overlay-gradient":""},"mobile":{"background-color":"var(--ast-global-color-5)","background-image":"","background-repeat":"repeat","background-position":"center center","background-size":"auto","background-attachment":"scroll","background-type":"","background-media":"","overlay-type":"","overlay-color":"","overlay-opacity":"","overlay-gradient":""}},"footnotes":""},"class_list":["post-7666","page","type-page","status-publish","hentry"],"post_mailing_queue_ids":[],"_links":{"self":[{"href":"https:\/\/agora.xtec.cat\/iesalcarras\/wp-json\/wp\/v2\/pages\/7666","targetHints":{"allow":["GET"]}}],"collection":[{"href":"https:\/\/agora.xtec.cat\/iesalcarras\/wp-json\/wp\/v2\/pages"}],"about":[{"href":"https:\/\/agora.xtec.cat\/iesalcarras\/wp-json\/wp\/v2\/types\/page"}],"author":[{"embeddable":true,"href":"https:\/\/agora.xtec.cat\/iesalcarras\/wp-json\/wp\/v2\/users\/1"}],"replies":[{"embeddable":true,"href":"https:\/\/agora.xtec.cat\/iesalcarras\/wp-json\/wp\/v2\/comments?post=7666"}],"version-history":[{"count":6,"href":"https:\/\/agora.xtec.cat\/iesalcarras\/wp-json\/wp\/v2\/pages\/7666\/revisions"}],"predecessor-version":[{"id":8344,"href":"https:\/\/agora.xtec.cat\/iesalcarras\/wp-json\/wp\/v2\/pages\/7666\/revisions\/8344"}],"wp:attachment":[{"href":"https:\/\/agora.xtec.cat\/iesalcarras\/wp-json\/wp\/v2\/media?parent=7666"}],"curies":[{"name":"wp","href":"https:\/\/api.w.org\/{rel}","templated":true}]}}

<div style="max-width: 1100px; margin: 0 auto; padding: 10px 15px 40px;">
<p>  <!-- Capçalera --></p>
<section style="
    background: linear-gradient(135deg, #eef8ff 0%, #ffffff 55%, #e7f4ff 100%);
    border-radius: 24px;
    padding: 35px;
    margin-bottom: 30px;
    box-shadow: 0 8px 24px rgba(0, 70, 140, 0.08);
  "></p>
<div style="
      display: flex;
      flex-wrap: wrap;
      align-items: center;
      gap: 30px;
    "></p>
<div style="flex: 0 1 310px; margin: 0 auto; text-align: center;">
        <a href="https://agora.xtec.cat/iesalcarras/categoria/erasmus-accreditation/"><br />
          <img decoding="async"
            src="https://agora.xtec.cat/iesalcarras/wp-content/uploads/usu48/2024/09/1726495828727-1.jpg"
            alt="Logotip del projecte Erasmus+ Accreditation de l'INS Alcarràs"
            style="
              display: block;
              width: 100%;
              max-width: 310px;
              height: auto;
              margin: 0 auto;
              border-radius: 18px;
            "
          /><br />
        </a>
      </div>
<div style="flex: 1 1 380px;">
<p style="
          margin: 0 0 8px;
          color: #0072bc;
          font-size: 1rem;
          font-weight: 700;
          text-transform: uppercase;
          letter-spacing: 0.06em;
        "><br />
          Projecte europeu
        </p>
<h2 style="
          margin: 0 0 18px;
          color: #123f7a;
          font-size: clamp(2rem, 5vw, 3.2rem);
          line-height: 1.08;
        "><br />
          Erasmus+ Accreditation<br />
        </h2>
<p style="
          margin: 0 0 24px;
          color: #333;
          font-size: 1.12rem;
          line-height: 1.65;
        "><br />
          L’acreditació Erasmus+ permet impulsar la mobilitat, la cooperació<br />
          internacional i l’intercanvi de bones pràctiques entre centres<br />
          educatius europeus.
        </p>
<div style="display: flex; flex-wrap: wrap; gap: 12px;">
<p>          <a
            href="https://agora.xtec.cat/iesalcarras/categoria/erasmus-accreditation/"
            style="
              display: inline-block;
              padding: 12px 20px;
              background: #0869b3;
              color: #fff;
              text-decoration: none;
              font-weight: 700;
              border-radius: 999px;
            "
          ><br />
            Notícies Erasmus+<br />
          </a></p>
<p>          <a
            href="https://agora.xtec.cat/iesalcarras/wp-content/uploads/usu48/2026/01/MEET-OUR-PARTNERS_20260120_124412_0000.pdf"
            target="_blank"
            rel="noopener"
            style="
              display: inline-block;
              padding: 12px 20px;
              background: #fff;
              color: #0869b3;
              text-decoration: none;
              font-weight: 700;
              border: 2px solid #0869b3;
              border-radius: 999px;
            "
          ><br />
            Coneix els nostres socis<br />
          </a></p></div>
</p></div>
</p></div>
</section>
<p>  <!-- Documents --></p>
<section style="margin-bottom: 35px;">
<h2 style="
      margin: 0 0 18px;
      color: #123f7a;
      font-size: 1.8rem;
    "><br />
      Objectius i actuacions<br />
    </h2>
<div style="
      display: flex;
      flex-wrap: wrap;
      gap: 16px;
    "></p>
<p>      <a
        href="https://agora.xtec.cat/iesalcarras/wp-content/uploads/usu48/2024/09/Erasmus2023ka121.pdf"
        target="_blank"
        rel="noopener"
        style="
          flex: 1 1 280px;
          display: block;
          padding: 22px;
          background: #fff;
          color: #123f7a;
          text-decoration: none;
          border-radius: 16px;
          border: 1px solid #dbe8f3;
          box-shadow: 0 5px 16px rgba(0, 50, 100, 0.07);
        "
      ><br />
        <strong style="display: block; margin-bottom: 7px; font-size: 1.15rem;"><br />
          Curs 2023-2024<br />
        </strong><br />
        <span style="color: #555;"><br />
          Consulta els objectius i les actuacions de l’acreditació.<br />
        </span><br />
      </a></p>
<p>      <a
        href="https://agora.xtec.cat/iesalcarras/wp-content/uploads/usu48/2024/10/Accreditation-objectives-and-actions.pdf"
        target="_blank"
        rel="noopener"
        style="
          flex: 1 1 280px;
          display: block;
          padding: 22px;
          background: #fff;
          color: #123f7a;
          text-decoration: none;
          border-radius: 16px;
          border: 1px solid #dbe8f3;
          box-shadow: 0 5px 16px rgba(0, 50, 100, 0.07);
        "
      ><br />
        <strong style="display: block; margin-bottom: 7px; font-size: 1.15rem;"><br />
          Curs 2024-2025<br />
        </strong><br />
        <span style="color: #555;"><br />
          Consulta els objectius i les actuacions de l’acreditació.<br />
        </span><br />
      </a></p></div>
</section>
<p>  <!-- Projecte actual --></p>
<section style="
    display: flex;
    flex-wrap: wrap;
    gap: 30px;
    align-items: center;
    background: #f5f8fb;
    border-radius: 22px;
    padding: 30px;
    margin-bottom: 35px;
  "></p>
<div style="flex: 0 1 370px; margin: 0 auto; text-align: center;">
      <a
        href="https://agora.xtec.cat/iesalcarras/wp-content/uploads/usu48/2026/01/POSTER-OBJETIVOS-2025-KA121.png"
        target="_blank"
        rel="noopener"
      ><br />
        <img decoding="async"
          src="https://agora.xtec.cat/iesalcarras/wp-content/uploads/usu48/2026/01/POSTER-OBJETIVOS-2025-KA121.png"
          alt="Cartell dels objectius del projecte Erasmus+ KA121 2025"
          style="
            display: block;
            width: 100%;
            max-width: 370px;
            height: auto;
            margin: 0 auto;
            border-radius: 14px;
            box-shadow: 0 8px 22px rgba(0, 0, 0, 0.14);
          "
        /><br />
      </a>
    </div>
<div style="flex: 1 1 350px;">
<p style="
        margin: 0 0 8px;
        color: #0072bc;
        font-weight: 700;
        text-transform: uppercase;
        letter-spacing: 0.05em;
      "><br />
        Projecte KA121-SCH 2025
      </p>
<h2 style="
        margin: 0 0 16px;
        color: #123f7a;
        font-size: 2rem;
        line-height: 1.2;
      "><br />
        Una xarxa europea d’aprenentatge<br />
      </h2>
<p style="
        margin: 0 0 20px;
        color: #333;
        font-size: 1.08rem;
        line-height: 1.65;
      "><br />
        El projecte promou la competència lingüística, l’aprenentatge<br />
        intercultural, l’observació de bones pràctiques i la creació de<br />
        vincles duradors amb centres educatius europeus.
      </p>
<p>      <a
        href="https://agora.xtec.cat/iesalcarras/wp-content/uploads/usu48/2026/01/POSTER-OBJETIVOS-2025-KA121.png"
        target="_blank"
        rel="noopener"
        style="
          display: inline-block;
          padding: 12px 20px;
          background: #0869b3;
          color: #fff;
          text-decoration: none;
          font-weight: 700;
          border-radius: 999px;
        "
      ><br />
        Amplia el cartell<br />
      </a></p></div>
</section>
<p>  <!-- Enllaç extern --></p>
<section style="
    text-align: center;
    background: #123f7a;
    color: #fff;
    border-radius: 18px;
    padding: 26px;
  "></p>
<h2 style="margin: 0 0 10px; color: #fff;">
      Més informació sobre Erasmus+<br />
    </h2>
<p style="
      max-width: 680px;
      margin: 0 auto 18px;
      line-height: 1.6;
    "><br />
      Consulta la informació oficial del Servei Espanyol per a la<br />
      Internacionalització de l’Educació.
    </p>
<p>    <a
      href="https://sepie.es/index_amp.html"
      target="_blank"
      rel="noopener"
      style="
        display: inline-block;
        padding: 12px 22px;
        background: #fff;
        color: #123f7a;
        text-decoration: none;
        font-weight: 700;
        border-radius: 999px;
      "
    ><br />
      Visita el web del SEPIE<br />
    </a></p>
</section>
</div>
<div dir="auto">This project has been funded with support from the European Commission.</div>
<div dir="auto">This publication [communication] reflects the views only of the author, and the Commission cannot be held responsible for any use which may be</div>
<div dir="auto">made of the information contained therein</div>
</div>

<p>Projecte europeu Erasmus+ Accreditation L’acreditació Erasmus+ permet impulsar la mobilitat, la cooperació internacional i l’intercanvi de bones pràctiques entre centres educatius europeus. Notícies Erasmus+ Coneix els nostres socis Objectius i actuacions Curs 2023-2024 Consulta els objectius i les actuacions de l’acreditació. Curs 2024-2025 Consulta els objectius i les actuacions de l’acreditació. Projecte KA121-SCH 2025 Una [&hellip;]</p>
