{"id":73,"date":"2014-09-18T14:01:51","date_gmt":"2014-09-18T13:01:51","guid":{"rendered":"http:\/\/agora.xtec.cat\/iesalaibadrinas\/?page_id=73"},"modified":"2025-10-23T10:27:56","modified_gmt":"2025-10-23T08:27:56","slug":"menjador-escolar","status":"publish","type":"page","link":"https:\/\/agora.xtec.cat\/iesalaibadrinas\/serveis\/menjador-escolar\/","title":{"rendered":"Menjador escolar \ud83c\udf7d\ufe0f"},"content":{"rendered":"<p data-original-attrs=\"{&quot;style&quot;:&quot;&quot;}\"><a href=\"https:\/\/agora.xtec.cat\/iesalaibadrinas\/informacio-general-menjador\/\">INFORMACI\u00d3 GENERAL<\/a><\/p>\n<p data-original-attrs=\"{&quot;style&quot;:&quot;&quot;}\">L&#8217;empresa de menjador de les escoles p\u00fabliques de Terrassa ha canviat i a partir d&#8217;aquest curs passar\u00e0 a ser l&#8217;empresa <strong>Mediterr\u00e0nea.<\/strong><\/p>\n<p>Adjuntem el contacte de les Coordinadores de menjador i de l&#8217;oficina:<\/p>\n<table style=\"width: 97.3618%; height: 412px;\">\n<tbody>\n<tr style=\"height: 137px;\">\n<td style=\"width: 52.5614%; height: 137px;\" colspan=\"1\" rowspan=\"1\" width=\"130\"><span style=\"font-family: helvetica, arial, sans-serif; font-size: 10pt;\">Elena Luque:<\/span><\/p>\n<p>&nbsp;<\/p>\n<p>&nbsp;<\/td>\n<td style=\"width: 82.1658%; height: 137px;\" colspan=\"1\" rowspan=\"1\" width=\"446\"><span style=\"font-family: helvetica, arial, sans-serif; font-size: 10pt;\">Coordinadora d&#8217;infantil i prim\u00e0ria<\/span><\/p>\n<p><span style=\"font-family: helvetica, arial, sans-serif; font-size: 10pt;\">Tel:\u00a0610614710<\/span><\/p>\n<p><span style=\"font-family: helvetica, arial, sans-serif; font-size: 10pt;\">Mail: col.salaibadrinas@mediterranea-group.com<\/span><\/td>\n<\/tr>\n<tr style=\"height: 116px;\">\n<td style=\"width: 52.5614%; height: 116px;\" colspan=\"1\" rowspan=\"1\" width=\"130\"><span style=\"font-family: helvetica, arial, sans-serif; font-size: 10pt;\">Dolors Prados:<\/span><\/p>\n<p>&nbsp;<\/p>\n<p>&nbsp;<\/td>\n<td style=\"width: 82.1658%; height: 116px;\" colspan=\"1\" rowspan=\"1\" width=\"446\"><span style=\"font-family: helvetica, arial, sans-serif; font-size: 10pt;\">Coordinadora de secund\u00e0ria<\/span><\/p>\n<p><span style=\"font-family: helvetica, arial, sans-serif; font-size: 10pt;\">Tel:\u00a0610615307<\/span><\/p>\n<p><span style=\"font-family: helvetica, arial, sans-serif; font-size: 10pt;\">Mail: col.auro@mediterranea-group.com<\/span><\/td>\n<\/tr>\n<tr style=\"height: 159px;\">\n<td style=\"width: 52.5614%; height: 159px;\" colspan=\"1\" rowspan=\"1\" width=\"130\"><span style=\"font-family: helvetica, arial, sans-serif; font-size: 10pt;\">Oficina atenci\u00f3 a les fam\u00edlies:<\/span><\/p>\n<p><span style=\"font-size: 10pt;\">Horari d\u2019atenci\u00f3:<\/span><br \/>\n<span style=\"font-size: 10pt;\">De dilluns a dijous, de 9.00 h a 14.00 h i de 15.00 h a 17.00 h<\/span><br \/>\n<span style=\"font-size: 10pt;\">Divendres de 9.00 h a 14.00h<\/span><\/td>\n<td style=\"width: 82.1658%; height: 159px;\" colspan=\"1\" rowspan=\"1\" width=\"446\"><span style=\"font-family: helvetica, arial, sans-serif; font-size: 10pt;\">Tel: 697570739\u00a0<\/span><\/p>\n<p><span style=\"font-family: helvetica, arial, sans-serif; font-size: 10pt;\">Mail: <a href=\"mailto:atencionclientesterrassa@mediterranea-group.com\" target=\"_blank\" rel=\"noopener\">atencionclientesterrassa@<wbr \/>mediterranea-group.com<\/a><\/span><\/p>\n<p><span style=\"font-size: 10pt;\"><span style=\"font-family: helvetica, arial, sans-serif;\">Adre\u00e7a postal:<\/span><span style=\"font-family: helvetica, arial, sans-serif;\">\u00a0Raval de Montserrat, 22 entresol A<\/span><\/span><\/td>\n<\/tr>\n<\/tbody>\n<\/table>\n<p>&nbsp;<\/p>\n<p>Monitoratge:<\/p>\n<table style=\"border-collapse: collapse; width: 97.3052%;\">\n<tbody>\n<tr>\n<td style=\"width: 51.2724%;\">I3<\/td>\n<td style=\"width: 46.0328%;\">Luc\u00eda Fern\u00e1ndez i Marina Sim\u00f3n<\/td>\n<\/tr>\n<tr>\n<td style=\"width: 51.2724%;\">I4<\/td>\n<td style=\"width: 46.0328%;\">Montse Torres i Cristina Torres<\/td>\n<\/tr>\n<tr>\n<td style=\"width: 51.2724%;\">Refor\u00e7 I3 i I4<\/td>\n<td style=\"width: 46.0328%;\">Jennifer Mart\u00ednez<\/td>\n<\/tr>\n<tr>\n<td style=\"width: 51.2724%;\">I5<\/td>\n<td style=\"width: 46.0328%;\">Anna Moliner i Coral V\u00e1squez<\/td>\n<\/tr>\n<tr>\n<td style=\"width: 51.2724%;\">1r<\/td>\n<td style=\"width: 46.0328%;\">Mari Carmen Calvo i Ariadna Peula<\/td>\n<\/tr>\n<tr>\n<td style=\"width: 51.2724%;\">2n<\/td>\n<td style=\"width: 46.0328%;\">Idoia Laguna i Maria del Mar Serrano<\/td>\n<\/tr>\n<tr>\n<td style=\"width: 51.2724%;\">3r<\/td>\n<td style=\"width: 46.0328%;\">N\u00faria L\u00f3pez i Sara Mohssine<\/td>\n<\/tr>\n<tr>\n<td style=\"width: 51.2724%;\">4t<\/td>\n<td style=\"width: 46.0328%;\">Enzo Layana<\/td>\n<\/tr>\n<tr>\n<td style=\"width: 51.2724%;\">5\u00e8<\/td>\n<td style=\"width: 46.0328%;\">Elisa Luque<\/td>\n<\/tr>\n<tr>\n<td style=\"width: 51.2724%;\">6\u00e8<\/td>\n<td style=\"width: 46.0328%;\">Kevin G\u00f3mez<\/td>\n<\/tr>\n<tr>\n<td style=\"width: 51.2724%;\">ESO<\/td>\n<td style=\"width: 46.0328%;\">Kevin G\u00f3mez<\/td>\n<\/tr>\n<\/tbody>\n<\/table>\n<p><a href=\"https:\/\/agora.xtec.cat\/iesalaibadrinas\/wp-content\/uploads\/usu2635\/2025\/10\/3413ccbe-74ce-4757-a434-0a60cc2ab984.jpg\"><img loading=\"lazy\" decoding=\"async\" class=\"aligncenter size-large wp-image-21652\" src=\"https:\/\/agora.xtec.cat\/iesalaibadrinas\/wp-content\/uploads\/usu2635\/2025\/10\/3413ccbe-74ce-4757-a434-0a60cc2ab984-1024x768.jpg\" alt=\"\" width=\"1024\" height=\"768\" srcset=\"https:\/\/agora.xtec.cat\/iesalaibadrinas\/wp-content\/uploads\/usu2635\/2025\/10\/3413ccbe-74ce-4757-a434-0a60cc2ab984-1024x768.jpg 1024w, https:\/\/agora.xtec.cat\/iesalaibadrinas\/wp-content\/uploads\/usu2635\/2025\/10\/3413ccbe-74ce-4757-a434-0a60cc2ab984-300x225.jpg 300w, https:\/\/agora.xtec.cat\/iesalaibadrinas\/wp-content\/uploads\/usu2635\/2025\/10\/3413ccbe-74ce-4757-a434-0a60cc2ab984-768x576.jpg 768w, https:\/\/agora.xtec.cat\/iesalaibadrinas\/wp-content\/uploads\/usu2635\/2025\/10\/3413ccbe-74ce-4757-a434-0a60cc2ab984-1536x1152.jpg 1536w, https:\/\/agora.xtec.cat\/iesalaibadrinas\/wp-content\/uploads\/usu2635\/2025\/10\/3413ccbe-74ce-4757-a434-0a60cc2ab984-200x150.jpg 200w, https:\/\/agora.xtec.cat\/iesalaibadrinas\/wp-content\/uploads\/usu2635\/2025\/10\/3413ccbe-74ce-4757-a434-0a60cc2ab984.jpg 1600w\" sizes=\"auto, (max-width: 1024px) 100vw, 1024px\" \/><\/a><\/p>\n","protected":false},"excerpt":{"rendered":"<p><a href=\"https:\/\/agora.xtec.cat\/iesalaibadrinas\/informacio-general-menjador\/\">INFORMACI\u00d3 GENERAL<\/a><br \/>\nL&#8217;empresa de menjador de les escoles p\u00fabliques de Terrassa ha canviat i a partir d&#8217;aquest curs passar\u00e0 a ser l&#8217;empresa Mediterr\u00e0nea.<br \/>\nAdjuntem el contacte de les Coordinadores de menjador i de l&#8217;oficina:<\/p>\n<p>Elena Luque:<br \/>\n&nbsp;<br \/>\n&nbsp;<br \/>\nCoordinadora d&#8217;infantil i prim\u00e0ria<br \/>\nTel:\u00a0610614710<br \/>\nMail: col.salaibadrinas@mediterranea-group.com<\/p>\n<p>Dolors Prados:<br \/>\n&nbsp;<br \/>\n&nbsp;<br \/>\nCoordinadora de secund\u00e0ria<br \/>\nTel:\u00a0610615307<br \/>\nMail: col.auro@mediterranea-group.com<\/p>\n<p>Oficina atenci\u00f3 a les&hellip;  <a href=\"https:\/\/agora.xtec.cat\/iesalaibadrinas\/serveis\/menjador-escolar\/\" title=\"Read Menjador escolar \ud83c\udf7d\ufe0f\">Llegeix m\u00e9s\u00bb<\/a><\/p>\n","protected":false},"author":1,"featured_media":0,"parent":66,"menu_order":30,"comment_status":"closed","ping_status":"closed","template":"page-templates\/side-menu.php","meta":{"_bbp_topic_count":0,"_bbp_reply_count":0,"_bbp_total_topic_count":0,"_bbp_total_reply_count":0,"_bbp_voice_count":0,"_bbp_anonymous_reply_count":0,"_bbp_topic_count_hidden":0,"_bbp_reply_count_hidden":0,"_bbp_forum_subforum_count":0,"footnotes":""},"class_list":["post-73","page","type-page","status-publish","hentry"],"post_mailing_queue_ids":[],"_links":{"self":[{"href":"https:\/\/agora.xtec.cat\/iesalaibadrinas\/wp-json\/wp\/v2\/pages\/73","targetHints":{"allow":["GET"]}}],"collection":[{"href":"https:\/\/agora.xtec.cat\/iesalaibadrinas\/wp-json\/wp\/v2\/pages"}],"about":[{"href":"https:\/\/agora.xtec.cat\/iesalaibadrinas\/wp-json\/wp\/v2\/types\/page"}],"author":[{"embeddable":true,"href":"https:\/\/agora.xtec.cat\/iesalaibadrinas\/wp-json\/wp\/v2\/users\/1"}],"replies":[{"embeddable":true,"href":"https:\/\/agora.xtec.cat\/iesalaibadrinas\/wp-json\/wp\/v2\/comments?post=73"}],"version-history":[{"count":7,"href":"https:\/\/agora.xtec.cat\/iesalaibadrinas\/wp-json\/wp\/v2\/pages\/73\/revisions"}],"predecessor-version":[{"id":21653,"href":"https:\/\/agora.xtec.cat\/iesalaibadrinas\/wp-json\/wp\/v2\/pages\/73\/revisions\/21653"}],"up":[{"embeddable":true,"href":"https:\/\/agora.xtec.cat\/iesalaibadrinas\/wp-json\/wp\/v2\/pages\/66"}],"wp:attachment":[{"href":"https:\/\/agora.xtec.cat\/iesalaibadrinas\/wp-json\/wp\/v2\/media?parent=73"}],"curies":[{"name":"wp","href":"https:\/\/api.w.org\/{rel}","templated":true}]}}