{"id":19270,"date":"2023-09-08T10:43:38","date_gmt":"2023-09-08T08:43:38","guid":{"rendered":"https:\/\/agora.xtec.cat\/iesalaibadrinas\/?page_id=19270"},"modified":"2023-09-08T10:43:38","modified_gmt":"2023-09-08T08:43:38","slug":"app-menjador","status":"publish","type":"page","link":"https:\/\/agora.xtec.cat\/iesalaibadrinas\/app-menjador\/","title":{"rendered":"APP MENJADOR"},"content":{"rendered":"<p>Benvolgudes fam\u00edlies,<\/p>\n<p>Al document adjunt us fem arribar la <a href=\"https:\/\/drive.google.com\/file\/d\/1gzabUbL8cxxUrryrKlyUPjlRtkd9aWxW\/view?usp=drive_link\">guia de la web i l&#8217;App<\/a> de la nova empresa del servei de mejador.<\/p>\n<p>Per tal que ho pogueu fer servir correctament us compartim els seg\u00fcents aspectes que ens han fet arribar:<\/p>\n<ul>\n<li>Totes aquelles families que, seguint les indicacions, han fet arribar la fitxa d&#8217;inscripci\u00f3 en paper per correu electr\u00f2nic, caldr\u00e0 que s&#8217;esperin a rebre l&#8217;usuari i la contrasenya per accedir-hi. Entenem que pot trigar un temps, ja que l&#8217;empresa haur\u00e0 de donar d&#8217;alta totes les fitxes de la localitat.<\/li>\n<li>En cas de necessitar un tiquet per quedar-se espor\u00e0dicament, independentment que h\u00e0giu fet arribar la fitxa d&#8217;inscripci\u00f3, caldr\u00e0 donar-se d&#8217;alta en accedir a la web o a l&#8217;aplicaci\u00f3.<\/li>\n<li>En cas que en algun moment us demani un codi de centre, us informem que aquest \u00e9s el 28.<\/li>\n<\/ul>\n","protected":false},"excerpt":{"rendered":"<p>Benvolgudes fam\u00edlies,<br \/>\nAl document adjunt us fem arribar la <a href=\"https:\/\/drive.google.com\/file\/d\/1gzabUbL8cxxUrryrKlyUPjlRtkd9aWxW\/view?usp=drive_link\">guia de la web i l&#8217;App<\/a> de la nova empresa del servei de mejador.<br \/>\nPer tal que ho pogueu fer servir correctament us compartim els seg\u00fcents aspectes que ens han fet arribar:<\/p>\n<ul>\n<li>Totes aquelles families que, seguint les&hellip;  <a href=\"https:\/\/agora.xtec.cat\/iesalaibadrinas\/app-menjador\/\" title=\"Read APP MENJADOR\">Llegeix m\u00e9s\u00bb<\/a><br \/>\n","protected":false},"author":1,"featured_media":0,"parent":0,"menu_order":0,"comment_status":"closed","ping_status":"closed","template":"","meta":{"_bbp_topic_count":0,"_bbp_reply_count":0,"_bbp_total_topic_count":0,"_bbp_total_reply_count":0,"_bbp_voice_count":0,"_bbp_anonymous_reply_count":0,"_bbp_topic_count_hidden":0,"_bbp_reply_count_hidden":0,"_bbp_forum_subforum_count":0,"footnotes":""},"class_list":["post-19270","page","type-page","status-publish","hentry"],"post_mailing_queue_ids":[],"_links":{"self":[{"href":"https:\/\/agora.xtec.cat\/iesalaibadrinas\/wp-json\/wp\/v2\/pages\/19270","targetHints":{"allow":["GET"]}}],"collection":[{"href":"https:\/\/agora.xtec.cat\/iesalaibadrinas\/wp-json\/wp\/v2\/pages"}],"about":[{"href":"https:\/\/agora.xtec.cat\/iesalaibadrinas\/wp-json\/wp\/v2\/types\/page"}],"author":[{"embeddable":true,"href":"https:\/\/agora.xtec.cat\/iesalaibadrinas\/wp-json\/wp\/v2\/users\/1"}],"replies":[{"embeddable":true,"href":"https:\/\/agora.xtec.cat\/iesalaibadrinas\/wp-json\/wp\/v2\/comments?post=19270"}],"version-history":[{"count":1,"href":"https:\/\/agora.xtec.cat\/iesalaibadrinas\/wp-json\/wp\/v2\/pages\/19270\/revisions"}],"predecessor-version":[{"id":19271,"href":"https:\/\/agora.xtec.cat\/iesalaibadrinas\/wp-json\/wp\/v2\/pages\/19270\/revisions\/19271"}],"wp:attachment":[{"href":"https:\/\/agora.xtec.cat\/iesalaibadrinas\/wp-json\/wp\/v2\/media?parent=19270"}],"curies":[{"name":"wp","href":"https:\/\/api.w.org\/{rel}","templated":true}]}}