{"id":1721,"date":"2022-02-25T12:20:04","date_gmt":"2022-02-25T11:20:04","guid":{"rendered":"https:\/\/agora.xtec.cat\/iesalaibadrinas\/?page_id=1721"},"modified":"2022-02-25T12:30:56","modified_gmt":"2022-02-25T11:30:56","slug":"afa","status":"publish","type":"page","link":"https:\/\/agora.xtec.cat\/iesalaibadrinas\/comunitat-educativa\/afa\/","title":{"rendered":"AFA"},"content":{"rendered":"<p>La nostra Associaci\u00f3 de Fam\u00edlies disposa d&#8217;un blog on podeu consultar diferent informaci\u00f3. Per tal d&#8217;accedir a aquest blog cliqueu a la imatge.<\/p>\n<p><a href=\"https:\/\/salaibadrinasampa.wordpress.com\/\" target=\"_blank\" rel=\"noopener\"><img loading=\"lazy\" decoding=\"async\" class=\"aligncenter wp-image-1723 size-full\" src=\"https:\/\/agora.xtec.cat\/iesalaibadrinas\/wp-content\/uploads\/usu2635\/2022\/02\/AFA-cartell-blog.png\" alt=\"\" width=\"1448\" height=\"464\" srcset=\"https:\/\/agora.xtec.cat\/iesalaibadrinas\/wp-content\/uploads\/usu2635\/2022\/02\/AFA-cartell-blog.png 1448w, https:\/\/agora.xtec.cat\/iesalaibadrinas\/wp-content\/uploads\/usu2635\/2022\/02\/AFA-cartell-blog-300x96.png 300w, https:\/\/agora.xtec.cat\/iesalaibadrinas\/wp-content\/uploads\/usu2635\/2022\/02\/AFA-cartell-blog-1024x328.png 1024w, https:\/\/agora.xtec.cat\/iesalaibadrinas\/wp-content\/uploads\/usu2635\/2022\/02\/AFA-cartell-blog-768x246.png 768w\" sizes=\"auto, (max-width: 1448px) 100vw, 1448px\" \/><\/a><\/p>\n","protected":false},"excerpt":{"rendered":"<p>La nostra Associaci\u00f3 de Fam\u00edlies disposa d&#8217;un blog on podeu consultar diferent informaci\u00f3. Per tal d&#8217;accedir a aquest blog cliqueu a la imatge.<br \/>\n<a href=\"https:\/\/salaibadrinasampa.wordpress.com\/\" target=\"_blank\" rel=\"noopener\"><\/a><\/p>\n","protected":false},"author":1,"featured_media":0,"parent":800,"menu_order":0,"comment_status":"closed","ping_status":"closed","template":"page-templates\/side-menu.php","meta":{"_bbp_topic_count":0,"_bbp_reply_count":0,"_bbp_total_topic_count":0,"_bbp_total_reply_count":0,"_bbp_voice_count":0,"_bbp_anonymous_reply_count":0,"_bbp_topic_count_hidden":0,"_bbp_reply_count_hidden":0,"_bbp_forum_subforum_count":0,"footnotes":""},"class_list":["post-1721","page","type-page","status-publish","hentry"],"post_mailing_queue_ids":[],"_links":{"self":[{"href":"https:\/\/agora.xtec.cat\/iesalaibadrinas\/wp-json\/wp\/v2\/pages\/1721","targetHints":{"allow":["GET"]}}],"collection":[{"href":"https:\/\/agora.xtec.cat\/iesalaibadrinas\/wp-json\/wp\/v2\/pages"}],"about":[{"href":"https:\/\/agora.xtec.cat\/iesalaibadrinas\/wp-json\/wp\/v2\/types\/page"}],"author":[{"embeddable":true,"href":"https:\/\/agora.xtec.cat\/iesalaibadrinas\/wp-json\/wp\/v2\/users\/1"}],"replies":[{"embeddable":true,"href":"https:\/\/agora.xtec.cat\/iesalaibadrinas\/wp-json\/wp\/v2\/comments?post=1721"}],"version-history":[{"count":3,"href":"https:\/\/agora.xtec.cat\/iesalaibadrinas\/wp-json\/wp\/v2\/pages\/1721\/revisions"}],"predecessor-version":[{"id":1725,"href":"https:\/\/agora.xtec.cat\/iesalaibadrinas\/wp-json\/wp\/v2\/pages\/1721\/revisions\/1725"}],"up":[{"embeddable":true,"href":"https:\/\/agora.xtec.cat\/iesalaibadrinas\/wp-json\/wp\/v2\/pages\/800"}],"wp:attachment":[{"href":"https:\/\/agora.xtec.cat\/iesalaibadrinas\/wp-json\/wp\/v2\/media?parent=1721"}],"curies":[{"name":"wp","href":"https:\/\/api.w.org\/{rel}","templated":true}]}}