{"id":8671,"date":"2021-02-13T17:33:22","date_gmt":"2021-02-13T16:33:22","guid":{"rendered":"http:\/\/agora.xtec.cat\/iesagustiserra\/?page_id=8671"},"modified":"2024-10-17T13:16:46","modified_gmt":"2024-10-17T11:16:46","slug":"administracio-i-gestio","status":"publish","type":"page","link":"https:\/\/agora.xtec.cat\/iesagustiserra\/portal-empreses\/novetats-estades-empreses\/fp-dual-intensiva\/administracio-i-gestio\/","title":{"rendered":"Administraci\u00f3 i gesti\u00f3"},"content":{"rendered":"<p><a href=\"https:\/\/agora.xtec.cat\/iesagustiserra\/wp-content\/uploads\/usu1681\/2021\/02\/Administracio-finances-INS-Agusti-Serra-Fontanet-Sabadell.jpg\"><img loading=\"lazy\" decoding=\"async\" class=\"alignnone wp-image-8725 size-full\" src=\"https:\/\/agora.xtec.cat\/iesagustiserra\/wp-content\/uploads\/usu1681\/2021\/02\/Administracio-finances-INS-Agusti-Serra-Fontanet-Sabadell.jpg\" alt=\"\" width=\"983\" height=\"413\" srcset=\"https:\/\/agora.xtec.cat\/iesagustiserra\/wp-content\/uploads\/usu1681\/2021\/02\/Administracio-finances-INS-Agusti-Serra-Fontanet-Sabadell.jpg 983w, https:\/\/agora.xtec.cat\/iesagustiserra\/wp-content\/uploads\/usu1681\/2021\/02\/Administracio-finances-INS-Agusti-Serra-Fontanet-Sabadell-300x126.jpg 300w, https:\/\/agora.xtec.cat\/iesagustiserra\/wp-content\/uploads\/usu1681\/2021\/02\/Administracio-finances-INS-Agusti-Serra-Fontanet-Sabadell-768x323.jpg 768w\" sizes=\"auto, (max-width: 983px) 100vw, 983px\" \/><\/a><\/p>\n<table style=\"width: 100%;\" border=\"1\">\n<tbody>\n<tr>\n<td>\n<h4><span style=\"color: #55cd00;\"><strong>CFGS Administraci\u00f3 i finances<\/strong><\/span><\/h4>\n<ul>\n<li>Activitats relacionades amb l\u2019administraci\u00f3 privada o p\u00fablica.<\/li>\n<li>Tractament de la informaci\u00f3 sigui en suport manual o inform\u00e0tic: en processos d\u2019administraci\u00f3 i gesti\u00f3 (com realitzar factures, albarans, rebuts o tasques de gesti\u00f3 de magatzem), registrar operacions comptables, confeccionar declaracions d\u2019hisenda, planificar les finances.<\/li>\n<li>Tramitar la documentaci\u00f3 de la Seguretat Social.<\/li>\n<li>Utilitzaci\u00f3 de programes espec\u00edfics d\u2019administraci\u00f3 i gesti\u00f3.<\/li>\n<li>Activitats relacionades amb els processos d\u2019un servei d\u2019auditoria.<\/li>\n<\/ul>\n<p><strong>Sectors empresarials:<\/strong><\/p>\n<ul>\n<li>Qualsevol empresa p\u00fablica o privada per la seva \u00e0rea d\u2019administrativa.<\/li>\n<\/ul>\n<\/td>\n<\/tr>\n<\/tbody>\n<\/table>\n","protected":false},"excerpt":{"rendered":"<p>CFGS Administraci\u00f3 i finances Activitats relacionades amb l\u2019administraci\u00f3 privada o p\u00fablica. Tractament de la informaci\u00f3 sigui en suport manual o [&hellip;]<\/p>\n","protected":false},"author":1,"featured_media":0,"parent":2526,"menu_order":5,"comment_status":"closed","ping_status":"closed","template":"page-templates\/side-menu.php","meta":{"site-sidebar-layout":"default","site-content-layout":"","ast-site-content-layout":"","site-content-style":"default","site-sidebar-style":"default","ast-global-header-display":"","ast-banner-title-visibility":"","ast-main-header-display":"","ast-hfb-above-header-display":"","ast-hfb-below-header-display":"","ast-hfb-mobile-header-display":"","site-post-title":"","ast-breadcrumbs-content":"","ast-featured-img":"","footer-sml-layout":"","theme-transparent-header-meta":"","adv-header-id-meta":"","stick-header-meta":"","header-above-stick-meta":"","header-main-stick-meta":"","header-below-stick-meta":"","astra-migrate-meta-layouts":"default","ast-page-background-enabled":"default","ast-page-background-meta":{"desktop":{"background-color":"var(--ast-global-color-4)","background-image":"","background-repeat":"repeat","background-position":"center center","background-size":"auto","background-attachment":"scroll","background-type":"","background-media":"","overlay-type":"","overlay-color":"","overlay-opacity":"","overlay-gradient":""},"tablet":{"background-color":"","background-image":"","background-repeat":"repeat","background-position":"center center","background-size":"auto","background-attachment":"scroll","background-type":"","background-media":"","overlay-type":"","overlay-color":"","overlay-opacity":"","overlay-gradient":""},"mobile":{"background-color":"","background-image":"","background-repeat":"repeat","background-position":"center center","background-size":"auto","background-attachment":"scroll","background-type":"","background-media":"","overlay-type":"","overlay-color":"","overlay-opacity":"","overlay-gradient":""}},"ast-content-background-meta":{"desktop":{"background-color":"var(--ast-global-color-5)","background-image":"","background-repeat":"repeat","background-position":"center center","background-size":"auto","background-attachment":"scroll","background-type":"","background-media":"","overlay-type":"","overlay-color":"","overlay-opacity":"","overlay-gradient":""},"tablet":{"background-color":"var(--ast-global-color-5)","background-image":"","background-repeat":"repeat","background-position":"center center","background-size":"auto","background-attachment":"scroll","background-type":"","background-media":"","overlay-type":"","overlay-color":"","overlay-opacity":"","overlay-gradient":""},"mobile":{"background-color":"var(--ast-global-color-5)","background-image":"","background-repeat":"repeat","background-position":"center center","background-size":"auto","background-attachment":"scroll","background-type":"","background-media":"","overlay-type":"","overlay-color":"","overlay-opacity":"","overlay-gradient":""}},"footnotes":""},"class_list":["post-8671","page","type-page","status-publish","hentry"],"post_mailing_queue_ids":[],"_links":{"self":[{"href":"https:\/\/agora.xtec.cat\/iesagustiserra\/wp-json\/wp\/v2\/pages\/8671","targetHints":{"allow":["GET"]}}],"collection":[{"href":"https:\/\/agora.xtec.cat\/iesagustiserra\/wp-json\/wp\/v2\/pages"}],"about":[{"href":"https:\/\/agora.xtec.cat\/iesagustiserra\/wp-json\/wp\/v2\/types\/page"}],"author":[{"embeddable":true,"href":"https:\/\/agora.xtec.cat\/iesagustiserra\/wp-json\/wp\/v2\/users\/1"}],"replies":[{"embeddable":true,"href":"https:\/\/agora.xtec.cat\/iesagustiserra\/wp-json\/wp\/v2\/comments?post=8671"}],"version-history":[{"count":3,"href":"https:\/\/agora.xtec.cat\/iesagustiserra\/wp-json\/wp\/v2\/pages\/8671\/revisions"}],"predecessor-version":[{"id":19451,"href":"https:\/\/agora.xtec.cat\/iesagustiserra\/wp-json\/wp\/v2\/pages\/8671\/revisions\/19451"}],"up":[{"embeddable":true,"href":"https:\/\/agora.xtec.cat\/iesagustiserra\/wp-json\/wp\/v2\/pages\/2526"}],"wp:attachment":[{"href":"https:\/\/agora.xtec.cat\/iesagustiserra\/wp-json\/wp\/v2\/media?parent=8671"}],"curies":[{"name":"wp","href":"https:\/\/api.w.org\/{rel}","templated":true}]}}