{"id":8666,"date":"2021-02-13T17:27:01","date_gmt":"2021-02-13T16:27:01","guid":{"rendered":"http:\/\/agora.xtec.cat\/iesagustiserra\/?page_id=8666"},"modified":"2024-10-17T13:17:39","modified_gmt":"2024-10-17T11:17:39","slug":"comerc-i-marqueting","status":"publish","type":"page","link":"https:\/\/agora.xtec.cat\/iesagustiserra\/portal-empreses\/novetats-estades-empreses\/fp-dual-intensiva\/comerc-i-marqueting\/","title":{"rendered":"Comer\u00e7 i M\u00e0rqueting"},"content":{"rendered":"<p><a href=\"https:\/\/agora.xtec.cat\/iesagustiserra\/wp-content\/uploads\/usu1681\/2021\/02\/Comer\u00e7-Marqueting-INS-Agusti-Serra-Fontanet-Sabadell.jpg\"><img loading=\"lazy\" decoding=\"async\" class=\"size-full wp-image-8714 aligncenter\" src=\"https:\/\/agora.xtec.cat\/iesagustiserra\/wp-content\/uploads\/usu1681\/2021\/02\/Comer\u00e7-Marqueting-INS-Agusti-Serra-Fontanet-Sabadell.jpg\" alt=\"\" width=\"983\" height=\"413\" srcset=\"https:\/\/agora.xtec.cat\/iesagustiserra\/wp-content\/uploads\/usu1681\/2021\/02\/Comer\u00e7-Marqueting-INS-Agusti-Serra-Fontanet-Sabadell.jpg 983w, https:\/\/agora.xtec.cat\/iesagustiserra\/wp-content\/uploads\/usu1681\/2021\/02\/Comer\u00e7-Marqueting-INS-Agusti-Serra-Fontanet-Sabadell-300x126.jpg 300w, https:\/\/agora.xtec.cat\/iesagustiserra\/wp-content\/uploads\/usu1681\/2021\/02\/Comer\u00e7-Marqueting-INS-Agusti-Serra-Fontanet-Sabadell-768x323.jpg 768w\" sizes=\"auto, (max-width: 983px) 100vw, 983px\" \/><\/a><\/p>\n<table class=\"alignleft\" style=\"width: 100%; border-color: #000000;\" border=\"1\">\n<tbody>\n<tr style=\"border-style: none;\">\n<td style=\"vertical-align: top;\">\n<h3><span style=\"color: #55cd00;\"><strong>CFGM Activitats comercials <\/strong><\/span><\/h3>\n<ul>\n<li>Venedor\/a.<\/li>\n<li>T\u00e8cnic\/a.<\/li>\n<li>Representant comercial.<\/li>\n<li>Informaci\u00f3 \/ Atenci\u00f3 al client.<\/li>\n<li>Caixer\/a o reposador\/a.<\/li>\n<li>Administrador de continguts on-line.<\/li>\n<li>Comerciant.<\/li>\n<li>Gerent d\u2019un petit establiment.<\/li>\n<li>Administrador de continguts on-line.<\/li>\n<li>E-commerce.<\/li>\n<li>Manager T\u00e8cnic de gesti\u00f3 d\u2019estocs i magatzem.<\/li>\n<li>T\u00e8cnic en log\u00edstica de magatzems.<\/li>\n<\/ul>\n<p><strong>Sectors empresarials:<\/strong><\/p>\n<ul>\n<li>Qualsevol empresa que tingui:\n<ul>\n<li>\u00c0rea comercial.<\/li>\n<li>Atenci\u00f3 al client.<\/li>\n<li>Magatzem.<\/li>\n<\/ul>\n<\/li>\n<li>Comer\u00e7\/Botiga.<\/li>\n<\/ul>\n<\/td>\n<td style=\"vertical-align: top;\">\n<h3><span style=\"color: #55cd00;\"> <strong>CFGS M\u00e0rqueting i publicitat<\/strong><\/span><\/h3>\n<ul>\n<li>Assistent o assistenta del cap de producte<\/li>\n<li>T\u00e8cnic o t\u00e8cnica de m\u00e0rqueting<\/li>\n<li>T\u00e8cnic o t\u00e8cnica en publicitat<\/li>\n<li>T\u00e8cnic o t\u00e8cnica en relacions p\u00fabliques<\/li>\n<li>Organitzador o organitzadora d&#8217;esdeveniments de<br \/>\nm\u00e0rqueting i comunicaci\u00f3<\/li>\n<li>Auxiliar de mitjans en empreses de publicitat<br \/>\ncontrolador o controladora d&#8217;emissi\u00f3 en mitjans de comunicaci\u00f3<\/li>\n<li>T\u00e8cnic o t\u00e8cnica en estudis de mercat i opini\u00f3 p\u00fablica;<\/li>\n<li>T\u00e8cnic o t\u00e8cnica en treballs de camp<\/li>\n<li>Inspector o inspectora d&#8217;enquestadors<\/li>\n<li>Agent d&#8217;enquestes i censors<\/li>\n<li>Codificador o codificadora de dades per a investigacions de mercats<\/li>\n<li>Responsable de promocions punt de venda<\/li>\n<li>Especialista en implantaci\u00f3 d&#8217;espais comercials<\/li>\n<\/ul>\n<p><strong>Sectors empresarials: (informaci\u00f3 ben aviat)<\/strong><\/p>\n<ul>\n<li><span style=\"color: #ff0000;\"><strong>(informaci\u00f3 ben aviat)<\/strong><\/span><\/li>\n<\/ul>\n<\/td>\n<\/tr>\n<\/tbody>\n<\/table>\n","protected":false},"excerpt":{"rendered":"<p>CFGM Activitats comercials Venedor\/a. T\u00e8cnic\/a. Representant comercial. Informaci\u00f3 \/ Atenci\u00f3 al client. Caixer\/a o reposador\/a. Administrador de continguts on-line. Comerciant. [&hellip;]<\/p>\n","protected":false},"author":1,"featured_media":0,"parent":2526,"menu_order":15,"comment_status":"closed","ping_status":"closed","template":"page-templates\/side-menu.php","meta":{"site-sidebar-layout":"default","site-content-layout":"","ast-site-content-layout":"","site-content-style":"default","site-sidebar-style":"default","ast-global-header-display":"","ast-banner-title-visibility":"","ast-main-header-display":"","ast-hfb-above-header-display":"","ast-hfb-below-header-display":"","ast-hfb-mobile-header-display":"","site-post-title":"","ast-breadcrumbs-content":"","ast-featured-img":"","footer-sml-layout":"","theme-transparent-header-meta":"","adv-header-id-meta":"","stick-header-meta":"","header-above-stick-meta":"","header-main-stick-meta":"","header-below-stick-meta":"","astra-migrate-meta-layouts":"default","ast-page-background-enabled":"default","ast-page-background-meta":{"desktop":{"background-color":"var(--ast-global-color-4)","background-image":"","background-repeat":"repeat","background-position":"center center","background-size":"auto","background-attachment":"scroll","background-type":"","background-media":"","overlay-type":"","overlay-color":"","overlay-opacity":"","overlay-gradient":""},"tablet":{"background-color":"","background-image":"","background-repeat":"repeat","background-position":"center center","background-size":"auto","background-attachment":"scroll","background-type":"","background-media":"","overlay-type":"","overlay-color":"","overlay-opacity":"","overlay-gradient":""},"mobile":{"background-color":"","background-image":"","background-repeat":"repeat","background-position":"center center","background-size":"auto","background-attachment":"scroll","background-type":"","background-media":"","overlay-type":"","overlay-color":"","overlay-opacity":"","overlay-gradient":""}},"ast-content-background-meta":{"desktop":{"background-color":"var(--ast-global-color-5)","background-image":"","background-repeat":"repeat","background-position":"center center","background-size":"auto","background-attachment":"scroll","background-type":"","background-media":"","overlay-type":"","overlay-color":"","overlay-opacity":"","overlay-gradient":""},"tablet":{"background-color":"var(--ast-global-color-5)","background-image":"","background-repeat":"repeat","background-position":"center center","background-size":"auto","background-attachment":"scroll","background-type":"","background-media":"","overlay-type":"","overlay-color":"","overlay-opacity":"","overlay-gradient":""},"mobile":{"background-color":"var(--ast-global-color-5)","background-image":"","background-repeat":"repeat","background-position":"center center","background-size":"auto","background-attachment":"scroll","background-type":"","background-media":"","overlay-type":"","overlay-color":"","overlay-opacity":"","overlay-gradient":""}},"footnotes":""},"class_list":["post-8666","page","type-page","status-publish","hentry"],"post_mailing_queue_ids":[],"_links":{"self":[{"href":"https:\/\/agora.xtec.cat\/iesagustiserra\/wp-json\/wp\/v2\/pages\/8666","targetHints":{"allow":["GET"]}}],"collection":[{"href":"https:\/\/agora.xtec.cat\/iesagustiserra\/wp-json\/wp\/v2\/pages"}],"about":[{"href":"https:\/\/agora.xtec.cat\/iesagustiserra\/wp-json\/wp\/v2\/types\/page"}],"author":[{"embeddable":true,"href":"https:\/\/agora.xtec.cat\/iesagustiserra\/wp-json\/wp\/v2\/users\/1"}],"replies":[{"embeddable":true,"href":"https:\/\/agora.xtec.cat\/iesagustiserra\/wp-json\/wp\/v2\/comments?post=8666"}],"version-history":[{"count":6,"href":"https:\/\/agora.xtec.cat\/iesagustiserra\/wp-json\/wp\/v2\/pages\/8666\/revisions"}],"predecessor-version":[{"id":29330,"href":"https:\/\/agora.xtec.cat\/iesagustiserra\/wp-json\/wp\/v2\/pages\/8666\/revisions\/29330"}],"up":[{"embeddable":true,"href":"https:\/\/agora.xtec.cat\/iesagustiserra\/wp-json\/wp\/v2\/pages\/2526"}],"wp:attachment":[{"href":"https:\/\/agora.xtec.cat\/iesagustiserra\/wp-json\/wp\/v2\/media?parent=8666"}],"curies":[{"name":"wp","href":"https:\/\/api.w.org\/{rel}","templated":true}]}}