{"id":7007,"date":"2020-10-26T16:20:57","date_gmt":"2020-10-26T15:20:57","guid":{"rendered":"http:\/\/agora.xtec.cat\/iesagustiserra\/?page_id=7007"},"modified":"2026-04-09T10:50:42","modified_gmt":"2026-04-09T08:50:42","slug":"cicles-grau-superior","status":"publish","type":"page","link":"https:\/\/agora.xtec.cat\/iesagustiserra\/secretaria\/documentcio-matricula\/cicles-grau-superior\/","title":{"rendered":"Cicles Grau Superior"},"content":{"rendered":"\n<p class=\"has-text-align-center\"><strong><mark><mark style=\"background-color:rgba(0, 0, 0, 0);color:#ff0404\" class=\"has-inline-color\">IMPORTANT!\u00a0LA INFORMACI\u00d3 SEG\u00dcENT EST\u00c0 PENDENT D\u2019ACTUALITZAR.<\/mark><\/mark><\/strong><\/p>\n\n\n\n<div class=\"wp-block-getwid-button-group\"><div class=\"wp-block-getwid-button-group__wrapper\">\n<div class=\"wp-block-button\"><a class=\"wp-block-button__link wp-element-button\" href=\"https:\/\/agora.xtec.cat\/iesagustiserra\/matricula-curs-2025-2026-alumnat-nou\/\" target=\"_blank\" rel=\"noreferrer noopener\">ALUMNAT NOU<\/a><\/div>\n\n\n\n<div class=\"wp-block-button\"><a class=\"wp-block-button__link wp-element-button\" href=\"https:\/\/agora.xtec.cat\/iesagustiserra\/matricula-curs-2025-2026-alumnat-del-centre\/\" target=\"_blank\" rel=\"noreferrer noopener\">ALUMNAT DEL CENTRE<\/a><\/div>\n<\/div><\/div>\n\n\n\n<hr class=\"wp-block-separator has-alpha-channel-opacity is-style-wide\"\/>\n\n\n\n<p><a rel=\"noreferrer noopener\" href=\"http:\/\/agora.xtec.cat\/iesagustiserra\/jornades-virtuals-de-portes-obertes-estudis-postibligatoris\/cicles-formatius-familia-dactivitats-fisiques-i-esportives-portes-obertes\/cfgs-ensenyament-i-animacio-socioesportiva\/\" target=\"_blank\">CFGS Ensenyament i animaci\u00f3 socioesportiva&nbsp;<\/a><\/p>\n\n\n\n<p><a rel=\"noreferrer noopener\" href=\"https:\/\/agora.xtec.cat\/iesagustiserra\/estudis\/cicles-formatius\/activitats-fisiques-i-esportives\/cfgs-condicionament-fisic\/\" target=\"_blank\">CFGS Condicionament f\u00edsic<\/a><\/p>\n\n\n\n<p><a rel=\"noreferrer noopener\" href=\"http:\/\/agora.xtec.cat\/iesagustiserra\/jornades-virtuals-de-portes-obertes-estudis-postibligatoris\/cicles-formatius-familia-dadministracio-i-gestio\/cfgs-administracio-i-finances\/\" target=\"_blank\">CFGS Administraci\u00f3 i finances<\/a><\/p>\n\n\n\n<p>&nbsp;<a rel=\"noreferrer noopener\" href=\"http:\/\/agora.xtec.cat\/iesagustiserra\/jornades-virtuals-de-portes-obertes-estudis-postibligatoris\/cicles-formatius-familia-darts-grafiques\/cfgs-disseny-i-edicio-de-publicacions-impreses-i-multimedia\/\" target=\"_blank\">CFGS Disseny i Edici\u00f3 de Publicacions impreses i multim\u00e8dia<\/a><\/p>\n\n\n\n<p><a rel=\"noreferrer noopener\" href=\"http:\/\/agora.xtec.cat\/iesagustiserra\/jornades-virtuals-de-portes-obertes-estudis-postibligatoris\/cicles-formatius-familia-de-comerc-i-marqueting\/cfgs-gestio-de-vendes\/\" target=\"_blank\">CFGS Gesti\u00f3 de vendes i espais comercials (segon curs)<\/a><\/p>\n\n\n\n<p><a href=\"https:\/\/agora.xtec.cat\/iesagustiserra\/estudis\/cicles-formatius\/comerc-i-marketing\/marqueting-i-publicitat-2\/\" data-type=\"link\" data-id=\"https:\/\/agora.xtec.cat\/iesagustiserra\/estudis\/cicles-formatius\/comerc-i-marketing\/marqueting-i-publicitat-2\/\" target=\"_blank\" rel=\"noreferrer noopener\">CFGS&nbsp;M\u00e0rqueting i publicitat<\/a><\/p>\n\n\n\n<p><a rel=\"noreferrer noopener\" href=\"http:\/\/agora.xtec.cat\/iesagustiserra\/jornades-virtuals-de-portes-obertes-estudis-postibligatoris\/cicles-formatius-familia-delectricitat-i-electronica\/cfgs-automatitzacio-i-robotica-industrial\/\" target=\"_blank\">CFGS Automatitzaci\u00f3 i rob\u00f2tica industrial<\/a><\/p>\n","protected":false},"excerpt":{"rendered":"<p>IMPORTANT!\u00a0LA INFORMACI\u00d3 SEG\u00dcENT EST\u00c0 PENDENT D\u2019ACTUALITZAR. CFGS Ensenyament i animaci\u00f3 socioesportiva&nbsp; CFGS Condicionament f\u00edsic CFGS Administraci\u00f3 i finances &nbsp;CFGS Disseny [&hellip;]<\/p>\n","protected":false},"author":1,"featured_media":0,"parent":6904,"menu_order":40,"comment_status":"closed","ping_status":"closed","template":"","meta":{"site-sidebar-layout":"default","site-content-layout":"","ast-site-content-layout":"default","site-content-style":"default","site-sidebar-style":"default","ast-global-header-display":"","ast-banner-title-visibility":"","ast-main-header-display":"","ast-hfb-above-header-display":"","ast-hfb-below-header-display":"","ast-hfb-mobile-header-display":"","site-post-title":"","ast-breadcrumbs-content":"","ast-featured-img":"","footer-sml-layout":"","theme-transparent-header-meta":"","adv-header-id-meta":"","stick-header-meta":"","header-above-stick-meta":"","header-main-stick-meta":"","header-below-stick-meta":"","astra-migrate-meta-layouts":"set","ast-page-background-enabled":"default","ast-page-background-meta":{"desktop":{"background-color":"var(--ast-global-color-4)","background-image":"","background-repeat":"repeat","background-position":"center center","background-size":"auto","background-attachment":"scroll","background-type":"","background-media":"","overlay-type":"","overlay-color":"","overlay-opacity":"","overlay-gradient":""},"tablet":{"background-color":"","background-image":"","background-repeat":"repeat","background-position":"center center","background-size":"auto","background-attachment":"scroll","background-type":"","background-media":"","overlay-type":"","overlay-color":"","overlay-opacity":"","overlay-gradient":""},"mobile":{"background-color":"","background-image":"","background-repeat":"repeat","background-position":"center center","background-size":"auto","background-attachment":"scroll","background-type":"","background-media":"","overlay-type":"","overlay-color":"","overlay-opacity":"","overlay-gradient":""}},"ast-content-background-meta":{"desktop":{"background-color":"var(--ast-global-color-5)","background-image":"","background-repeat":"repeat","background-position":"center center","background-size":"auto","background-attachment":"scroll","background-type":"","background-media":"","overlay-type":"","overlay-color":"","overlay-opacity":"","overlay-gradient":""},"tablet":{"background-color":"var(--ast-global-color-5)","background-image":"","background-repeat":"repeat","background-position":"center center","background-size":"auto","background-attachment":"scroll","background-type":"","background-media":"","overlay-type":"","overlay-color":"","overlay-opacity":"","overlay-gradient":""},"mobile":{"background-color":"var(--ast-global-color-5)","background-image":"","background-repeat":"repeat","background-position":"center center","background-size":"auto","background-attachment":"scroll","background-type":"","background-media":"","overlay-type":"","overlay-color":"","overlay-opacity":"","overlay-gradient":""}},"footnotes":""},"class_list":["post-7007","page","type-page","status-publish","hentry"],"post_mailing_queue_ids":[],"_links":{"self":[{"href":"https:\/\/agora.xtec.cat\/iesagustiserra\/wp-json\/wp\/v2\/pages\/7007","targetHints":{"allow":["GET"]}}],"collection":[{"href":"https:\/\/agora.xtec.cat\/iesagustiserra\/wp-json\/wp\/v2\/pages"}],"about":[{"href":"https:\/\/agora.xtec.cat\/iesagustiserra\/wp-json\/wp\/v2\/types\/page"}],"author":[{"embeddable":true,"href":"https:\/\/agora.xtec.cat\/iesagustiserra\/wp-json\/wp\/v2\/users\/1"}],"replies":[{"embeddable":true,"href":"https:\/\/agora.xtec.cat\/iesagustiserra\/wp-json\/wp\/v2\/comments?post=7007"}],"version-history":[{"count":6,"href":"https:\/\/agora.xtec.cat\/iesagustiserra\/wp-json\/wp\/v2\/pages\/7007\/revisions"}],"predecessor-version":[{"id":39884,"href":"https:\/\/agora.xtec.cat\/iesagustiserra\/wp-json\/wp\/v2\/pages\/7007\/revisions\/39884"}],"up":[{"embeddable":true,"href":"https:\/\/agora.xtec.cat\/iesagustiserra\/wp-json\/wp\/v2\/pages\/6904"}],"wp:attachment":[{"href":"https:\/\/agora.xtec.cat\/iesagustiserra\/wp-json\/wp\/v2\/media?parent=7007"}],"curies":[{"name":"wp","href":"https:\/\/api.w.org\/{rel}","templated":true}]}}