{"id":4396,"date":"2020-05-14T11:43:51","date_gmt":"2020-05-14T09:43:51","guid":{"rendered":"http:\/\/agora.xtec.cat\/iesagustiserra\/?page_id=4396"},"modified":"2025-09-10T08:11:00","modified_gmt":"2025-09-10T06:11:00","slug":"cfgm-activitats-comercials","status":"publish","type":"page","link":"https:\/\/agora.xtec.cat\/iesagustiserra\/estudis\/cicles-formatius\/comerc-i-marketing\/cfgm-activitats-comercials\/","title":{"rendered":"CFGM Activitats comercials"},"content":{"rendered":"\n<p>L&#8217;Institut ofereix el cicle formatiu de grau mitj\u00e0 d&#8217;Activitats comercials<\/p>\n\n\n\n<h5 class=\"wp-block-heading\">\u2714 <span style=\"color: #418000;\">V\u00eddeos presentaci\u00f3<\/span><\/h5>\n\n\n\n<div style=\"text-align: center;\">\n<p><iframe loading=\"lazy\" width=\"482\" height=\"857\" src=\"https:\/\/www.youtube.com\/embed\/hnza7sqTZCs\" title=\"V\u00eddeo ACO\" frameborder=\"0\" allow=\"accelerometer; autoplay; clipboard-write; encrypted-media; gyroscope; picture-in-picture; web-share\" referrerpolicy=\"strict-origin-when-cross-origin\" allowfullscreen><\/iframe><\/p>\n<hr \/><\/div>\n\n\n\n<hr class=\"wp-block-separator has-alpha-channel-opacity is-style-wide\"\/>\n\n\n\n<h6 class=\"wp-block-heading\"><a class=\"button normal\" style=\"padding: 0.5em; margin: 0.1em; color: white !important; background-color: #767676;\" href=\"https:\/\/agora.xtec.cat\/iesagustiserra\/wp-content\/uploads\/usu1681\/2025\/03\/4.1.Activitats-Comercials-GM-2025b-1.pdf\" target=\"_blank\" rel=\"noopener noreferrer\">Descarregar tr\u00edptic<\/a><\/h6>\n\n\n\n<figure class=\"wp-block-gallery has-nested-images columns-1 is-cropped wp-block-gallery-1 is-layout-flex wp-block-gallery-is-layout-flex\">\n<figure class=\"wp-block-image size-large\"><img loading=\"lazy\" decoding=\"async\" width=\"1024\" height=\"725\" data-id=\"32128\" src=\"https:\/\/agora.xtec.cat\/iesagustiserra\/wp-content\/uploads\/usu1681\/2025\/03\/4.1.Activitats-Comercials-GM-2025b-1_page-0001-1024x725.jpg\" alt=\"\" class=\"wp-image-32128\" srcset=\"https:\/\/agora.xtec.cat\/iesagustiserra\/wp-content\/uploads\/usu1681\/2025\/03\/4.1.Activitats-Comercials-GM-2025b-1_page-0001-1024x725.jpg 1024w, https:\/\/agora.xtec.cat\/iesagustiserra\/wp-content\/uploads\/usu1681\/2025\/03\/4.1.Activitats-Comercials-GM-2025b-1_page-0001-600x425.jpg 600w, https:\/\/agora.xtec.cat\/iesagustiserra\/wp-content\/uploads\/usu1681\/2025\/03\/4.1.Activitats-Comercials-GM-2025b-1_page-0001-768x543.jpg 768w, https:\/\/agora.xtec.cat\/iesagustiserra\/wp-content\/uploads\/usu1681\/2025\/03\/4.1.Activitats-Comercials-GM-2025b-1_page-0001-1536x1087.jpg 1536w, https:\/\/agora.xtec.cat\/iesagustiserra\/wp-content\/uploads\/usu1681\/2025\/03\/4.1.Activitats-Comercials-GM-2025b-1_page-0001.jpg 1754w\" sizes=\"auto, (max-width: 1024px) 100vw, 1024px\" \/><\/figure>\n\n\n\n<figure class=\"wp-block-image size-large\"><img loading=\"lazy\" decoding=\"async\" width=\"1024\" height=\"725\" data-id=\"32129\" src=\"https:\/\/agora.xtec.cat\/iesagustiserra\/wp-content\/uploads\/usu1681\/2025\/03\/4.1.Activitats-Comercials-GM-2025b-1_page-0002-1024x725.jpg\" alt=\"\" class=\"wp-image-32129\" srcset=\"https:\/\/agora.xtec.cat\/iesagustiserra\/wp-content\/uploads\/usu1681\/2025\/03\/4.1.Activitats-Comercials-GM-2025b-1_page-0002-1024x725.jpg 1024w, https:\/\/agora.xtec.cat\/iesagustiserra\/wp-content\/uploads\/usu1681\/2025\/03\/4.1.Activitats-Comercials-GM-2025b-1_page-0002-600x425.jpg 600w, https:\/\/agora.xtec.cat\/iesagustiserra\/wp-content\/uploads\/usu1681\/2025\/03\/4.1.Activitats-Comercials-GM-2025b-1_page-0002-768x543.jpg 768w, https:\/\/agora.xtec.cat\/iesagustiserra\/wp-content\/uploads\/usu1681\/2025\/03\/4.1.Activitats-Comercials-GM-2025b-1_page-0002-1536x1087.jpg 1536w, https:\/\/agora.xtec.cat\/iesagustiserra\/wp-content\/uploads\/usu1681\/2025\/03\/4.1.Activitats-Comercials-GM-2025b-1_page-0002.jpg 1754w\" sizes=\"auto, (max-width: 1024px) 100vw, 1024px\" \/><\/figure>\n<\/figure>\n\n\n\n<hr class=\"wp-block-separator has-alpha-channel-opacity\"\/>\n\n\n\n<h5 class=\"wp-block-heading\"><strong>\u2714 Llibres de text curs 2025-202<\/strong>6<\/h5>\n\n\n\n<div style=\"text-align: center;\">\n<table style=\"height: 35px;\" align=\"center\" bgcolor=\"#00FF00\">\n<tbody>\n<tr style=\"height: 25px;\">\n<td style=\"height: 25px; width: 836px;\"><a href=\"https:\/\/agora.xtec.cat\/iesagustiserra\/wp-content\/uploads\/usu1681\/2025\/09\/LLIBRES-TEXT-CFGM-COMERC-I-MARQUETING.docx.pdf\" target=\"_blank\" rel=\"noopener noreferrer\"><strong><span style=\"color: #000000;\">Llibres de text<\/span> <span style=\"color: #418000;\">Cicles formatius d&#8217;Activitats comercials<\/span><\/strong><\/a><\/td>\n<\/tr>\n<\/tbody>\n<\/table>\n<h4 style=\"text-align: left;\"><strong>\u2714 Desenvolupament curricular<\/strong><\/h4>\n<h3 style=\"text-align: left;\"><span class=\"negreta\"><span class=\"titol_taula01\">2.000 hores <\/span><\/span><span class=\"negreta\"><span class=\"titol_taula01\">(Torn de<\/span>\u00a0mat\u00ed<span class=\"titol_taula01\">\u00a0i torn de\u00a0tarda)<\/span><\/span><\/h3>\n<p style=\"text-align: left;\">La durada \u00e9s de 2.000 hores distribu\u00efdes en dos cursos acad\u00e8mics (1.485 en un centre educatiu i 515 (hores d&#8217;estada a l&#8217;empresa) en un centre de treball).\u00a0<\/p>\n<table border=\"0\" width=\"90%\" cellspacing=\"20\">\n<tbody>\n<tr>\n<td>\n<h2 class=\"titol_taula01\" style=\"text-align: left;\">Compet\u00e8ncia general<\/h2>\n<p class=\"gris\" style=\"text-align: justify;\">Aquests estudis capaciten per desenvolupar activitats de distribuci\u00f3 i comercialitzaci\u00f3 de b\u00e9ns i\/o serveis i gestionar un petit establiment comercial, aplicant les normes de qualitat i seguretat establertes i respectant la legislaci\u00f3 vigent.<\/p>\n<\/td>\n<\/tr>\n<\/tbody>\n<\/table>\n<\/div>\n\n\n\n<figure class=\"wp-block-table aligncenter is-style-regular\">\n<table>\n<thead>\n<tr>\n<th style=\"text-align: left;\">M\u00f2duls Professionals<\/th>\n<th class=\"has-text-align-right\" data-align=\"right\">Hores totals<\/th>\n<\/tr>\n<\/thead>\n<tbody>\n<tr>\n<td style=\"text-align: left;\">1226. M\u00e0rqueting en l\u2019activitat comercial.<\/td>\n<td class=\"has-text-align-right\" data-align=\"right\">99<\/td>\n<\/tr>\n<tr>\n<td style=\"text-align: left;\">1227. Gesti\u00f3 d\u2019un petit comer\u00e7.<\/td>\n<td class=\"has-text-align-right\" data-align=\"right\">185<\/td>\n<\/tr>\n<tr>\n<td style=\"text-align: left;\">1228. T\u00e8cniques de magatzem.<\/td>\n<td class=\"has-text-align-right\" data-align=\"right\">132<\/td>\n<\/tr>\n<tr>\n<td style=\"text-align: left;\">1229. Gesti\u00f3 de compres.<\/td>\n<td class=\"has-text-align-right\" data-align=\"right\">99<\/td>\n<\/tr>\n<tr>\n<td style=\"text-align: left;\">1230. Venda t\u00e8cnica.<\/td>\n<td class=\"has-text-align-right\" data-align=\"right\">132<\/td>\n<\/tr>\n<tr>\n<td style=\"text-align: left;\">1231. Dinamitzaci\u00f3 del punt de venda.<\/td>\n<td class=\"has-text-align-right\" data-align=\"right\">165<\/td>\n<\/tr>\n<tr>\n<td style=\"text-align: left;\">1232. Processos de venda.<\/td>\n<td class=\"has-text-align-right\" data-align=\"right\">165<\/td>\n<\/tr>\n<tr>\n<td style=\"text-align: left;\">1233. Aplicacions inform\u00e0tiques per al comer\u00e7.<\/td>\n<td class=\"has-text-align-right\" data-align=\"right\">165<\/td>\n<\/tr>\n<tr>\n<td style=\"text-align: left;\">1234. Serveis d\u2019atenci\u00f3 comercial.<\/td>\n<td class=\"has-text-align-right\" data-align=\"right\">99<\/td>\n<\/tr>\n<tr>\n<td style=\"text-align: left;\">1235. Comer\u00e7 electr\u00f2nic.<\/td>\n<td class=\"has-text-align-right\" data-align=\"right\">132<\/td>\n<\/tr>\n<tr>\n<td style=\"text-align: left;\">C056. Catal\u00e0 \/ Aran\u00e8s professional.<\/td>\n<td class=\"has-text-align-right\" data-align=\"right\">66<\/td>\n<\/tr>\n<tr>\n<td style=\"text-align: left;\">0156. Angl\u00e8s professional.<\/td>\n<td class=\"has-text-align-right\" data-align=\"right\">66<\/td>\n<\/tr>\n<tr>\n<td style=\"text-align: left;\">1664. Digitalitzaci\u00f3 aplicada als sectors productius.<\/td>\n<td class=\"has-text-align-right\" data-align=\"right\">33<\/td>\n<\/tr>\n<tr>\n<td style=\"text-align: left;\">1708. Sostenibilitat aplicada al sistema productiu.<\/td>\n<td class=\"has-text-align-right\" data-align=\"right\">33<\/td>\n<\/tr>\n<tr>\n<td style=\"text-align: left;\">1709. Itinerari personal per a l&#8217;ocupabilitat I.<\/td>\n<td class=\"has-text-align-right\" data-align=\"right\">99<\/td>\n<\/tr>\n<tr>\n<td style=\"text-align: left;\">1710. Itinerari personal per a l&#8217;ocupabilitat II.<\/td>\n<td class=\"has-text-align-right\" data-align=\"right\">66<\/td>\n<\/tr>\n<tr>\n<td style=\"text-align: left;\">1713. Projecte intermodular.<\/td>\n<td class=\"has-text-align-right\" data-align=\"right\">198<\/td>\n<\/tr>\n<tr>\n<td style=\"text-align: left;\">M\u00f2dul professional optatiu.<\/td>\n<td class=\"has-text-align-right\" data-align=\"right\">66<\/td>\n<\/tr>\n<\/tbody>\n<tfoot>\n<tr>\n<td style=\"text-align: left;\">HORES TOTALS CICLE FORMATIU<\/td>\n<td class=\"has-text-align-right\" data-align=\"right\">2.000<\/td>\n<\/tr>\n<\/tfoot>\n<\/table>\n<\/figure>\n\n\n\n<hr class=\"wp-block-separator has-alpha-channel-opacity\"\/>\n\n\n\n<h5 class=\"wp-block-heading\"><a href=\"https:\/\/triaeducativa.gencat.cat\/ca\/estudis\/?activitats-comercials&amp;p_id=1370\" target=\"_blank\" rel=\"noopener noreferrer\"><strong>\u2714 <strong>Informaci\u00f3 Activitats comercials Dept. d&#8217;Educaci\u00f3<\/strong><\/strong><\/a><\/h5>\n\n\n\n<hr class=\"wp-block-separator has-alpha-channel-opacity\"\/>\n\n\n\n<p class=\"has-text-align-left\">&nbsp;<\/p>\n","protected":false},"excerpt":{"rendered":"<p>L&#8217;Institut ofereix el cicle formatiu de grau mitj\u00e0 d&#8217;Activitats comercials \u2714 V\u00eddeos presentaci\u00f3 Descarregar tr\u00edptic \u2714 Llibres de text curs [&hellip;]<\/p>\n","protected":false},"author":1,"featured_media":0,"parent":2137,"menu_order":0,"comment_status":"closed","ping_status":"closed","template":"","meta":{"site-sidebar-layout":"default","site-content-layout":"","ast-site-content-layout":"default","site-content-style":"default","site-sidebar-style":"default","ast-global-header-display":"","ast-banner-title-visibility":"","ast-main-header-display":"","ast-hfb-above-header-display":"","ast-hfb-below-header-display":"","ast-hfb-mobile-header-display":"","site-post-title":"","ast-breadcrumbs-content":"","ast-featured-img":"","footer-sml-layout":"","theme-transparent-header-meta":"","adv-header-id-meta":"","stick-header-meta":"","header-above-stick-meta":"","header-main-stick-meta":"","header-below-stick-meta":"","astra-migrate-meta-layouts":"set","ast-page-background-enabled":"default","ast-page-background-meta":{"desktop":{"background-color":"var(--ast-global-color-4)","background-image":"","background-repeat":"repeat","background-position":"center center","background-size":"auto","background-attachment":"scroll","background-type":"","background-media":"","overlay-type":"","overlay-color":"","overlay-opacity":"","overlay-gradient":""},"tablet":{"background-color":"","background-image":"","background-repeat":"repeat","background-position":"center center","background-size":"auto","background-attachment":"scroll","background-type":"","background-media":"","overlay-type":"","overlay-color":"","overlay-opacity":"","overlay-gradient":""},"mobile":{"background-color":"","background-image":"","background-repeat":"repeat","background-position":"center center","background-size":"auto","background-attachment":"scroll","background-type":"","background-media":"","overlay-type":"","overlay-color":"","overlay-opacity":"","overlay-gradient":""}},"ast-content-background-meta":{"desktop":{"background-color":"var(--ast-global-color-5)","background-image":"","background-repeat":"repeat","background-position":"center center","background-size":"auto","background-attachment":"scroll","background-type":"","background-media":"","overlay-type":"","overlay-color":"","overlay-opacity":"","overlay-gradient":""},"tablet":{"background-color":"var(--ast-global-color-5)","background-image":"","background-repeat":"repeat","background-position":"center center","background-size":"auto","background-attachment":"scroll","background-type":"","background-media":"","overlay-type":"","overlay-color":"","overlay-opacity":"","overlay-gradient":""},"mobile":{"background-color":"var(--ast-global-color-5)","background-image":"","background-repeat":"repeat","background-position":"center center","background-size":"auto","background-attachment":"scroll","background-type":"","background-media":"","overlay-type":"","overlay-color":"","overlay-opacity":"","overlay-gradient":""}},"footnotes":""},"class_list":["post-4396","page","type-page","status-publish","hentry"],"post_mailing_queue_ids":[],"_links":{"self":[{"href":"https:\/\/agora.xtec.cat\/iesagustiserra\/wp-json\/wp\/v2\/pages\/4396","targetHints":{"allow":["GET"]}}],"collection":[{"href":"https:\/\/agora.xtec.cat\/iesagustiserra\/wp-json\/wp\/v2\/pages"}],"about":[{"href":"https:\/\/agora.xtec.cat\/iesagustiserra\/wp-json\/wp\/v2\/types\/page"}],"author":[{"embeddable":true,"href":"https:\/\/agora.xtec.cat\/iesagustiserra\/wp-json\/wp\/v2\/users\/1"}],"replies":[{"embeddable":true,"href":"https:\/\/agora.xtec.cat\/iesagustiserra\/wp-json\/wp\/v2\/comments?post=4396"}],"version-history":[{"count":6,"href":"https:\/\/agora.xtec.cat\/iesagustiserra\/wp-json\/wp\/v2\/pages\/4396\/revisions"}],"predecessor-version":[{"id":35870,"href":"https:\/\/agora.xtec.cat\/iesagustiserra\/wp-json\/wp\/v2\/pages\/4396\/revisions\/35870"}],"up":[{"embeddable":true,"href":"https:\/\/agora.xtec.cat\/iesagustiserra\/wp-json\/wp\/v2\/pages\/2137"}],"wp:attachment":[{"href":"https:\/\/agora.xtec.cat\/iesagustiserra\/wp-json\/wp\/v2\/media?parent=4396"}],"curies":[{"name":"wp","href":"https:\/\/api.w.org\/{rel}","templated":true}]}}