{"id":4394,"date":"2020-05-14T11:42:26","date_gmt":"2020-05-14T09:42:26","guid":{"rendered":"http:\/\/agora.xtec.cat\/iesagustiserra\/?page_id=4394"},"modified":"2025-09-05T10:37:55","modified_gmt":"2025-09-05T08:37:55","slug":"cfgs-automatitzacio-i-robotica-industrial","status":"publish","type":"page","link":"https:\/\/agora.xtec.cat\/iesagustiserra\/estudis\/cicles-formatius\/electricitat-2\/cfgs-automatitzacio-i-robotica-industrial\/","title":{"rendered":"CFGS Automatitzaci\u00f3 i rob\u00f2tica industrial"},"content":{"rendered":"\n<hr class=\"wp-block-separator has-text-color has-cyan-bluish-gray-color has-alpha-channel-opacity has-cyan-bluish-gray-background-color has-background\"\/>\n\n\n\n<div style=\"text-align: center;\">\n<h4 style=\"text-align: left;\">\u2714 L\u2019Institut ofereix el cicle formatiu de grau superior d\u2019Automatitzaci\u00f3 i Rob\u00f2tica industrial.<\/h4>\n<h6 style=\"text-align: left;\"><a class=\"button normal\" style=\"padding: 0.5em; margin: 0.1em; color: white !important; background-color: #767676;\" href=\"https:\/\/agora.xtec.cat\/iesagustiserra\/wp-content\/uploads\/usu1681\/2025\/03\/5.2.Electrics-GS-2025b.pdf\" target=\"_blank\" rel=\"noopener noreferrer\">Descarregar tr\u00edptic<\/a><\/h6>\n<p>&nbsp;<\/p>\n<\/div>\n\n\n\n<figure class=\"wp-block-gallery has-nested-images columns-1 is-cropped wp-block-gallery-1 is-layout-flex wp-block-gallery-is-layout-flex\">\n<figure data-wp-context=\"{&quot;imageId&quot;:&quot;69eab03a3171d&quot;}\" data-wp-interactive=\"core\/image\" class=\"wp-block-image size-large wp-lightbox-container\"><img loading=\"lazy\" decoding=\"async\" width=\"1024\" height=\"725\" data-wp-class--hide=\"state.isContentHidden\" data-wp-class--show=\"state.isContentVisible\" data-wp-init=\"callbacks.setButtonStyles\" data-wp-on-async--click=\"actions.showLightbox\" data-wp-on-async--load=\"callbacks.setButtonStyles\" data-wp-on-async-window--resize=\"callbacks.setButtonStyles\" data-id=\"32146\" src=\"https:\/\/agora.xtec.cat\/iesagustiserra\/wp-content\/uploads\/usu1681\/2025\/03\/5.2.Electrics-GS-2025b_page-0001-1024x725.jpg\" alt=\"\" class=\"wp-image-32146\" srcset=\"https:\/\/agora.xtec.cat\/iesagustiserra\/wp-content\/uploads\/usu1681\/2025\/03\/5.2.Electrics-GS-2025b_page-0001-1024x725.jpg 1024w, https:\/\/agora.xtec.cat\/iesagustiserra\/wp-content\/uploads\/usu1681\/2025\/03\/5.2.Electrics-GS-2025b_page-0001-600x425.jpg 600w, https:\/\/agora.xtec.cat\/iesagustiserra\/wp-content\/uploads\/usu1681\/2025\/03\/5.2.Electrics-GS-2025b_page-0001-768x543.jpg 768w, https:\/\/agora.xtec.cat\/iesagustiserra\/wp-content\/uploads\/usu1681\/2025\/03\/5.2.Electrics-GS-2025b_page-0001-1536x1087.jpg 1536w, https:\/\/agora.xtec.cat\/iesagustiserra\/wp-content\/uploads\/usu1681\/2025\/03\/5.2.Electrics-GS-2025b_page-0001.jpg 1754w\" sizes=\"auto, (max-width: 1024px) 100vw, 1024px\" \/><button\n\t\t\tclass=\"lightbox-trigger\"\n\t\t\ttype=\"button\"\n\t\t\taria-haspopup=\"dialog\"\n\t\t\taria-label=\"Amplia la imatge\"\n\t\t\tdata-wp-init=\"callbacks.initTriggerButton\"\n\t\t\tdata-wp-on-async--click=\"actions.showLightbox\"\n\t\t\tdata-wp-style--right=\"state.imageButtonRight\"\n\t\t\tdata-wp-style--top=\"state.imageButtonTop\"\n\t\t>\n\t\t\t<svg xmlns=\"http:\/\/www.w3.org\/2000\/svg\" width=\"12\" height=\"12\" fill=\"none\" viewBox=\"0 0 12 12\">\n\t\t\t\t<path fill=\"#fff\" d=\"M2 0a2 2 0 0 0-2 2v2h1.5V2a.5.5 0 0 1 .5-.5h2V0H2Zm2 10.5H2a.5.5 0 0 1-.5-.5V8H0v2a2 2 0 0 0 2 2h2v-1.5ZM8 12v-1.5h2a.5.5 0 0 0 .5-.5V8H12v2a2 2 0 0 1-2 2H8Zm2-12a2 2 0 0 1 2 2v2h-1.5V2a.5.5 0 0 0-.5-.5H8V0h2Z\" \/>\n\t\t\t<\/svg>\n\t\t<\/button><\/figure>\n\n\n\n<figure data-wp-context=\"{&quot;imageId&quot;:&quot;69eab03a31e40&quot;}\" data-wp-interactive=\"core\/image\" class=\"wp-block-image size-large wp-lightbox-container\"><img loading=\"lazy\" decoding=\"async\" width=\"1024\" height=\"725\" data-wp-class--hide=\"state.isContentHidden\" data-wp-class--show=\"state.isContentVisible\" data-wp-init=\"callbacks.setButtonStyles\" data-wp-on-async--click=\"actions.showLightbox\" data-wp-on-async--load=\"callbacks.setButtonStyles\" data-wp-on-async-window--resize=\"callbacks.setButtonStyles\" data-id=\"32147\" src=\"https:\/\/agora.xtec.cat\/iesagustiserra\/wp-content\/uploads\/usu1681\/2025\/03\/5.2.Electrics-GS-2025b_page-0002-1024x725.jpg\" alt=\"\" class=\"wp-image-32147\" srcset=\"https:\/\/agora.xtec.cat\/iesagustiserra\/wp-content\/uploads\/usu1681\/2025\/03\/5.2.Electrics-GS-2025b_page-0002-1024x725.jpg 1024w, https:\/\/agora.xtec.cat\/iesagustiserra\/wp-content\/uploads\/usu1681\/2025\/03\/5.2.Electrics-GS-2025b_page-0002-600x425.jpg 600w, https:\/\/agora.xtec.cat\/iesagustiserra\/wp-content\/uploads\/usu1681\/2025\/03\/5.2.Electrics-GS-2025b_page-0002-768x543.jpg 768w, https:\/\/agora.xtec.cat\/iesagustiserra\/wp-content\/uploads\/usu1681\/2025\/03\/5.2.Electrics-GS-2025b_page-0002-1536x1087.jpg 1536w, https:\/\/agora.xtec.cat\/iesagustiserra\/wp-content\/uploads\/usu1681\/2025\/03\/5.2.Electrics-GS-2025b_page-0002.jpg 1754w\" sizes=\"auto, (max-width: 1024px) 100vw, 1024px\" \/><button\n\t\t\tclass=\"lightbox-trigger\"\n\t\t\ttype=\"button\"\n\t\t\taria-haspopup=\"dialog\"\n\t\t\taria-label=\"Amplia la imatge\"\n\t\t\tdata-wp-init=\"callbacks.initTriggerButton\"\n\t\t\tdata-wp-on-async--click=\"actions.showLightbox\"\n\t\t\tdata-wp-style--right=\"state.imageButtonRight\"\n\t\t\tdata-wp-style--top=\"state.imageButtonTop\"\n\t\t>\n\t\t\t<svg xmlns=\"http:\/\/www.w3.org\/2000\/svg\" width=\"12\" height=\"12\" fill=\"none\" viewBox=\"0 0 12 12\">\n\t\t\t\t<path fill=\"#fff\" d=\"M2 0a2 2 0 0 0-2 2v2h1.5V2a.5.5 0 0 1 .5-.5h2V0H2Zm2 10.5H2a.5.5 0 0 1-.5-.5V8H0v2a2 2 0 0 0 2 2h2v-1.5ZM8 12v-1.5h2a.5.5 0 0 0 .5-.5V8H12v2a2 2 0 0 1-2 2H8Zm2-12a2 2 0 0 1 2 2v2h-1.5V2a.5.5 0 0 0-.5-.5H8V0h2Z\" \/>\n\t\t\t<\/svg>\n\t\t<\/button><\/figure>\n<\/figure>\n\n\n\n<hr class=\"wp-block-separator has-alpha-channel-opacity\"\/>\n\n\n\n<hr class=\"wp-block-separator has-alpha-channel-opacity\"\/>\n\n\n\n<h4 class=\"wp-block-heading\"><strong>\u2714 Llibres de text curs 2025-202<\/strong>6<\/h4>\n\n\n\n<div style=\"text-align: center;\">\n<table style=\"height: 25px;\" align=\"center\" bgcolor=\"#00FF00\">\n<tbody>\n<tr style=\"height: 25px;\">\n<td style=\"height: 25px; width: 836px;\"><a href=\"https:\/\/agora.xtec.cat\/iesagustiserra\/wp-content\/uploads\/usu1681\/2025\/07\/LLIBRES-TEXT-CFGS-FAMILIA-ELECTRICITAT-I-ELECTRONICA.pdf\" target=\"_blank\" rel=\"noopener noreferrer\"><strong><span style=\"color: #000000;\">Llibres de text<\/span> <span style=\"color: #418000;\">del Cicle formatiu d&#8217;Automatitzaci\u00f3 i rob\u00f2tica Industrial<\/span><\/strong><\/a><\/td>\n<\/tr>\n<\/tbody>\n<\/table>\n<hr \/>\n<h4 style=\"text-align: left;\"><strong>\u2714 Desenvolupament curricular<\/strong><\/h4>\n<h3 style=\"text-align: left;\"><span class=\"negreta\"><span class=\"titol_taula01\">2.000 hores (Mat\u00ed i <\/span>tarda<span class=\"titol_taula01\">)<\/span><\/span><\/h3>\n<p style=\"text-align: left;\">La durada \u00e9s de 2.000 hores distribu\u00efdes en dos cursos acad\u00e8mics (1.485 en un centre educatiu i 515 (hores d&#8217;estada a l&#8217;empresa) en un centre de treball).<\/p>\n<table border=\"0\" width=\"90%\" cellspacing=\"20\">\n<tbody>\n<tr>\n<td>\n<h2 class=\"titol_taula01\" style=\"text-align: left;\">Compet\u00e8ncia general<\/h2>\n<p class=\"gris\" style=\"text-align: justify;\">Aquests estudis capaciten per desenvolupar i gestionar projectes de muntatge i manteniment d&#8217;instal\u00b7lacions autom\u00e0tiques de mesura, regulaci\u00f3 i control de processos en sistemes industrials, aix\u00ed com supervisar o executar el muntatge, manteniment i posada en marxa d&#8217;aquests sistemes, respectant criteris de qualitat, seguretat i respecte al medi ambient i al disseny per a tots.<\/p>\n<\/td>\n<\/tr>\n<\/tbody>\n<\/table>\n<\/div>\n\n\n\n<\/p>\n<figure class=\"wp-block-table aligncenter is-style-regular\">\n<table>\n<thead>\n<tr>\n<th style=\"text-align: left;\">M\u00f2duls Professionals<\/th>\n<th class=\"has-text-align-right\" data-align=\"right\">Hores totals<\/th>\n<\/tr>\n<\/thead>\n<tbody>\n<tr>\n<td style=\"text-align: left;\">0959. Sistemes el\u00e8ctrics, pneum\u00e0tics i hidr\u00e0ulics<\/td>\n<td class=\"has-text-align-right\" data-align=\"right\">165<\/td>\n<\/tr>\n<tr>\n<td style=\"text-align: left;\">0960. Sistemes seq\u00fcencials programables.<\/td>\n<td class=\"has-text-align-right\" data-align=\"right\">165<\/td>\n<\/tr>\n<tr>\n<td style=\"text-align: left;\">0961. Sistemes de mesura y regulaci\u00f3.<\/td>\n<td class=\"has-text-align-right\" data-align=\"right\">152<\/td>\n<\/tr>\n<tr>\n<td style=\"text-align: left;\">0962. Sistemes de pot\u00e8ncia.<\/td>\n<td class=\"has-text-align-right\" data-align=\"right\">198<\/td>\n<\/tr>\n<tr>\n<td style=\"text-align: left;\">0963. Documentaci\u00f3 t\u00e8cnica<\/td>\n<td class=\"has-text-align-right\" data-align=\"right\">99<\/td>\n<\/tr>\n<tr>\n<td style=\"text-align: left;\">0964. Inform\u00e0tica Industrial.<\/td>\n<td class=\"has-text-align-right\" data-align=\"right\">99<\/td>\n<\/tr>\n<tr>\n<td style=\"text-align: left;\">0965. Sistemes programables avan\u00e7ats.<\/td>\n<td class=\"has-text-align-right\" data-align=\"right\">99<\/td>\n<\/tr>\n<tr>\n<td style=\"text-align: left;\">0966. Rob\u00f2tica industrial.<\/td>\n<td class=\"has-text-align-right\" data-align=\"right\">99<\/td>\n<\/tr>\n<tr>\n<td style=\"text-align: left;\">0967. Comunicacions industrials.<\/td>\n<td class=\"has-text-align-right\" data-align=\"right\">165<\/td>\n<\/tr>\n<tr>\n<td style=\"text-align: left;\">0968. Integraci\u00f3 de sistemes d&#8217;automatitzaci\u00f3 industrial.<\/td>\n<td class=\"has-text-align-right\" data-align=\"right\">165<\/td>\n<\/tr>\n<tr>\n<td style=\"text-align: left;\">0179. Angl\u00e8s professional.<\/td>\n<td class=\"has-text-align-right\" data-align=\"right\">66<\/td>\n<\/tr>\n<tr>\n<td style=\"text-align: left;\">1665. Digitalitzaci\u00f3 aplicada als sectors productius.<\/td>\n<td class=\"has-text-align-right\" data-align=\"right\">33<\/td>\n<\/tr>\n<tr>\n<td style=\"text-align: left;\">1708. Sostenibilitat aplicada al sistema productiu.<\/td>\n<td class=\"has-text-align-right\" data-align=\"right\">33<\/td>\n<\/tr>\n<tr>\n<td style=\"text-align: left;\">1709. Itinerari personal per a l&#8217;ocupabilitat I.<\/td>\n<td class=\"has-text-align-right\" data-align=\"right\">99<\/td>\n<\/tr>\n<tr>\n<td style=\"text-align: left;\">1710. Itinerari personal per a l&#8217;ocupabilitat II.<\/td>\n<td class=\"has-text-align-right\" data-align=\"right\">66<\/td>\n<\/tr>\n<tr>\n<td style=\"text-align: left;\">0969. Projecte intermodular d\u2019automatitzaci\u00f3 i rob\u00f2tica industrial.<\/td>\n<td class=\"has-text-align-right\" data-align=\"right\">198<\/td>\n<\/tr>\n<tr>\n<td style=\"text-align: left;\">M\u00f2dul professional optatiu.<\/td>\n<td class=\"has-text-align-right\" data-align=\"right\">99<\/td>\n<\/tr>\n<\/tbody>\n<tfoot>\n<tr>\n<td style=\"text-align: left;\">HORES TOTALS CICLE FORMATIU<\/td>\n<td class=\"has-text-align-right\" data-align=\"right\">2.000<\/td>\n<\/tr>\n<\/tfoot>\n<\/table>\n<\/figure>\n<p>\n\n\n<div style=\"text-align: center;\"><hr \/>\n<h4 style=\"text-align: left;\"><a href=\"https:\/\/triaeducativa.gencat.cat\/ca\/estudis\/?automatitzacio-robotica-industrial&amp;p_id=1770\" target=\"_blank\" rel=\"noopener noreferrer\"><strong>\u2714 Informaci\u00f3 rob\u00f2tica Dept. d&#8217;educaci\u00f3<\/strong><\/a><\/h4>\n<hr \/>\n<p style=\"text-align: left;\">\u00a0<\/p>\n<\/div>","protected":false},"excerpt":{"rendered":"<p>\u2714 L\u2019Institut ofereix el cicle formatiu de grau superior d\u2019Automatitzaci\u00f3 i Rob\u00f2tica industrial. Descarregar tr\u00edptic &nbsp; \u2714 Llibres de text [&hellip;]<\/p>\n","protected":false},"author":1,"featured_media":0,"parent":2140,"menu_order":20,"comment_status":"closed","ping_status":"closed","template":"","meta":{"site-sidebar-layout":"default","site-content-layout":"","ast-site-content-layout":"default","site-content-style":"default","site-sidebar-style":"default","ast-global-header-display":"","ast-banner-title-visibility":"","ast-main-header-display":"","ast-hfb-above-header-display":"","ast-hfb-below-header-display":"","ast-hfb-mobile-header-display":"","site-post-title":"","ast-breadcrumbs-content":"","ast-featured-img":"","footer-sml-layout":"","theme-transparent-header-meta":"","adv-header-id-meta":"","stick-header-meta":"","header-above-stick-meta":"","header-main-stick-meta":"","header-below-stick-meta":"","astra-migrate-meta-layouts":"set","ast-page-background-enabled":"default","ast-page-background-meta":{"desktop":{"background-color":"var(--ast-global-color-4)","background-image":"","background-repeat":"repeat","background-position":"center center","background-size":"auto","background-attachment":"scroll","background-type":"","background-media":"","overlay-type":"","overlay-color":"","overlay-opacity":"","overlay-gradient":""},"tablet":{"background-color":"","background-image":"","background-repeat":"repeat","background-position":"center center","background-size":"auto","background-attachment":"scroll","background-type":"","background-media":"","overlay-type":"","overlay-color":"","overlay-opacity":"","overlay-gradient":""},"mobile":{"background-color":"","background-image":"","background-repeat":"repeat","background-position":"center center","background-size":"auto","background-attachment":"scroll","background-type":"","background-media":"","overlay-type":"","overlay-color":"","overlay-opacity":"","overlay-gradient":""}},"ast-content-background-meta":{"desktop":{"background-color":"var(--ast-global-color-5)","background-image":"","background-repeat":"repeat","background-position":"center center","background-size":"auto","background-attachment":"scroll","background-type":"","background-media":"","overlay-type":"","overlay-color":"","overlay-opacity":"","overlay-gradient":""},"tablet":{"background-color":"var(--ast-global-color-5)","background-image":"","background-repeat":"repeat","background-position":"center center","background-size":"auto","background-attachment":"scroll","background-type":"","background-media":"","overlay-type":"","overlay-color":"","overlay-opacity":"","overlay-gradient":""},"mobile":{"background-color":"var(--ast-global-color-5)","background-image":"","background-repeat":"repeat","background-position":"center center","background-size":"auto","background-attachment":"scroll","background-type":"","background-media":"","overlay-type":"","overlay-color":"","overlay-opacity":"","overlay-gradient":""}},"footnotes":""},"class_list":["post-4394","page","type-page","status-publish","hentry"],"post_mailing_queue_ids":[],"_links":{"self":[{"href":"https:\/\/agora.xtec.cat\/iesagustiserra\/wp-json\/wp\/v2\/pages\/4394","targetHints":{"allow":["GET"]}}],"collection":[{"href":"https:\/\/agora.xtec.cat\/iesagustiserra\/wp-json\/wp\/v2\/pages"}],"about":[{"href":"https:\/\/agora.xtec.cat\/iesagustiserra\/wp-json\/wp\/v2\/types\/page"}],"author":[{"embeddable":true,"href":"https:\/\/agora.xtec.cat\/iesagustiserra\/wp-json\/wp\/v2\/users\/1"}],"replies":[{"embeddable":true,"href":"https:\/\/agora.xtec.cat\/iesagustiserra\/wp-json\/wp\/v2\/comments?post=4394"}],"version-history":[{"count":6,"href":"https:\/\/agora.xtec.cat\/iesagustiserra\/wp-json\/wp\/v2\/pages\/4394\/revisions"}],"predecessor-version":[{"id":35808,"href":"https:\/\/agora.xtec.cat\/iesagustiserra\/wp-json\/wp\/v2\/pages\/4394\/revisions\/35808"}],"up":[{"embeddable":true,"href":"https:\/\/agora.xtec.cat\/iesagustiserra\/wp-json\/wp\/v2\/pages\/2140"}],"wp:attachment":[{"href":"https:\/\/agora.xtec.cat\/iesagustiserra\/wp-json\/wp\/v2\/media?parent=4394"}],"curies":[{"name":"wp","href":"https:\/\/api.w.org\/{rel}","templated":true}]}}