{"id":39866,"date":"2026-04-09T10:26:29","date_gmt":"2026-04-09T08:26:29","guid":{"rendered":"https:\/\/agora.xtec.cat\/iesagustiserra\/?page_id=39866"},"modified":"2026-04-13T01:07:32","modified_gmt":"2026-04-12T23:07:32","slug":"calendari-preinscripcio-i-matricula-curs-2026-2027-alumnat-nou","status":"publish","type":"page","link":"https:\/\/agora.xtec.cat\/iesagustiserra\/calendari-preinscripcio-i-matricula-curs-2026-2027-alumnat-nou\/","title":{"rendered":"CALENDARI PREINSCRIPCI\u00d3 i MATR\u00cdCULA \u2013 CURS 2026-2027 ALUMNAT NOU"},"content":{"rendered":"\n<p class=\"has-text-align-center\"><strong><mark style=\"background-color:rgba(0, 0, 0, 0);color:#f90000\" class=\"has-inline-color\">IMPORTANT! Informaci\u00f3 pendent d&#8217;actualitzar.<\/mark><\/strong><\/p>\n\n\n\n<figure class=\"wp-block-image aligncenter size-large is-resized\"><img loading=\"lazy\" decoding=\"async\" width=\"1024\" height=\"200\" src=\"https:\/\/agora.xtec.cat\/iesagustiserra\/wp-content\/uploads\/usu1681\/2026\/03\/Preinscripcio_baners_Web_educacio__Preinscripcio_web_educacio_1900x372_3imatges-1-1024x200.jpg\" alt=\"\" class=\"wp-image-38983\" style=\"width:1202px;height:auto\" srcset=\"https:\/\/agora.xtec.cat\/iesagustiserra\/wp-content\/uploads\/usu1681\/2026\/03\/Preinscripcio_baners_Web_educacio__Preinscripcio_web_educacio_1900x372_3imatges-1-1024x200.jpg 1024w, https:\/\/agora.xtec.cat\/iesagustiserra\/wp-content\/uploads\/usu1681\/2026\/03\/Preinscripcio_baners_Web_educacio__Preinscripcio_web_educacio_1900x372_3imatges-1-600x117.jpg 600w, https:\/\/agora.xtec.cat\/iesagustiserra\/wp-content\/uploads\/usu1681\/2026\/03\/Preinscripcio_baners_Web_educacio__Preinscripcio_web_educacio_1900x372_3imatges-1-768x150.jpg 768w, https:\/\/agora.xtec.cat\/iesagustiserra\/wp-content\/uploads\/usu1681\/2026\/03\/Preinscripcio_baners_Web_educacio__Preinscripcio_web_educacio_1900x372_3imatges-1-1536x301.jpg 1536w, https:\/\/agora.xtec.cat\/iesagustiserra\/wp-content\/uploads\/usu1681\/2026\/03\/Preinscripcio_baners_Web_educacio__Preinscripcio_web_educacio_1900x372_3imatges-1.jpg 1900w\" sizes=\"auto, (max-width: 1024px) 100vw, 1024px\" \/><\/figure>\n\n\n\n<div style=\"height:20px\" aria-hidden=\"true\" class=\"wp-block-spacer\"><\/div>\n\n\n\n<figure class=\"wp-block-table aligncenter is-style-regular\"><table class=\"has-fixed-layout\"><thead><tr><th>ESTUDIS<\/th><th class=\"has-text-align-center\" data-align=\"center\">PREINSCRIPCI\u00d3<br>Presentaci\u00f3 de sol\u00b7licituds<\/th><th class=\"has-text-align-center\" data-align=\"center\"><mark>*CONFIRMACI\u00d3  ONLINE <br>DE LA PLA\u00c7A<\/mark><\/th><th class=\"has-text-align-center\" data-align=\"center\">                        MATR\u00cdCULA<\/th><\/tr><\/thead><tbody><tr><td><strong>ESO<\/strong><\/td><td class=\"has-text-align-center\" data-align=\"center\">Del 6 al 18 de mar\u00e7<\/td><td class=\"has-text-align-center\" data-align=\"center\">&#8211;<\/td><td class=\"has-text-align-center\" data-align=\"center\">Del 22 al 30 de juny<\/td><\/tr><tr><td><strong>Batxillerat<\/strong><\/td><td class=\"has-text-align-center\" data-align=\"center\">Del 9 al 16 d&#8217;abril<\/td><td class=\"has-text-align-center\" data-align=\"center\">&#8211;<\/td><td class=\"has-text-align-center\" data-align=\"center\">Del 18 al 30 de juny<\/td><\/tr><tr><td><strong>Batxillerat esportiu 3&#215;2<\/strong><\/td><td class=\"has-text-align-center\" data-align=\"center\">Del  (presentar preinscripci\u00f3 al centre de l&#8217;ensenyament esportiu)<\/td><td class=\"has-text-align-center\" data-align=\"center\">&#8211;<\/td><td class=\"has-text-align-center\" data-align=\"center\">Del <\/td><\/tr><tr><td><strong>Cicles de formaci\u00f3 professional&nbsp;<\/strong><br>(Grau mitj\u00e0 i grau superior)<\/td><td class=\"has-text-align-center\" data-align=\"center\">Del 26 de maig a l&#8217;1 de juny<\/td><td class=\"has-text-align-center\" data-align=\"center\">1a assignaci\u00f3: <br>Del 10 al 14 de juliol <br>2a assignaci\u00f3: <br>Del 24 al 28 de  juliol <\/td><td class=\"has-text-align-center\" data-align=\"center\">1a assignaci\u00f3: <br>Del 10 al 16 juliol fins 14h <br>2a assignaci\u00f3: <br>Del 24 al 29 de juliol<\/td><\/tr><tr><td><strong>Salvament i socorrisme<\/strong><\/td><td class=\"has-text-align-center\" data-align=\"center\">Del <br>Del  (per Batxillerat 3&#215;2)<\/td><td class=\"has-text-align-center\" data-align=\"center\">&#8211;<\/td><td class=\"has-text-align-center\" data-align=\"center\">De <\/td><\/tr><tr><td><strong>PFI &#8211; PTT<\/strong><\/td><td class=\"has-text-align-center\" data-align=\"center\">Del 4 al 13 de maig<\/td><td class=\"has-text-align-center\" data-align=\"center\">&#8211;<\/td><td class=\"has-text-align-center\" data-align=\"center\">Del 6 al 10 de juliol<\/td><\/tr><tr><td><strong>IFE<\/strong><\/td><td class=\"has-text-align-center\" data-align=\"center\">De l&#8217;11 al 22 de maig<\/td><td class=\"has-text-align-center\" data-align=\"center\">&#8211;<\/td><td class=\"has-text-align-center\" data-align=\"center\">Del 19 al 26 de juny<\/td><\/tr><\/tbody><\/table><\/figure>\n\n\n\n<p><strong><mark>*CONFIRMACI\u00d3 ONLINE  DE LA PLA\u00c7A<\/mark>: <\/strong> un cop a l&#8217;alumne\/a se li assigni una pla\u00e7a, caldr\u00e0 <strong>CONFIRMAR-LA<\/strong>.<\/p>\n\n\n\n<ul class=\"wp-block-list\">\n<li>L&#8217;alumne\/a rebr\u00e0 un recordatori 24 hores abans que finalitzi el termini per confirmar la pla\u00e7a.<\/li>\n\n\n\n<li>Si la pla\u00e7a NO es confirma, l&#8217;alumne\/a rebr\u00e0 un comunicat de l&#8217;EXCLUSI\u00d3 DEL PROC\u00c9S (comporta la P\u00c8RDUA DE LA PLA\u00c7A).<\/li>\n\n\n\n<li>Si la pla\u00e7a S\u00cd es confirma, l&#8217;alumne\/a rebr\u00e0 un RESGUARD DE MATR\u00cdCULA CONDICIONADA al tr\u00e0mit amb el centre.<\/li>\n\n\n\n<li>L&#8217;alumne\/a ha de FORMALITZAR LA MATR\u00cdCULA OBLIGAT\u00d2RIAMENT al centre en qu\u00e8 se li ha assignat la pla\u00e7a.<\/li>\n<\/ul>\n\n\n\n<p><\/p>\n","protected":false},"excerpt":{"rendered":"<p>IMPORTANT! Informaci\u00f3 pendent d&#8217;actualitzar. ESTUDIS PREINSCRIPCI\u00d3Presentaci\u00f3 de sol\u00b7licituds *CONFIRMACI\u00d3 ONLINE DE LA PLA\u00c7A MATR\u00cdCULA ESO Del 6 al 18 de [&hellip;]<\/p>\n","protected":false},"author":1,"featured_media":0,"parent":0,"menu_order":0,"comment_status":"closed","ping_status":"close","template":"","meta":{"site-sidebar-layout":"no-sidebar","site-content-layout":"","ast-site-content-layout":"default","site-content-style":"default","site-sidebar-style":"default","ast-global-header-display":"","ast-banner-title-visibility":"","ast-main-header-display":"","ast-hfb-above-header-display":"","ast-hfb-below-header-display":"","ast-hfb-mobile-header-display":"","site-post-title":"","ast-breadcrumbs-content":"","ast-featured-img":"","footer-sml-layout":"","theme-transparent-header-meta":"","adv-header-id-meta":"","stick-header-meta":"","header-above-stick-meta":"","header-main-stick-meta":"","header-below-stick-meta":"","astra-migrate-meta-layouts":"set","ast-page-background-enabled":"default","ast-page-background-meta":{"desktop":{"background-color":"var(--ast-global-color-4)","background-image":"","background-repeat":"repeat","background-position":"center center","background-size":"auto","background-attachment":"scroll","background-type":"","background-media":"","overlay-type":"","overlay-color":"","overlay-opacity":"","overlay-gradient":""},"tablet":{"background-color":"","background-image":"","background-repeat":"repeat","background-position":"center center","background-size":"auto","background-attachment":"scroll","background-type":"","background-media":"","overlay-type":"","overlay-color":"","overlay-opacity":"","overlay-gradient":""},"mobile":{"background-color":"","background-image":"","background-repeat":"repeat","background-position":"center center","background-size":"auto","background-attachment":"scroll","background-type":"","background-media":"","overlay-type":"","overlay-color":"","overlay-opacity":"","overlay-gradient":""}},"ast-content-background-meta":{"desktop":{"background-color":"var(--ast-global-color-5)","background-image":"","background-repeat":"repeat","background-position":"center center","background-size":"auto","background-attachment":"scroll","background-type":"","background-media":"","overlay-type":"","overlay-color":"","overlay-opacity":"","overlay-gradient":""},"tablet":{"background-color":"var(--ast-global-color-5)","background-image":"","background-repeat":"repeat","background-position":"center center","background-size":"auto","background-attachment":"scroll","background-type":"","background-media":"","overlay-type":"","overlay-color":"","overlay-opacity":"","overlay-gradient":""},"mobile":{"background-color":"var(--ast-global-color-5)","background-image":"","background-repeat":"repeat","background-position":"center center","background-size":"auto","background-attachment":"scroll","background-type":"","background-media":"","overlay-type":"","overlay-color":"","overlay-opacity":"","overlay-gradient":""}},"footnotes":""},"class_list":["post-39866","page","type-page","status-publish","hentry"],"post_mailing_queue_ids":[],"_links":{"self":[{"href":"https:\/\/agora.xtec.cat\/iesagustiserra\/wp-json\/wp\/v2\/pages\/39866","targetHints":{"allow":["GET"]}}],"collection":[{"href":"https:\/\/agora.xtec.cat\/iesagustiserra\/wp-json\/wp\/v2\/pages"}],"about":[{"href":"https:\/\/agora.xtec.cat\/iesagustiserra\/wp-json\/wp\/v2\/types\/page"}],"author":[{"embeddable":true,"href":"https:\/\/agora.xtec.cat\/iesagustiserra\/wp-json\/wp\/v2\/users\/1"}],"replies":[{"embeddable":true,"href":"https:\/\/agora.xtec.cat\/iesagustiserra\/wp-json\/wp\/v2\/comments?post=39866"}],"version-history":[{"count":6,"href":"https:\/\/agora.xtec.cat\/iesagustiserra\/wp-json\/wp\/v2\/pages\/39866\/revisions"}],"predecessor-version":[{"id":39906,"href":"https:\/\/agora.xtec.cat\/iesagustiserra\/wp-json\/wp\/v2\/pages\/39866\/revisions\/39906"}],"wp:attachment":[{"href":"https:\/\/agora.xtec.cat\/iesagustiserra\/wp-json\/wp\/v2\/media?parent=39866"}],"curies":[{"name":"wp","href":"https:\/\/api.w.org\/{rel}","templated":true}]}}

CALENDARI PREINSCRIPCIÓ i MATRÍCULA – CURS 2026-2027 ALUMNAT NOU

<p class="has-text-align-center"><strong><mark style="background-color:rgba(0, 0, 0, 0);color:#f90000" class="has-inline-color">IMPORTANT! Informació pendent d&#8217;actualitzar.</mark></strong></p>



<figure class="wp-block-image aligncenter size-large is-resized"><img loading="lazy" decoding="async" width="1024" height="200" src="https://agora.xtec.cat/iesagustiserra/wp-content/uploads/usu1681/2026/03/Preinscripcio_baners_Web_educacio__Preinscripcio_web_educacio_1900x372_3imatges-1-1024x200.jpg" alt="" class="wp-image-38983" style="width:1202px;height:auto" srcset="https://agora.xtec.cat/iesagustiserra/wp-content/uploads/usu1681/2026/03/Preinscripcio_baners_Web_educacio__Preinscripcio_web_educacio_1900x372_3imatges-1-1024x200.jpg 1024w, https://agora.xtec.cat/iesagustiserra/wp-content/uploads/usu1681/2026/03/Preinscripcio_baners_Web_educacio__Preinscripcio_web_educacio_1900x372_3imatges-1-600x117.jpg 600w, https://agora.xtec.cat/iesagustiserra/wp-content/uploads/usu1681/2026/03/Preinscripcio_baners_Web_educacio__Preinscripcio_web_educacio_1900x372_3imatges-1-768x150.jpg 768w, https://agora.xtec.cat/iesagustiserra/wp-content/uploads/usu1681/2026/03/Preinscripcio_baners_Web_educacio__Preinscripcio_web_educacio_1900x372_3imatges-1-1536x301.jpg 1536w, https://agora.xtec.cat/iesagustiserra/wp-content/uploads/usu1681/2026/03/Preinscripcio_baners_Web_educacio__Preinscripcio_web_educacio_1900x372_3imatges-1.jpg 1900w" sizes="auto, (max-width: 1024px) 100vw, 1024px" /></figure>



<div style="height:20px" aria-hidden="true" class="wp-block-spacer"></div>



<figure class="wp-block-table aligncenter is-style-regular"><table class="has-fixed-layout"><thead><tr><th>ESTUDIS</th><th class="has-text-align-center" data-align="center">PREINSCRIPCIÓ<br>Presentació de sol·licituds</th><th class="has-text-align-center" data-align="center"><mark>*CONFIRMACIÓ  ONLINE <br>DE LA PLAÇA</mark></th><th class="has-text-align-center" data-align="center">                        MATRÍCULA</th></tr></thead><tbody><tr><td><strong>ESO</strong></td><td class="has-text-align-center" data-align="center">Del 6 al 18 de març</td><td class="has-text-align-center" data-align="center">&#8211;</td><td class="has-text-align-center" data-align="center">Del 22 al 30 de juny</td></tr><tr><td><strong>Batxillerat</strong></td><td class="has-text-align-center" data-align="center">Del 9 al 16 d&#8217;abril</td><td class="has-text-align-center" data-align="center">&#8211;</td><td class="has-text-align-center" data-align="center">Del 18 al 30 de juny</td></tr><tr><td><strong>Batxillerat esportiu 3&#215;2</strong></td><td class="has-text-align-center" data-align="center">Del  (presentar preinscripció al centre de l&#8217;ensenyament esportiu)</td><td class="has-text-align-center" data-align="center">&#8211;</td><td class="has-text-align-center" data-align="center">Del </td></tr><tr><td><strong>Cicles de formació professional&nbsp;</strong><br>(Grau mitjà i grau superior)</td><td class="has-text-align-center" data-align="center">Del 26 de maig a l&#8217;1 de juny</td><td class="has-text-align-center" data-align="center">1a assignació: <br>Del 10 al 14 de juliol <br>2a assignació: <br>Del 24 al 28 de  juliol </td><td class="has-text-align-center" data-align="center">1a assignació: <br>Del 10 al 16 juliol fins 14h <br>2a assignació: <br>Del 24 al 29 de juliol</td></tr><tr><td><strong>Salvament i socorrisme</strong></td><td class="has-text-align-center" data-align="center">Del <br>Del  (per Batxillerat 3&#215;2)</td><td class="has-text-align-center" data-align="center">&#8211;</td><td class="has-text-align-center" data-align="center">De </td></tr><tr><td><strong>PFI &#8211; PTT</strong></td><td class="has-text-align-center" data-align="center">Del 4 al 13 de maig</td><td class="has-text-align-center" data-align="center">&#8211;</td><td class="has-text-align-center" data-align="center">Del 6 al 10 de juliol</td></tr><tr><td><strong>IFE</strong></td><td class="has-text-align-center" data-align="center">De l&#8217;11 al 22 de maig</td><td class="has-text-align-center" data-align="center">&#8211;</td><td class="has-text-align-center" data-align="center">Del 19 al 26 de juny</td></tr></tbody></table></figure>



<p><strong><mark>*CONFIRMACIÓ ONLINE  DE LA PLAÇA</mark>: </strong> un cop a l&#8217;alumne/a se li assigni una plaça, caldrà <strong>CONFIRMAR-LA</strong>.</p>



<ul class="wp-block-list">
<li>L&#8217;alumne/a rebrà un recordatori 24 hores abans que finalitzi el termini per confirmar la plaça.</li>



<li>Si la plaça NO es confirma, l&#8217;alumne/a rebrà un comunicat de l&#8217;EXCLUSIÓ DEL PROCÉS (comporta la PÈRDUA DE LA PLAÇA).</li>



<li>Si la plaça SÍ es confirma, l&#8217;alumne/a rebrà un RESGUARD DE MATRÍCULA CONDICIONADA al tràmit amb el centre.</li>



<li>L&#8217;alumne/a ha de FORMALITZAR LA MATRÍCULA OBLIGATÒRIAMENT al centre en què se li ha assignat la plaça.</li>
</ul>



<p></p>

<p>IMPORTANT! Informació pendent d&#8217;actualitzar. ESTUDIS PREINSCRIPCIÓPresentació de sol·licituds *CONFIRMACIÓ ONLINE DE LA PLAÇA MATRÍCULA ESO Del 6 al 18 de [&hellip;]</p>
