{"id":38030,"date":"2026-01-21T12:43:36","date_gmt":"2026-01-21T11:43:36","guid":{"rendered":"https:\/\/agora.xtec.cat\/iesagustiserra\/?page_id=38030"},"modified":"2026-02-04T11:09:09","modified_gmt":"2026-02-04T10:09:09","slug":"collaboracio-institut-empreses","status":"publish","type":"page","link":"https:\/\/agora.xtec.cat\/iesagustiserra\/portal-empreses\/transferencia-tecnologica\/collaboracio-institut-empreses\/","title":{"rendered":"Col\u00b7laboraci\u00f3 Institut-empreses"},"content":{"rendered":"\n<p>&nbsp;l\u2019Institut Agust\u00ed Serra apostem fermament per apropar la realitat del m\u00f3n laboral a l\u2019aula mitjan\u00e7ant la participaci\u00f3 i la col\u00b7laboraci\u00f3 activa de les empreses en la Formaci\u00f3 Professional. Aquestes aliances s\u00f3n clau per oferir una formaci\u00f3 de qualitat, actualitzada i connectada amb les necessitats reals del teixit productiu.<\/p>\n\n\n\n<p>La implicaci\u00f3 de professionals del sector a trav\u00e9s de xerrades, tallers pr\u00e0ctics i pon\u00e8ncies especialitzades, aix\u00ed com les visites a les instal\u00b7lacions de les empreses, permet a l\u2019alumnat con\u00e8ixer de primera m\u00e0 els processos productius, les tecnologies i els perfils professionals m\u00e9s demanats. D\u2019aquesta manera, es refor\u00e7a el car\u00e0cter pr\u00e0ctic i competencial de l\u2019aprenentatge, es millora l\u2019ocupabilitat de l\u2019alumnat i es consolida el vincle entre el centre educatiu i el territori.<\/p>\n\n\n\n        <div class=\"wp-block-getwid-post-carousel custom-post-type-post has-slides-gap-small is-carousel has-arrows-inside has-dots-outside\">\n            <div data-slider-option=\"{&quot;sliderSlidesToShowDesktop&quot;:&quot;3&quot;,&quot;getwid_slidesToShowLaptop&quot;:&quot;1&quot;,&quot;getwid_slidesToShowTablet&quot;:&quot;1&quot;,&quot;getwid_slidesToShowMobile&quot;:&quot;1&quot;,&quot;getwid_autoplay_speed&quot;:6000,&quot;getwid_animation_speed&quot;:800,&quot;getwid_slidesToScroll&quot;:&quot;1&quot;,&quot;getwid_autoplay&quot;:false,&quot;getwid_pause_on_hover&quot;:false,&quot;getwid_infinite&quot;:true,&quot;getwid_center_mode&quot;:false,&quot;getwid_arrows&quot;:&quot;inside&quot;,&quot;getwid_dots&quot;:&quot;outside&quot;}\" class=\"wp-block-getwid-post-carousel__wrapper\">\n                \t\t\t\t\t\t\t<div class=\"wp-block-getwid-post-carousel__slide\">\n\t\t\t\t\t\t\t\t\n<div class=\"wp-block-getwid-post-carousel__post\">\n            <div class=\"wp-block-getwid-post-carousel__post-thumbnail\">\n            <a href=\"https:\/\/agora.xtec.cat\/iesagustiserra\/general\/visita-tecnica-a-laeroport-de-sabadell-del-2n-de-gm-dinstallacions-electriques-i-automatiques-a-las\/\"><img loading=\"lazy\" decoding=\"async\" width=\"1600\" height=\"686\" src=\"https:\/\/agora.xtec.cat\/iesagustiserra\/wp-content\/uploads\/usu1681\/2026\/04\/WhatsApp-Image-2026-04-23-at-19.23.01-1.jpeg\" class=\"attachment-post-thumbnail size-post-thumbnail wp-post-image\" alt=\"\" srcset=\"https:\/\/agora.xtec.cat\/iesagustiserra\/wp-content\/uploads\/usu1681\/2026\/04\/WhatsApp-Image-2026-04-23-at-19.23.01-1.jpeg 1600w, https:\/\/agora.xtec.cat\/iesagustiserra\/wp-content\/uploads\/usu1681\/2026\/04\/WhatsApp-Image-2026-04-23-at-19.23.01-1-600x257.jpeg 600w, https:\/\/agora.xtec.cat\/iesagustiserra\/wp-content\/uploads\/usu1681\/2026\/04\/WhatsApp-Image-2026-04-23-at-19.23.01-1-1024x439.jpeg 1024w, https:\/\/agora.xtec.cat\/iesagustiserra\/wp-content\/uploads\/usu1681\/2026\/04\/WhatsApp-Image-2026-04-23-at-19.23.01-1-768x329.jpeg 768w, https:\/\/agora.xtec.cat\/iesagustiserra\/wp-content\/uploads\/usu1681\/2026\/04\/WhatsApp-Image-2026-04-23-at-19.23.01-1-1536x659.jpeg 1536w\" sizes=\"auto, (max-width: 1600px) 100vw, 1600px\" \/><\/a>\n        <\/div>\n        <div class=\"wp-block-getwid-post-carousel__post-content-wrapper\">\n        <div class=\"wp-block-getwid-post-carousel__post-header\">\n            <h3 class=\"wp-block-getwid-post-carousel__post-title\"><a href=\"https:\/\/agora.xtec.cat\/iesagustiserra\/general\/visita-tecnica-a-laeroport-de-sabadell-del-2n-de-gm-dinstallacions-electriques-i-automatiques-a-las\/\">Visita t\u00e8cnica a l\u2019aeroport de Sabadell del 2n de GM d\u2019Instal\u00b7lacions El\u00e8ctriques i Autom\u00e0tiques a l&#8217;AS!<\/a><\/h3>        <\/div>\n        <div class=\"wp-block-getwid-post-carousel__post-excerpt\"><p>Dijous, 23 d\u2019abril, l\u2019alumnat de 2n de GM d\u2019Instal\u00b7lacions El\u00e8ctriques i Autom\u00e0tiques de l\u2019Institut Agust\u00ed Serra, dins del m\u00f2dul de [&hellip;]<\/p>\n<\/div>\n    <\/div>\n<\/div>\n\n\t\t\t\t\t\t\t<\/div>\n\t\t\t\t\t\t\t\t\t\t\t\t\t<div class=\"wp-block-getwid-post-carousel__slide\">\n\t\t\t\t\t\t\t\t\n<div class=\"wp-block-getwid-post-carousel__post\">\n            <div class=\"wp-block-getwid-post-carousel__post-thumbnail\">\n            <a href=\"https:\/\/agora.xtec.cat\/iesagustiserra\/general\/xerrada-tecnica-de-riello-solartech-spain\/\"><img loading=\"lazy\" decoding=\"async\" width=\"1183\" height=\"522\" src=\"https:\/\/agora.xtec.cat\/iesagustiserra\/wp-content\/uploads\/usu1681\/2026\/04\/Xerrada-tecnica-de-Riello-SolarTech-Spain-a-lInstitut-Agusti-Serra-i-Fontanet-Documents-de-Google-04-20-2026_10_13_AM.jpg\" class=\"attachment-post-thumbnail size-post-thumbnail wp-post-image\" alt=\"\" srcset=\"https:\/\/agora.xtec.cat\/iesagustiserra\/wp-content\/uploads\/usu1681\/2026\/04\/Xerrada-tecnica-de-Riello-SolarTech-Spain-a-lInstitut-Agusti-Serra-i-Fontanet-Documents-de-Google-04-20-2026_10_13_AM.jpg 1183w, https:\/\/agora.xtec.cat\/iesagustiserra\/wp-content\/uploads\/usu1681\/2026\/04\/Xerrada-tecnica-de-Riello-SolarTech-Spain-a-lInstitut-Agusti-Serra-i-Fontanet-Documents-de-Google-04-20-2026_10_13_AM-600x265.jpg 600w, https:\/\/agora.xtec.cat\/iesagustiserra\/wp-content\/uploads\/usu1681\/2026\/04\/Xerrada-tecnica-de-Riello-SolarTech-Spain-a-lInstitut-Agusti-Serra-i-Fontanet-Documents-de-Google-04-20-2026_10_13_AM-1024x452.jpg 1024w, https:\/\/agora.xtec.cat\/iesagustiserra\/wp-content\/uploads\/usu1681\/2026\/04\/Xerrada-tecnica-de-Riello-SolarTech-Spain-a-lInstitut-Agusti-Serra-i-Fontanet-Documents-de-Google-04-20-2026_10_13_AM-768x339.jpg 768w\" sizes=\"auto, (max-width: 1183px) 100vw, 1183px\" \/><\/a>\n        <\/div>\n        <div class=\"wp-block-getwid-post-carousel__post-content-wrapper\">\n        <div class=\"wp-block-getwid-post-carousel__post-header\">\n            <h3 class=\"wp-block-getwid-post-carousel__post-title\"><a href=\"https:\/\/agora.xtec.cat\/iesagustiserra\/general\/xerrada-tecnica-de-riello-solartech-spain\/\">Xerrada t\u00e8cnica de Riello SolarTech Spain<\/a><\/h3>        <\/div>\n        <div class=\"wp-block-getwid-post-carousel__post-excerpt\"><p>L\u2019alumnat del m\u00f2dul de Fotovoltaica del cicle de grau mig d\u2019Instal\u00b7lacions El\u00e8ctriques i Autom\u00e0tiques de l\u2019Institut Agust\u00ed Serra i Fontanet [&hellip;]<\/p>\n<\/div>\n    <\/div>\n<\/div>\n\n\t\t\t\t\t\t\t<\/div>\n\t\t\t\t\t\t\t\t\t\t\t\t\t<div class=\"wp-block-getwid-post-carousel__slide\">\n\t\t\t\t\t\t\t\t\n<div class=\"wp-block-getwid-post-carousel__post\">\n            <div class=\"wp-block-getwid-post-carousel__post-thumbnail\">\n            <a href=\"https:\/\/agora.xtec.cat\/iesagustiserra\/general\/jornada-tecnica-de-televes-1r-curs-del-cfgm-dinstallacions-electriques-i-automatiques\/\"><img loading=\"lazy\" decoding=\"async\" width=\"1600\" height=\"720\" src=\"https:\/\/agora.xtec.cat\/iesagustiserra\/wp-content\/uploads\/usu1681\/2026\/03\/WhatsApp-Image-2026-03-10-at-13.30.27.jpeg\" class=\"attachment-post-thumbnail size-post-thumbnail wp-post-image\" alt=\"\" srcset=\"https:\/\/agora.xtec.cat\/iesagustiserra\/wp-content\/uploads\/usu1681\/2026\/03\/WhatsApp-Image-2026-03-10-at-13.30.27.jpeg 1600w, https:\/\/agora.xtec.cat\/iesagustiserra\/wp-content\/uploads\/usu1681\/2026\/03\/WhatsApp-Image-2026-03-10-at-13.30.27-600x270.jpeg 600w, https:\/\/agora.xtec.cat\/iesagustiserra\/wp-content\/uploads\/usu1681\/2026\/03\/WhatsApp-Image-2026-03-10-at-13.30.27-1024x461.jpeg 1024w, https:\/\/agora.xtec.cat\/iesagustiserra\/wp-content\/uploads\/usu1681\/2026\/03\/WhatsApp-Image-2026-03-10-at-13.30.27-768x346.jpeg 768w, https:\/\/agora.xtec.cat\/iesagustiserra\/wp-content\/uploads\/usu1681\/2026\/03\/WhatsApp-Image-2026-03-10-at-13.30.27-1536x691.jpeg 1536w\" sizes=\"auto, (max-width: 1600px) 100vw, 1600px\" \/><\/a>\n        <\/div>\n        <div class=\"wp-block-getwid-post-carousel__post-content-wrapper\">\n        <div class=\"wp-block-getwid-post-carousel__post-header\">\n            <h3 class=\"wp-block-getwid-post-carousel__post-title\"><a href=\"https:\/\/agora.xtec.cat\/iesagustiserra\/general\/jornada-tecnica-de-televes-1r-curs-del-cfgm-dinstallacions-electriques-i-automatiques\/\">Jornada t\u00e8cnica de Telev\u00e9s 1r curs del CFGM d\u2019Instal\u00b7lacions El\u00e8ctriques i Autom\u00e0tiques<\/a><\/h3>        <\/div>\n        <div class=\"wp-block-getwid-post-carousel__post-excerpt\"><p>Aquesta setmana l\u2019alumnat de 1r curs del Cicle Formatiu de Grau Mitj\u00e0 d\u2019Instal\u00b7lacions El\u00e8ctriques i Autom\u00e0tiques ha participat en una [&hellip;]<\/p>\n<\/div>\n    <\/div>\n<\/div>\n\n\t\t\t\t\t\t\t<\/div>\n\t\t\t\t\t\t\t\t\t\t\t\t\t<div class=\"wp-block-getwid-post-carousel__slide\">\n\t\t\t\t\t\t\t\t\n<div class=\"wp-block-getwid-post-carousel__post\">\n            <div class=\"wp-block-getwid-post-carousel__post-thumbnail\">\n            <a href=\"https:\/\/agora.xtec.cat\/iesagustiserra\/portada\/2n-curs-del-grau-mitja-dinstallacions-electriques-ha-rebut-la-visita-de-lempresa-simon\/\"><img loading=\"lazy\" decoding=\"async\" width=\"1600\" height=\"720\" src=\"https:\/\/agora.xtec.cat\/iesagustiserra\/wp-content\/uploads\/usu1681\/2026\/02\/WhatsApp-Image-2026-02-05-at-20.25.51-1.jpeg\" class=\"attachment-post-thumbnail size-post-thumbnail wp-post-image\" alt=\"\" srcset=\"https:\/\/agora.xtec.cat\/iesagustiserra\/wp-content\/uploads\/usu1681\/2026\/02\/WhatsApp-Image-2026-02-05-at-20.25.51-1.jpeg 1600w, https:\/\/agora.xtec.cat\/iesagustiserra\/wp-content\/uploads\/usu1681\/2026\/02\/WhatsApp-Image-2026-02-05-at-20.25.51-1-600x270.jpeg 600w, https:\/\/agora.xtec.cat\/iesagustiserra\/wp-content\/uploads\/usu1681\/2026\/02\/WhatsApp-Image-2026-02-05-at-20.25.51-1-1024x461.jpeg 1024w, https:\/\/agora.xtec.cat\/iesagustiserra\/wp-content\/uploads\/usu1681\/2026\/02\/WhatsApp-Image-2026-02-05-at-20.25.51-1-768x346.jpeg 768w, https:\/\/agora.xtec.cat\/iesagustiserra\/wp-content\/uploads\/usu1681\/2026\/02\/WhatsApp-Image-2026-02-05-at-20.25.51-1-1536x691.jpeg 1536w\" sizes=\"auto, (max-width: 1600px) 100vw, 1600px\" \/><\/a>\n        <\/div>\n        <div class=\"wp-block-getwid-post-carousel__post-content-wrapper\">\n        <div class=\"wp-block-getwid-post-carousel__post-header\">\n            <h3 class=\"wp-block-getwid-post-carousel__post-title\"><a href=\"https:\/\/agora.xtec.cat\/iesagustiserra\/portada\/2n-curs-del-grau-mitja-dinstallacions-electriques-ha-rebut-la-visita-de-lempresa-simon\/\">2n curs del Grau Mitj\u00e0 d\u2019Instal\u00b7lacions El\u00e8ctriques ha rebut la visita de l\u2019empresa SIMON<\/a><\/h3>        <\/div>\n        <div class=\"wp-block-getwid-post-carousel__post-excerpt\"><p>L\u2019alumnat de 2n curs del Grau Mitj\u00e0 d\u2019Instal\u00b7lacions El\u00e8ctriques ha rebut la visita de l\u2019empresa SIMON, referent en solucions d\u2019electrificaci\u00f3 [&hellip;]<\/p>\n<\/div>\n    <\/div>\n<\/div>\n\n\t\t\t\t\t\t\t<\/div>\n\t\t\t\t\t\t\t\t\t\t\t\t\t<div class=\"wp-block-getwid-post-carousel__slide\">\n\t\t\t\t\t\t\t\t\n<div class=\"wp-block-getwid-post-carousel__post\">\n            <div class=\"wp-block-getwid-post-carousel__post-thumbnail\">\n            <a href=\"https:\/\/agora.xtec.cat\/iesagustiserra\/general\/jung-ofereix-una-sessio-formativa-sobre-el-sistema-de-domotica-knx\/\"><img loading=\"lazy\" decoding=\"async\" width=\"720\" height=\"426\" src=\"https:\/\/agora.xtec.cat\/iesagustiserra\/wp-content\/uploads\/usu1681\/2026\/02\/jung2.jpg\" class=\"attachment-post-thumbnail size-post-thumbnail wp-post-image\" alt=\"\" srcset=\"https:\/\/agora.xtec.cat\/iesagustiserra\/wp-content\/uploads\/usu1681\/2026\/02\/jung2.jpg 720w, https:\/\/agora.xtec.cat\/iesagustiserra\/wp-content\/uploads\/usu1681\/2026\/02\/jung2-600x355.jpg 600w\" sizes=\"auto, (max-width: 720px) 100vw, 720px\" \/><\/a>\n        <\/div>\n        <div class=\"wp-block-getwid-post-carousel__post-content-wrapper\">\n        <div class=\"wp-block-getwid-post-carousel__post-header\">\n            <h3 class=\"wp-block-getwid-post-carousel__post-title\"><a href=\"https:\/\/agora.xtec.cat\/iesagustiserra\/general\/jung-ofereix-una-sessio-formativa-sobre-el-sistema-de-domotica-knx\/\">Jung ofereix una sessi\u00f3 formativa sobre el sistema de dom\u00f2tica KNX.<\/a><\/h3>        <\/div>\n        <div class=\"wp-block-getwid-post-carousel__post-excerpt\"><p>Aquesta setmana l&#8217;alumnat de 2n de Grau mitj\u00e0 d&#8217;Instal\u00b7lacions el\u00e8ctriques al m\u00f2dul de dom\u00f2tica la visita del Sr. Daniel de [&hellip;]<\/p>\n<\/div>\n    <\/div>\n<\/div>\n\n\t\t\t\t\t\t\t<\/div>\n\t\t\t\t\t\t\t\t\t\t\t\t\t<div class=\"wp-block-getwid-post-carousel__slide\">\n\t\t\t\t\t\t\t\t\n<div class=\"wp-block-getwid-post-carousel__post\">\n            <div class=\"wp-block-getwid-post-carousel__post-thumbnail\">\n            <a href=\"https:\/\/agora.xtec.cat\/iesagustiserra\/general\/visita-tecnica-de-sisemed-als-tallers-dinstallacions-electriques\/\"><img loading=\"lazy\" decoding=\"async\" width=\"1600\" height=\"720\" src=\"https:\/\/agora.xtec.cat\/iesagustiserra\/wp-content\/uploads\/usu1681\/2026\/01\/WhatsApp-Image-2026-01-12-at-20.54.25-2.jpeg\" class=\"attachment-post-thumbnail size-post-thumbnail wp-post-image\" alt=\"\" srcset=\"https:\/\/agora.xtec.cat\/iesagustiserra\/wp-content\/uploads\/usu1681\/2026\/01\/WhatsApp-Image-2026-01-12-at-20.54.25-2.jpeg 1600w, https:\/\/agora.xtec.cat\/iesagustiserra\/wp-content\/uploads\/usu1681\/2026\/01\/WhatsApp-Image-2026-01-12-at-20.54.25-2-600x270.jpeg 600w, https:\/\/agora.xtec.cat\/iesagustiserra\/wp-content\/uploads\/usu1681\/2026\/01\/WhatsApp-Image-2026-01-12-at-20.54.25-2-1024x461.jpeg 1024w, https:\/\/agora.xtec.cat\/iesagustiserra\/wp-content\/uploads\/usu1681\/2026\/01\/WhatsApp-Image-2026-01-12-at-20.54.25-2-768x346.jpeg 768w, https:\/\/agora.xtec.cat\/iesagustiserra\/wp-content\/uploads\/usu1681\/2026\/01\/WhatsApp-Image-2026-01-12-at-20.54.25-2-1536x691.jpeg 1536w\" sizes=\"auto, (max-width: 1600px) 100vw, 1600px\" \/><\/a>\n        <\/div>\n        <div class=\"wp-block-getwid-post-carousel__post-content-wrapper\">\n        <div class=\"wp-block-getwid-post-carousel__post-header\">\n            <h3 class=\"wp-block-getwid-post-carousel__post-title\"><a href=\"https:\/\/agora.xtec.cat\/iesagustiserra\/general\/visita-tecnica-de-sisemed-als-tallers-dinstallacions-electriques\/\">Visita t\u00e8cnica de SISEMED als tallers d\u2019Instal\u00b7lacions El\u00e8ctriques<\/a><\/h3>        <\/div>\n        <div class=\"wp-block-getwid-post-carousel__post-excerpt\"><p>Recentment, l\u2019alumnat de 2n curs del Grau Mitj\u00e0 d\u2019Instal\u00b7lacions El\u00e8ctriques ha rebut la visita del Sr. Albert Ros, membre del [&hellip;]<\/p>\n<\/div>\n    <\/div>\n<\/div>\n\n\t\t\t\t\t\t\t<\/div>\n\t\t\t\t\t\t\t\t\t\t\t\t\t<div class=\"wp-block-getwid-post-carousel__slide\">\n\t\t\t\t\t\t\t\t\n<div class=\"wp-block-getwid-post-carousel__post\">\n            <div class=\"wp-block-getwid-post-carousel__post-thumbnail\">\n            <a href=\"https:\/\/agora.xtec.cat\/iesagustiserra\/general\/visita-de-jordi-mollon-corporate-business-manager-de-legend-ebikes-un-repte-innovador-amb-la-e-bici-siena\/\"><img loading=\"lazy\" decoding=\"async\" width=\"1600\" height=\"720\" src=\"https:\/\/agora.xtec.cat\/iesagustiserra\/wp-content\/uploads\/usu1681\/2026\/01\/Visita-de-Jordi-Mollon-5H.jpg\" class=\"attachment-post-thumbnail size-post-thumbnail wp-post-image\" alt=\"\" srcset=\"https:\/\/agora.xtec.cat\/iesagustiserra\/wp-content\/uploads\/usu1681\/2026\/01\/Visita-de-Jordi-Mollon-5H.jpg 1600w, https:\/\/agora.xtec.cat\/iesagustiserra\/wp-content\/uploads\/usu1681\/2026\/01\/Visita-de-Jordi-Mollon-5H-600x270.jpg 600w, https:\/\/agora.xtec.cat\/iesagustiserra\/wp-content\/uploads\/usu1681\/2026\/01\/Visita-de-Jordi-Mollon-5H-1024x461.jpg 1024w, https:\/\/agora.xtec.cat\/iesagustiserra\/wp-content\/uploads\/usu1681\/2026\/01\/Visita-de-Jordi-Mollon-5H-768x346.jpg 768w, https:\/\/agora.xtec.cat\/iesagustiserra\/wp-content\/uploads\/usu1681\/2026\/01\/Visita-de-Jordi-Mollon-5H-1536x691.jpg 1536w\" sizes=\"auto, (max-width: 1600px) 100vw, 1600px\" \/><\/a>\n        <\/div>\n        <div class=\"wp-block-getwid-post-carousel__post-content-wrapper\">\n        <div class=\"wp-block-getwid-post-carousel__post-header\">\n            <h3 class=\"wp-block-getwid-post-carousel__post-title\"><a href=\"https:\/\/agora.xtec.cat\/iesagustiserra\/general\/visita-de-jordi-mollon-corporate-business-manager-de-legend-ebikes-un-repte-innovador-amb-la-e-bici-siena\/\">Visita de Jordi Mollon, Corporate Business Manager de LEGEND eBikes: Un repte innovador amb la e-bici Siena<\/a><\/h3>        <\/div>\n        <div class=\"wp-block-getwid-post-carousel__post-excerpt\"><p>La setmana del 15 de desembre el grup 2n de grau mitj\u00e0 d&#8217;instal\u00b7lacions el\u00e8ctriques ha tingut el plaer de rebre [&hellip;]<\/p>\n<\/div>\n    <\/div>\n<\/div>\n\n\t\t\t\t\t\t\t<\/div>\n\t\t\t\t\t\t\t\t\t\t\t\t\t<div class=\"wp-block-getwid-post-carousel__slide\">\n\t\t\t\t\t\t\t\t\n<div class=\"wp-block-getwid-post-carousel__post\">\n            <div class=\"wp-block-getwid-post-carousel__post-thumbnail\">\n            <a href=\"https:\/\/agora.xtec.cat\/iesagustiserra\/general\/lalumnat-delectricitat-i-robotica-visita-lempresa-unex\/\"><img loading=\"lazy\" decoding=\"async\" width=\"922\" height=\"2048\" src=\"https:\/\/agora.xtec.cat\/iesagustiserra\/wp-content\/uploads\/usu1681\/2025\/12\/WhatsApp-Image-2025-11-18-at-12.31.27-2.jpeg\" class=\"attachment-post-thumbnail size-post-thumbnail wp-post-image\" alt=\"\" srcset=\"https:\/\/agora.xtec.cat\/iesagustiserra\/wp-content\/uploads\/usu1681\/2025\/12\/WhatsApp-Image-2025-11-18-at-12.31.27-2.jpeg 922w, https:\/\/agora.xtec.cat\/iesagustiserra\/wp-content\/uploads\/usu1681\/2025\/12\/WhatsApp-Image-2025-11-18-at-12.31.27-2-270x600.jpeg 270w, https:\/\/agora.xtec.cat\/iesagustiserra\/wp-content\/uploads\/usu1681\/2025\/12\/WhatsApp-Image-2025-11-18-at-12.31.27-2-461x1024.jpeg 461w, https:\/\/agora.xtec.cat\/iesagustiserra\/wp-content\/uploads\/usu1681\/2025\/12\/WhatsApp-Image-2025-11-18-at-12.31.27-2-768x1706.jpeg 768w, https:\/\/agora.xtec.cat\/iesagustiserra\/wp-content\/uploads\/usu1681\/2025\/12\/WhatsApp-Image-2025-11-18-at-12.31.27-2-692x1536.jpeg 692w\" sizes=\"auto, (max-width: 922px) 100vw, 922px\" \/><\/a>\n        <\/div>\n        <div class=\"wp-block-getwid-post-carousel__post-content-wrapper\">\n        <div class=\"wp-block-getwid-post-carousel__post-header\">\n            <h3 class=\"wp-block-getwid-post-carousel__post-title\"><a href=\"https:\/\/agora.xtec.cat\/iesagustiserra\/general\/lalumnat-delectricitat-i-robotica-visita-lempresa-unex\/\">L&#8217;alumnat d&#8217;electricitat i rob\u00f2tica visita l&#8217;empresa UNEX<\/a><\/h3>        <\/div>\n        <div class=\"wp-block-getwid-post-carousel__post-excerpt\"><p>L&#8217;alumnat de grau mitj\u00e0 d&#8217;instal\u00b7lacions el\u00e8ctriques i autom\u00e0tiques, i en altre visita l&#8217;alumnat de grau superior de Rob\u00f2tica industrial, ha [&hellip;]<\/p>\n<\/div>\n    <\/div>\n<\/div>\n\n\t\t\t\t\t\t\t<\/div>\n\t\t\t\t\t\t\t\t\t\t\t\t\t<div class=\"wp-block-getwid-post-carousel__slide\">\n\t\t\t\t\t\t\t\t\n<div class=\"wp-block-getwid-post-carousel__post\">\n            <div class=\"wp-block-getwid-post-carousel__post-thumbnail\">\n            <a href=\"https:\/\/agora.xtec.cat\/iesagustiserra\/portada\/lalumnat-de-grau-superior-de-robotica-rep-la-visita-de-lempresa-festo\/\"><img loading=\"lazy\" decoding=\"async\" width=\"922\" height=\"2048\" src=\"https:\/\/agora.xtec.cat\/iesagustiserra\/wp-content\/uploads\/usu1681\/2025\/12\/WhatsApp-Image-2025-12-01-at-15.18.57-2.jpeg\" class=\"attachment-post-thumbnail size-post-thumbnail wp-post-image\" alt=\"\" srcset=\"https:\/\/agora.xtec.cat\/iesagustiserra\/wp-content\/uploads\/usu1681\/2025\/12\/WhatsApp-Image-2025-12-01-at-15.18.57-2.jpeg 922w, https:\/\/agora.xtec.cat\/iesagustiserra\/wp-content\/uploads\/usu1681\/2025\/12\/WhatsApp-Image-2025-12-01-at-15.18.57-2-270x600.jpeg 270w, https:\/\/agora.xtec.cat\/iesagustiserra\/wp-content\/uploads\/usu1681\/2025\/12\/WhatsApp-Image-2025-12-01-at-15.18.57-2-461x1024.jpeg 461w, https:\/\/agora.xtec.cat\/iesagustiserra\/wp-content\/uploads\/usu1681\/2025\/12\/WhatsApp-Image-2025-12-01-at-15.18.57-2-768x1706.jpeg 768w, https:\/\/agora.xtec.cat\/iesagustiserra\/wp-content\/uploads\/usu1681\/2025\/12\/WhatsApp-Image-2025-12-01-at-15.18.57-2-692x1536.jpeg 692w\" sizes=\"auto, (max-width: 922px) 100vw, 922px\" \/><\/a>\n        <\/div>\n        <div class=\"wp-block-getwid-post-carousel__post-content-wrapper\">\n        <div class=\"wp-block-getwid-post-carousel__post-header\">\n            <h3 class=\"wp-block-getwid-post-carousel__post-title\"><a href=\"https:\/\/agora.xtec.cat\/iesagustiserra\/portada\/lalumnat-de-grau-superior-de-robotica-rep-la-visita-de-lempresa-festo\/\">L&#8217;alumnat de grau superior de Rob\u00f2tica rep la visita de l&#8217;empresa FESTO<\/a><\/h3>        <\/div>\n        <div class=\"wp-block-getwid-post-carousel__post-excerpt\"><p>FESTO, una empresa multinacional d&#8217;automatitzaci\u00f3 industrial, va venir el passat 24 de novembre a explicar el software de bess\u00f3 digital [&hellip;]<\/p>\n<\/div>\n    <\/div>\n<\/div>\n\n\t\t\t\t\t\t\t<\/div>\n\t\t\t\t\t\t            <\/div>\n        <\/div>\n        ","protected":false},"excerpt":{"rendered":"<p>&nbsp;l\u2019Institut Agust\u00ed Serra apostem fermament per apropar la realitat del m\u00f3n laboral a l\u2019aula mitjan\u00e7ant la participaci\u00f3 i la col\u00b7laboraci\u00f3 [&hellip;]<\/p>\n","protected":false},"author":1,"featured_media":0,"parent":38026,"menu_order":0,"comment_status":"closed","ping_status":"close","template":"","meta":{"site-sidebar-layout":"default","site-content-layout":"","ast-site-content-layout":"default","site-content-style":"default","site-sidebar-style":"default","ast-global-header-display":"","ast-banner-title-visibility":"","ast-main-header-display":"","ast-hfb-above-header-display":"","ast-hfb-below-header-display":"","ast-hfb-mobile-header-display":"","site-post-title":"","ast-breadcrumbs-content":"","ast-featured-img":"","footer-sml-layout":"","theme-transparent-header-meta":"","adv-header-id-meta":"","stick-header-meta":"","header-above-stick-meta":"","header-main-stick-meta":"","header-below-stick-meta":"","astra-migrate-meta-layouts":"set","ast-page-background-enabled":"default","ast-page-background-meta":{"desktop":{"background-color":"var(--ast-global-color-4)","background-image":"","background-repeat":"repeat","background-position":"center center","background-size":"auto","background-attachment":"scroll","background-type":"","background-media":"","overlay-type":"","overlay-color":"","overlay-opacity":"","overlay-gradient":""},"tablet":{"background-color":"","background-image":"","background-repeat":"repeat","background-position":"center center","background-size":"auto","background-attachment":"scroll","background-type":"","background-media":"","overlay-type":"","overlay-color":"","overlay-opacity":"","overlay-gradient":""},"mobile":{"background-color":"","background-image":"","background-repeat":"repeat","background-position":"center center","background-size":"auto","background-attachment":"scroll","background-type":"","background-media":"","overlay-type":"","overlay-color":"","overlay-opacity":"","overlay-gradient":""}},"ast-content-background-meta":{"desktop":{"background-color":"var(--ast-global-color-5)","background-image":"","background-repeat":"repeat","background-position":"center center","background-size":"auto","background-attachment":"scroll","background-type":"","background-media":"","overlay-type":"","overlay-color":"","overlay-opacity":"","overlay-gradient":""},"tablet":{"background-color":"var(--ast-global-color-5)","background-image":"","background-repeat":"repeat","background-position":"center center","background-size":"auto","background-attachment":"scroll","background-type":"","background-media":"","overlay-type":"","overlay-color":"","overlay-opacity":"","overlay-gradient":""},"mobile":{"background-color":"var(--ast-global-color-5)","background-image":"","background-repeat":"repeat","background-position":"center center","background-size":"auto","background-attachment":"scroll","background-type":"","background-media":"","overlay-type":"","overlay-color":"","overlay-opacity":"","overlay-gradient":""}},"footnotes":""},"class_list":["post-38030","page","type-page","status-publish","hentry"],"post_mailing_queue_ids":[],"_links":{"self":[{"href":"https:\/\/agora.xtec.cat\/iesagustiserra\/wp-json\/wp\/v2\/pages\/38030","targetHints":{"allow":["GET"]}}],"collection":[{"href":"https:\/\/agora.xtec.cat\/iesagustiserra\/wp-json\/wp\/v2\/pages"}],"about":[{"href":"https:\/\/agora.xtec.cat\/iesagustiserra\/wp-json\/wp\/v2\/types\/page"}],"author":[{"embeddable":true,"href":"https:\/\/agora.xtec.cat\/iesagustiserra\/wp-json\/wp\/v2\/users\/1"}],"replies":[{"embeddable":true,"href":"https:\/\/agora.xtec.cat\/iesagustiserra\/wp-json\/wp\/v2\/comments?post=38030"}],"version-history":[{"count":5,"href":"https:\/\/agora.xtec.cat\/iesagustiserra\/wp-json\/wp\/v2\/pages\/38030\/revisions"}],"predecessor-version":[{"id":38422,"href":"https:\/\/agora.xtec.cat\/iesagustiserra\/wp-json\/wp\/v2\/pages\/38030\/revisions\/38422"}],"up":[{"embeddable":true,"href":"https:\/\/agora.xtec.cat\/iesagustiserra\/wp-json\/wp\/v2\/pages\/38026"}],"wp:attachment":[{"href":"https:\/\/agora.xtec.cat\/iesagustiserra\/wp-json\/wp\/v2\/media?parent=38030"}],"curies":[{"name":"wp","href":"https:\/\/api.w.org\/{rel}","templated":true}]}}