{"id":36782,"date":"2025-11-07T12:41:41","date_gmt":"2025-11-07T11:41:41","guid":{"rendered":"https:\/\/agora.xtec.cat\/iesagustiserra\/?page_id=36782"},"modified":"2026-01-28T11:18:30","modified_gmt":"2026-01-28T10:18:30","slug":"catskills-2","status":"publish","type":"page","link":"https:\/\/agora.xtec.cat\/iesagustiserra\/portal-empreses\/transferencia-tecnologica\/participacio-a-concursos\/catskills-2\/","title":{"rendered":"Catskills"},"content":{"rendered":"\n<figure class=\"wp-block-image aligncenter is-resized\"><a href=\"https:\/\/projectes.xtec.cat\/catskills\/\" target=\"_blank\" rel=\"noreferrer noopener\"><img decoding=\"async\" src=\"https:\/\/projectes.xtec.cat\/catskills\/wp-content\/uploads\/usu2057\/2020\/04\/Catskillscolor.png\" alt=\"\" style=\"width:302px;height:auto\"\/><\/a><\/figure>\n\n\n\n<p><a href=\"https:\/\/triaeducativa.gencat.cat\/ca\/viver-fp\/catskills-fp\/\" target=\"_blank\" rel=\"noreferrer noopener\"><strong>Catskills<\/strong>&nbsp;<\/a>\u00e9s un programa d\u2019innovaci\u00f3 pedag\u00f2gica per promoure i demostrar l\u2019expertesa i les compet\u00e8ncies de l\u2019alumnat de formaci\u00f3 professional de Catalunya.<\/p>\n\n\n\n<p>El programa s\u2019articula al voltant de l\u2019organitzaci\u00f3 d\u2019uns cicles de campionats d\u2019\u00e0mbit catal\u00e0, estatal i internacional en qu\u00e8 l\u2019alumnat que hi participa ha de demostrar les seves destreses i habilitats en diferents modalitats. En el llenguatge d\u2019aquests campionats, cada modalitat \u00e9s una&nbsp;<em>skill&nbsp;<\/em>relacionada amb diferents especialitats de la formaci\u00f3 professional.<\/p>\n\n\n\n<p>El&nbsp;<a href=\"https:\/\/triaeducativa.gencat.cat\/ca\/viver-fp\/catskills-fp\/catskills\/\" target=\"_blank\" rel=\"noreferrer noopener\"><strong>Catskills<\/strong><\/a>&nbsp;inclou entrenaments de preparaci\u00f3 per participar en campionats i exhibicions d\u2019\u00e0mbit catal\u00e0, estatal i internacional, i s\u2019emmarca i s\u2019inspira en les competicions Spainskills, EuroSkills i Worldskills, concebudes per impulsar i valorar la formaci\u00f3 professional.<\/p>\n","protected":false},"excerpt":{"rendered":"<p>Catskills&nbsp;\u00e9s un programa d\u2019innovaci\u00f3 pedag\u00f2gica per promoure i demostrar l\u2019expertesa i les compet\u00e8ncies de l\u2019alumnat de formaci\u00f3 professional de Catalunya. [&hellip;]<\/p>\n","protected":false},"author":1,"featured_media":0,"parent":38034,"menu_order":0,"comment_status":"closed","ping_status":"close","template":"","meta":{"site-sidebar-layout":"default","site-content-layout":"","ast-site-content-layout":"default","site-content-style":"default","site-sidebar-style":"default","ast-global-header-display":"","ast-banner-title-visibility":"","ast-main-header-display":"","ast-hfb-above-header-display":"","ast-hfb-below-header-display":"","ast-hfb-mobile-header-display":"","site-post-title":"","ast-breadcrumbs-content":"","ast-featured-img":"","footer-sml-layout":"","theme-transparent-header-meta":"","adv-header-id-meta":"","stick-header-meta":"","header-above-stick-meta":"","header-main-stick-meta":"","header-below-stick-meta":"","astra-migrate-meta-layouts":"set","ast-page-background-enabled":"default","ast-page-background-meta":{"desktop":{"background-color":"var(--ast-global-color-4)","background-image":"","background-repeat":"repeat","background-position":"center center","background-size":"auto","background-attachment":"scroll","background-type":"","background-media":"","overlay-type":"","overlay-color":"","overlay-opacity":"","overlay-gradient":""},"tablet":{"background-color":"","background-image":"","background-repeat":"repeat","background-position":"center center","background-size":"auto","background-attachment":"scroll","background-type":"","background-media":"","overlay-type":"","overlay-color":"","overlay-opacity":"","overlay-gradient":""},"mobile":{"background-color":"","background-image":"","background-repeat":"repeat","background-position":"center center","background-size":"auto","background-attachment":"scroll","background-type":"","background-media":"","overlay-type":"","overlay-color":"","overlay-opacity":"","overlay-gradient":""}},"ast-content-background-meta":{"desktop":{"background-color":"var(--ast-global-color-5)","background-image":"","background-repeat":"repeat","background-position":"center center","background-size":"auto","background-attachment":"scroll","background-type":"","background-media":"","overlay-type":"","overlay-color":"","overlay-opacity":"","overlay-gradient":""},"tablet":{"background-color":"var(--ast-global-color-5)","background-image":"","background-repeat":"repeat","background-position":"center center","background-size":"auto","background-attachment":"scroll","background-type":"","background-media":"","overlay-type":"","overlay-color":"","overlay-opacity":"","overlay-gradient":""},"mobile":{"background-color":"var(--ast-global-color-5)","background-image":"","background-repeat":"repeat","background-position":"center center","background-size":"auto","background-attachment":"scroll","background-type":"","background-media":"","overlay-type":"","overlay-color":"","overlay-opacity":"","overlay-gradient":""}},"footnotes":""},"class_list":["post-36782","page","type-page","status-publish","hentry"],"post_mailing_queue_ids":[],"_links":{"self":[{"href":"https:\/\/agora.xtec.cat\/iesagustiserra\/wp-json\/wp\/v2\/pages\/36782","targetHints":{"allow":["GET"]}}],"collection":[{"href":"https:\/\/agora.xtec.cat\/iesagustiserra\/wp-json\/wp\/v2\/pages"}],"about":[{"href":"https:\/\/agora.xtec.cat\/iesagustiserra\/wp-json\/wp\/v2\/types\/page"}],"author":[{"embeddable":true,"href":"https:\/\/agora.xtec.cat\/iesagustiserra\/wp-json\/wp\/v2\/users\/1"}],"replies":[{"embeddable":true,"href":"https:\/\/agora.xtec.cat\/iesagustiserra\/wp-json\/wp\/v2\/comments?post=36782"}],"version-history":[{"count":5,"href":"https:\/\/agora.xtec.cat\/iesagustiserra\/wp-json\/wp\/v2\/pages\/36782\/revisions"}],"predecessor-version":[{"id":38088,"href":"https:\/\/agora.xtec.cat\/iesagustiserra\/wp-json\/wp\/v2\/pages\/36782\/revisions\/38088"}],"up":[{"embeddable":true,"href":"https:\/\/agora.xtec.cat\/iesagustiserra\/wp-json\/wp\/v2\/pages\/38034"}],"wp:attachment":[{"href":"https:\/\/agora.xtec.cat\/iesagustiserra\/wp-json\/wp\/v2\/media?parent=36782"}],"curies":[{"name":"wp","href":"https:\/\/api.w.org\/{rel}","templated":true}]}}