{"id":36705,"date":"2025-11-06T10:09:03","date_gmt":"2025-11-06T09:09:03","guid":{"rendered":"https:\/\/agora.xtec.cat\/iesagustiserra\/?page_id=36705"},"modified":"2025-12-18T10:17:01","modified_gmt":"2025-12-18T09:17:01","slug":"comissio-destudiants","status":"publish","type":"page","link":"https:\/\/agora.xtec.cat\/iesagustiserra\/serveis\/comissio-destudiants\/","title":{"rendered":"Comissi\u00f3 d&#8217;estudiants"},"content":{"rendered":"\n<div class=\"wp-block-columns is-layout-flex wp-container-core-columns-is-layout-1 wp-block-columns-is-layout-flex\" style=\"padding-top:var(--wp--preset--spacing--50);padding-right:0;padding-bottom:var(--wp--preset--spacing--50);padding-left:0\">\n<div class=\"wp-block-column is-layout-flow wp-block-column-is-layout-flow\">\n<figure data-wp-context=\"{&quot;imageId&quot;:&quot;69e1e0d434481&quot;}\" data-wp-interactive=\"core\/image\" class=\"wp-block-image alignright size-full is-resized is-style-rounded wp-lightbox-container\"><img loading=\"lazy\" decoding=\"async\" width=\"1024\" height=\"1024\" data-wp-class--hide=\"state.isContentHidden\" data-wp-class--show=\"state.isContentVisible\" data-wp-init=\"callbacks.setButtonStyles\" data-wp-on-async--click=\"actions.showLightbox\" data-wp-on-async--load=\"callbacks.setButtonStyles\" data-wp-on-async-window--resize=\"callbacks.setButtonStyles\" src=\"https:\/\/agora.xtec.cat\/iesagustiserra\/wp-content\/uploads\/usu1681\/2025\/11\/Logo-de-la-Comissio-dEstudiants-2-1.png\" alt=\"\" class=\"wp-image-36707\" style=\"width:142px;height:auto\" srcset=\"https:\/\/agora.xtec.cat\/iesagustiserra\/wp-content\/uploads\/usu1681\/2025\/11\/Logo-de-la-Comissio-dEstudiants-2-1.png 1024w, https:\/\/agora.xtec.cat\/iesagustiserra\/wp-content\/uploads\/usu1681\/2025\/11\/Logo-de-la-Comissio-dEstudiants-2-1-600x600.png 600w, https:\/\/agora.xtec.cat\/iesagustiserra\/wp-content\/uploads\/usu1681\/2025\/11\/Logo-de-la-Comissio-dEstudiants-2-1-150x150.png 150w, https:\/\/agora.xtec.cat\/iesagustiserra\/wp-content\/uploads\/usu1681\/2025\/11\/Logo-de-la-Comissio-dEstudiants-2-1-768x768.png 768w\" sizes=\"auto, (max-width: 1024px) 100vw, 1024px\" \/><button\n\t\t\tclass=\"lightbox-trigger\"\n\t\t\ttype=\"button\"\n\t\t\taria-haspopup=\"dialog\"\n\t\t\taria-label=\"Amplia la imatge\"\n\t\t\tdata-wp-init=\"callbacks.initTriggerButton\"\n\t\t\tdata-wp-on-async--click=\"actions.showLightbox\"\n\t\t\tdata-wp-style--right=\"state.imageButtonRight\"\n\t\t\tdata-wp-style--top=\"state.imageButtonTop\"\n\t\t>\n\t\t\t<svg xmlns=\"http:\/\/www.w3.org\/2000\/svg\" width=\"12\" height=\"12\" fill=\"none\" viewBox=\"0 0 12 12\">\n\t\t\t\t<path fill=\"#fff\" d=\"M2 0a2 2 0 0 0-2 2v2h1.5V2a.5.5 0 0 1 .5-.5h2V0H2Zm2 10.5H2a.5.5 0 0 1-.5-.5V8H0v2a2 2 0 0 0 2 2h2v-1.5ZM8 12v-1.5h2a.5.5 0 0 0 .5-.5V8H12v2a2 2 0 0 1-2 2H8Zm2-12a2 2 0 0 1 2 2v2h-1.5V2a.5.5 0 0 0-.5-.5H8V0h2Z\" \/>\n\t\t\t<\/svg>\n\t\t<\/button><\/figure>\n<\/div>\n\n\n\n<div class=\"wp-block-column is-layout-flow wp-block-column-is-layout-flow\">\n<figure class=\"wp-block-image aligncenter size-full is-resized has-custom-border is-style-default\" style=\"margin-right:0;margin-left:0\"><a href=\"https:\/\/www.instagram.com\/agusti_serra_i_fontanet\/\" target=\"_blank\" rel=\" noreferrer noopener\"><img loading=\"lazy\" decoding=\"async\" width=\"2350\" height=\"2700\" src=\"https:\/\/agora.xtec.cat\/iesagustiserra\/wp-content\/uploads\/usu1681\/2025\/11\/agusti_serra_i_fontanet_qr.png\" alt=\"\" class=\"wp-image-37187\" style=\"border-style:none;border-width:0px;width:136px;height:auto\" srcset=\"https:\/\/agora.xtec.cat\/iesagustiserra\/wp-content\/uploads\/usu1681\/2025\/11\/agusti_serra_i_fontanet_qr.png 2350w, https:\/\/agora.xtec.cat\/iesagustiserra\/wp-content\/uploads\/usu1681\/2025\/11\/agusti_serra_i_fontanet_qr-522x600.png 522w, https:\/\/agora.xtec.cat\/iesagustiserra\/wp-content\/uploads\/usu1681\/2025\/11\/agusti_serra_i_fontanet_qr-891x1024.png 891w, https:\/\/agora.xtec.cat\/iesagustiserra\/wp-content\/uploads\/usu1681\/2025\/11\/agusti_serra_i_fontanet_qr-768x882.png 768w, https:\/\/agora.xtec.cat\/iesagustiserra\/wp-content\/uploads\/usu1681\/2025\/11\/agusti_serra_i_fontanet_qr-1337x1536.png 1337w, https:\/\/agora.xtec.cat\/iesagustiserra\/wp-content\/uploads\/usu1681\/2025\/11\/agusti_serra_i_fontanet_qr-1783x2048.png 1783w\" sizes=\"auto, (max-width: 2350px) 100vw, 2350px\" \/><\/a><\/figure>\n<\/div>\n\n\n\n<div class=\"wp-block-column is-layout-flow wp-block-column-is-layout-flow\">\n<figure class=\"wp-block-image alignleft size-full is-resized\" style=\"margin-top:var(--wp--preset--spacing--40);margin-right:0;margin-bottom:var(--wp--preset--spacing--40);margin-left:0\"><img loading=\"lazy\" decoding=\"async\" width=\"200\" height=\"147\" src=\"https:\/\/agora.xtec.cat\/iesagustiserra\/wp-content\/uploads\/usu1681\/2025\/09\/asf-logo.gif\" alt=\"\" class=\"wp-image-36148\" style=\"width:150px\"\/><\/figure>\n<\/div>\n<\/div>\n\n\n\n<hr class=\"wp-block-separator has-alpha-channel-opacity is-style-wide\"\/>\n\n\n\n<div class=\"wp-block-getwid-table-of-contents is-style-default\"><ul class=\"wp-block-getwid-table-of-contents__list\"><li><a href=\"#g1686a500fa93\">Felicitaci\u00f3 de les festes<\/a><\/li><li><a href=\"#g549e5c6fbe1f\">Contacte<\/a><ul><li><a href=\"#ga93f63a609f7\">comissioestudiantsagustiserra@institutagustiserra.cat<\/a><\/li><\/ul><\/li><li><a href=\"#g494a600c4da8\">Carta de benvinguda<\/a><\/li><li><a href=\"#g44e2f4af4d4b\">Articles web<\/a><\/li><\/ul><\/div>\n\n\n\n<h4 class=\"wp-block-heading\" id=\"g1686a500fa93\">Felicitaci\u00f3 de les festes<\/h4>\n\n\n\n<div data-wp-interactive=\"core\/file\" class=\"wp-block-file\"><object data-wp-bind--hidden=\"!state.hasPdfPreview\" hidden class=\"wp-block-file__embed\" data=\"https:\/\/agora.xtec.cat\/iesagustiserra\/wp-content\/uploads\/usu1681\/2025\/12\/Felicitacio-de-les-festes-a-tota-la-gent-que-forma-el-nostre-institut.pdf\" type=\"application\/pdf\" style=\"width:100%;height:600px\" aria-label=\"Incrustaci\u00f3 del fitxer Felicitaci\u00f3 de les festes a tota la gent que forma el nostre institut.\"><\/object><a id=\"wp-block-file--media-3039999d-971a-4fe7-9630-769e88f0a66a\" href=\"https:\/\/agora.xtec.cat\/iesagustiserra\/wp-content\/uploads\/usu1681\/2025\/12\/Felicitacio-de-les-festes-a-tota-la-gent-que-forma-el-nostre-institut.pdf\">Felicitaci\u00f3 de les festes a tota la gent que forma el nostre institut<\/a><a href=\"https:\/\/agora.xtec.cat\/iesagustiserra\/wp-content\/uploads\/usu1681\/2025\/12\/Felicitacio-de-les-festes-a-tota-la-gent-que-forma-el-nostre-institut.pdf\" class=\"wp-block-file__button wp-element-button\" download aria-describedby=\"wp-block-file--media-3039999d-971a-4fe7-9630-769e88f0a66a\">Baixa<\/a><\/div>\n\n\n\n<h4 class=\"wp-block-heading\" id=\"g549e5c6fbe1f\">Contacte<\/h4>\n\n\n\n<div class=\"wp-block-columns is-layout-flex wp-container-core-columns-is-layout-2 wp-block-columns-is-layout-flex\" style=\"padding-top:var(--wp--preset--spacing--20);padding-right:var(--wp--preset--spacing--80);padding-bottom:var(--wp--preset--spacing--20);padding-left:var(--wp--preset--spacing--80)\">\n<div class=\"wp-block-column is-layout-flow wp-block-column-is-layout-flow\" style=\"flex-basis:5%\">\n<figure class=\"wp-block-image size-full\"><a href=\"comissioestudiantsagustiserra@institutagustiserra.cat\"><img loading=\"lazy\" decoding=\"async\" width=\"253\" height=\"199\" src=\"https:\/\/agora.xtec.cat\/iesagustiserra\/wp-content\/uploads\/usu1681\/2025\/11\/images.png\" alt=\"\" class=\"wp-image-36719\"\/><\/a><\/figure>\n<\/div>\n\n\n\n<div class=\"wp-block-column is-vertically-aligned-center is-layout-flow wp-block-column-is-layout-flow\" style=\"flex-basis:95%\">\n<h6 class=\"wp-block-heading has-text-align-left\" id=\"ga93f63a609f7\"><a href=\"mailto:comissioestudiantsagustiserra@institutagustiserra.cat\">comissioestudiantsagustiserra@institutagustiserra.cat<\/a><\/h6>\n<\/div>\n<\/div>\n\n\n\n<hr class=\"wp-block-separator has-alpha-channel-opacity is-style-wide\"\/>\n\n\n\n<h4 class=\"wp-block-heading\" id=\"g494a600c4da8\">Carta de benvinguda<\/h4>\n\n\n\n<div class=\"wp-block-group is-layout-constrained wp-block-group-is-layout-constrained\" style=\"margin-top:0;margin-bottom:0;padding-top:var(--wp--preset--spacing--20);padding-bottom:var(--wp--preset--spacing--20)\">\n<p>Benvolgut\/da tutor\/a i alumnat de l&#8217;institut&nbsp;<\/p>\n\n\n\n<p>Ens adrecem a vosaltres en representaci\u00f3 de la&nbsp;<strong>Comissi\u00f3 d\u2019Estudiants de l\u2019Institut Agust\u00ed Serra i Fontanet<\/strong>&nbsp;amb la finalitat de&nbsp;presentar-nos oficialment&nbsp;i explicar-vos breument les nostres&nbsp;funcions, objectius i projectes en curs.<\/p>\n\n\n\n<p>La Comissi\u00f3 d\u2019Estudiants \u00e9s un&nbsp;\u00f2rgan de participaci\u00f3 de l\u2019alumnat, elegit de manera democr\u00e0tica, que t\u00e9 com a missi\u00f3 principal&nbsp;representar tots els estudiants davant l\u2019equip directiu, el professorat i la resta de la comunitat educativa. El nostre comprom\u00eds \u00e9s&nbsp;donar veu a les necessitats, inquietuds i propostes&nbsp;de l\u2019alumnat,&nbsp;fomentar la comunicaci\u00f3&nbsp;i treballar conjuntament per&nbsp;millorar la conviv\u00e8ncia i la vida dins de l\u2019institut.<\/p>\n\n\n\n<div class=\"wp-block-getwid-accordion has-icon-left\" data-active-element=\"none\">\n<div class=\"wp-block-getwid-accordion__header-wrapper\"><span class=\"wp-block-getwid-accordion__header\"><a href=\"#\"><span class=\"wp-block-getwid-accordion__header-title\">Funcions principals<\/span><span class=\"wp-block-getwid-accordion__icon is-active\"><i class=\"fas fa-arrow-circle-down\"><\/i><\/span><span class=\"wp-block-getwid-accordion__icon is-passive\"><i class=\"fas fa-minus\"><\/i><\/span><\/a><\/span><\/div><div class=\"wp-block-getwid-accordion__content-wrapper\"><div class=\"wp-block-getwid-accordion__content\">\n<ul class=\"wp-block-list\">\n<li>Servir d\u2019enlla\u00e7 entre l\u2019alumnat, el professorat i l\u2019equip directiu.<\/li>\n\n\n\n<li>Participar en l\u2019organitzaci\u00f3 d\u2019activitats i esdeveniments (com la Castanyada, Sant Jordi, jornades culturals, sortides o campanyes solid\u00e0ries).<\/li>\n\n\n\n<li>Col\u00b7laborar en la planificaci\u00f3 d\u2019excursions i activitats complement\u00e0ries, procurant que siguin inclusives, educatives i participatives.<\/li>\n\n\n\n<li>Promoure iniciatives per millorar la conviv\u00e8ncia i el benestar de tota la comunitat educativa.\n<ul class=\"wp-block-list\">\n<li>Facilitar la conviv\u00e8ncia en els passadissos durant l&#8217;intercanvi de classes <\/li>\n<\/ul>\n<\/li>\n\n\n\n<li>Representar l\u2019institut en activitats intercentres i en reunions amb altres comissions o delegacions estudiantils.<\/li>\n<\/ul>\n<\/div><\/div>\n<\/div>\n\n\n\n<p>Actualment, la Comissi\u00f3 d\u2019Estudiants est\u00e0 treballant en diferents projectes, entre els quals destaquen:<\/p>\n\n\n\n<div class=\"wp-block-getwid-accordion has-icon-left\" data-active-element=\"none\">\n<div class=\"wp-block-getwid-accordion__header-wrapper\"><span class=\"wp-block-getwid-accordion__header\"><a href=\"#\"><span class=\"wp-block-getwid-accordion__header-title\">Sortides i activitats complement\u00e0ries organitzades per aquest curs<\/span><span class=\"wp-block-getwid-accordion__icon is-active\"><i class=\"fas fa-arrow-alt-circle-down\"><\/i><\/span><span class=\"wp-block-getwid-accordion__icon is-passive\"><i class=\"fas fa-minus\"><\/i><\/span><\/a><\/span><\/div><div class=\"wp-block-getwid-accordion__content-wrapper\"><div class=\"wp-block-getwid-accordion__content\">\n<p><\/p>\n\n\n\n<ul class=\"wp-block-list\">\n<li>La posada en marxa d\u2019una <strong>campanya de participaci\u00f3 estudiantil<\/strong> per fomentar que m\u00e9s alumnes s\u2019impliquin en la vida del centre.<\/li>\n\n\n\n<li>La <strong>recollida de propostes, queixes i suggeriments<\/strong> dels diferents grups per traslladar-los a la direcci\u00f3 i poder actuar.<\/li>\n\n\n\n<li>La <strong>millora d\u2019espais i recursos<\/strong> dins del centre (com la instal\u00b7laci\u00f3 de ventiladors a l\u2019estiu, millorar l\u2019estat dels lavabos\u2026).<\/li>\n\n\n\n<li>Altres<\/li>\n<\/ul>\n<\/div><\/div>\n<\/div>\n\n\n\n<p>Volem&nbsp;convidar tots els grups a col\u00b7laborar activament&nbsp;amb la Comissi\u00f3, ja sigui a trav\u00e9s dels vostres&nbsp;delegats i delegades&nbsp;o mitjan\u00e7ant&nbsp;contacte directe&nbsp;amb nosaltres o pel nostre correu electr\u00f2nic (<a href=\"mailto:comissioestudiantsagustiserra@institutagustiserra.cat\">comissioestudiantsagustiserra@institutagustiserra.cat<\/a>). Creiem fermament que la participaci\u00f3 de tots i totes \u00e9s essencial per construir&nbsp;un entorn educatiu m\u00e9s just, participatiu i enriquidor.<\/p>\n\n\n\n<p>Agra\u00efm la vostra atenci\u00f3 i col\u00b7laboraci\u00f3 i restem a la vostra disposici\u00f3 per escoltar&nbsp;idees, propostes o inquietuds&nbsp;que vulgueu compartir.<\/p>\n\n\n\n<p><em>Atentament, la<strong> Comissi\u00f3 d\u2019Estudiants<\/strong><\/em><\/p>\n<\/div>\n\n\n\n<hr class=\"wp-block-separator has-alpha-channel-opacity is-style-wide\"\/>\n\n\n\n<h4 class=\"wp-block-heading\" id=\"g44e2f4af4d4b\">Articles web<\/h4>\n\n\n\n        <div class=\"wp-block-getwid-post-carousel custom-post-type-post alignwide has-slides-gap-small is-carousel has-arrows-inside has-dots-outside\">\n            <div data-slider-option=\"{&quot;sliderSlidesToShowDesktop&quot;:&quot;2&quot;,&quot;getwid_slidesToShowLaptop&quot;:&quot;1&quot;,&quot;getwid_slidesToShowTablet&quot;:&quot;1&quot;,&quot;getwid_slidesToShowMobile&quot;:&quot;1&quot;,&quot;getwid_autoplay_speed&quot;:6000,&quot;getwid_animation_speed&quot;:800,&quot;getwid_slidesToScroll&quot;:&quot;1&quot;,&quot;getwid_autoplay&quot;:false,&quot;getwid_pause_on_hover&quot;:false,&quot;getwid_infinite&quot;:true,&quot;getwid_center_mode&quot;:false,&quot;getwid_arrows&quot;:&quot;inside&quot;,&quot;getwid_dots&quot;:&quot;outside&quot;}\" class=\"wp-block-getwid-post-carousel__wrapper\">\n                \t\t\t\t\t\t\t<div class=\"wp-block-getwid-post-carousel__slide\">\n\t\t\t\t\t\t\t\t\n<div class=\"wp-block-getwid-post-carousel__post\">\n            <div class=\"wp-block-getwid-post-carousel__post-thumbnail\">\n            <a href=\"https:\/\/agora.xtec.cat\/iesagustiserra\/general\/2n-c-entrevista-a-radio-as-al-president-de-la-comissio-destudiants-en-victor\/\"><img loading=\"lazy\" decoding=\"async\" width=\"183\" height=\"275\" src=\"https:\/\/agora.xtec.cat\/iesagustiserra\/wp-content\/uploads\/usu1681\/2026\/03\/unnamed-2.png\" class=\"attachment-post-thumbnail size-post-thumbnail wp-post-image\" alt=\"\" \/><\/a>\n        <\/div>\n        <div class=\"wp-block-getwid-post-carousel__post-content-wrapper\">\n        <div class=\"wp-block-getwid-post-carousel__post-header\">\n            <h3 class=\"wp-block-getwid-post-carousel__post-title\"><a href=\"https:\/\/agora.xtec.cat\/iesagustiserra\/general\/2n-c-entrevista-a-radio-as-al-president-de-la-comissio-destudiants-en-victor\/\">2n C entrevista a R\u00e0dio AS al president de la comissi\u00f3 d&#8217;estudiants, en V\u00edctor!<\/a><\/h3>        <\/div>\n        <div class=\"wp-block-getwid-post-carousel__post-excerpt\"><p>Entrevistem&nbsp;el V\u00edctor, president de la Comissi\u00f3 d&#8217;Estudiants de l&#8217;Agus, parlem del cas Negreira, recomanem videojocs i sabrem qui \u00e9s en [&hellip;]<\/p>\n<\/div>\n    <\/div>\n<\/div>\n\n\t\t\t\t\t\t\t<\/div>\n\t\t\t\t\t\t\t\t\t\t\t\t\t<div class=\"wp-block-getwid-post-carousel__slide\">\n\t\t\t\t\t\t\t\t\n<div class=\"wp-block-getwid-post-carousel__post\">\n            <div class=\"wp-block-getwid-post-carousel__post-thumbnail\">\n            <a href=\"https:\/\/agora.xtec.cat\/iesagustiserra\/eso\/39148\/\"><img loading=\"lazy\" decoding=\"async\" width=\"2000\" height=\"1500\" src=\"https:\/\/agora.xtec.cat\/iesagustiserra\/wp-content\/uploads\/usu1681\/2026\/03\/20260306_103049.jpg\" class=\"attachment-post-thumbnail size-post-thumbnail wp-post-image\" alt=\"\" srcset=\"https:\/\/agora.xtec.cat\/iesagustiserra\/wp-content\/uploads\/usu1681\/2026\/03\/20260306_103049.jpg 2000w, https:\/\/agora.xtec.cat\/iesagustiserra\/wp-content\/uploads\/usu1681\/2026\/03\/20260306_103049-600x450.jpg 600w, https:\/\/agora.xtec.cat\/iesagustiserra\/wp-content\/uploads\/usu1681\/2026\/03\/20260306_103049-1024x768.jpg 1024w, https:\/\/agora.xtec.cat\/iesagustiserra\/wp-content\/uploads\/usu1681\/2026\/03\/20260306_103049-768x576.jpg 768w, https:\/\/agora.xtec.cat\/iesagustiserra\/wp-content\/uploads\/usu1681\/2026\/03\/20260306_103049-1536x1152.jpg 1536w\" sizes=\"auto, (max-width: 2000px) 100vw, 2000px\" \/><\/a>\n        <\/div>\n        <div class=\"wp-block-getwid-post-carousel__post-content-wrapper\">\n        <div class=\"wp-block-getwid-post-carousel__post-header\">\n            <h3 class=\"wp-block-getwid-post-carousel__post-title\"><a href=\"https:\/\/agora.xtec.cat\/iesagustiserra\/eso\/39148\/\">Comissi\u00f3 d&#8217;Estudiants a R\u00e0dio AS amb motiu del 8M.<\/a><\/h3>        <\/div>\n        <div class=\"wp-block-getwid-post-carousel__post-excerpt\"><p>Avui, la Nihad i la Maria ens llegeixen el manifest de la Comissi\u00f3 d&#8217;Estudiants de l&#8217;Agust\u00ed Serra amb motiu del [&hellip;]<\/p>\n<\/div>\n    <\/div>\n<\/div>\n\n\t\t\t\t\t\t\t<\/div>\n\t\t\t\t\t\t\t\t\t\t\t\t\t<div class=\"wp-block-getwid-post-carousel__slide\">\n\t\t\t\t\t\t\t\t\n<div class=\"wp-block-getwid-post-carousel__post\">\n            <div class=\"wp-block-getwid-post-carousel__post-thumbnail\">\n            <a href=\"https:\/\/agora.xtec.cat\/iesagustiserra\/general\/la-comissio-destudiants-i-la-vaga-11f-a-radio-as\/\"><img loading=\"lazy\" decoding=\"async\" width=\"800\" height=\"800\" src=\"https:\/\/agora.xtec.cat\/iesagustiserra\/wp-content\/uploads\/usu1681\/2026\/02\/vaga.png\" class=\"attachment-post-thumbnail size-post-thumbnail wp-post-image\" alt=\"\" srcset=\"https:\/\/agora.xtec.cat\/iesagustiserra\/wp-content\/uploads\/usu1681\/2026\/02\/vaga.png 800w, https:\/\/agora.xtec.cat\/iesagustiserra\/wp-content\/uploads\/usu1681\/2026\/02\/vaga-600x600.png 600w, https:\/\/agora.xtec.cat\/iesagustiserra\/wp-content\/uploads\/usu1681\/2026\/02\/vaga-150x150.png 150w, https:\/\/agora.xtec.cat\/iesagustiserra\/wp-content\/uploads\/usu1681\/2026\/02\/vaga-768x768.png 768w\" sizes=\"auto, (max-width: 800px) 100vw, 800px\" \/><\/a>\n        <\/div>\n        <div class=\"wp-block-getwid-post-carousel__post-content-wrapper\">\n        <div class=\"wp-block-getwid-post-carousel__post-header\">\n            <h3 class=\"wp-block-getwid-post-carousel__post-title\"><a href=\"https:\/\/agora.xtec.cat\/iesagustiserra\/general\/la-comissio-destudiants-i-la-vaga-11f-a-radio-as\/\">La Comissi\u00f3 d&#8217;Estudiants i la vaga 11F a R\u00e0dio AS!<\/a><\/h3>        <\/div>\n        <div class=\"wp-block-getwid-post-carousel__post-excerpt\"><p>La Comissi\u00f3 d&#8217;Estudiants de l&#8217;Institut Agust\u00ed Serra dona suport a la vaga de la comunitat educativa d&#8217;aquest 11-F i ens [&hellip;]<\/p>\n<\/div>\n    <\/div>\n<\/div>\n\n\t\t\t\t\t\t\t<\/div>\n\t\t\t\t\t\t\t\t\t\t\t\t\t<div class=\"wp-block-getwid-post-carousel__slide\">\n\t\t\t\t\t\t\t\t\n<div class=\"wp-block-getwid-post-carousel__post\">\n            <div class=\"wp-block-getwid-post-carousel__post-thumbnail\">\n            <a href=\"https:\/\/agora.xtec.cat\/iesagustiserra\/general\/la-comissio-destudiants-planificant-la-recaptacio-per-a-les-colonies\/\"><img loading=\"lazy\" decoding=\"async\" width=\"2048\" height=\"1536\" src=\"https:\/\/agora.xtec.cat\/iesagustiserra\/wp-content\/uploads\/usu1681\/2026\/02\/PHOTO-2026-02-07-20-23-28-2.jpg\" class=\"attachment-post-thumbnail size-post-thumbnail wp-post-image\" alt=\"\" srcset=\"https:\/\/agora.xtec.cat\/iesagustiserra\/wp-content\/uploads\/usu1681\/2026\/02\/PHOTO-2026-02-07-20-23-28-2.jpg 2048w, https:\/\/agora.xtec.cat\/iesagustiserra\/wp-content\/uploads\/usu1681\/2026\/02\/PHOTO-2026-02-07-20-23-28-2-600x450.jpg 600w, https:\/\/agora.xtec.cat\/iesagustiserra\/wp-content\/uploads\/usu1681\/2026\/02\/PHOTO-2026-02-07-20-23-28-2-1024x768.jpg 1024w, https:\/\/agora.xtec.cat\/iesagustiserra\/wp-content\/uploads\/usu1681\/2026\/02\/PHOTO-2026-02-07-20-23-28-2-768x576.jpg 768w, https:\/\/agora.xtec.cat\/iesagustiserra\/wp-content\/uploads\/usu1681\/2026\/02\/PHOTO-2026-02-07-20-23-28-2-1536x1152.jpg 1536w\" sizes=\"auto, (max-width: 2048px) 100vw, 2048px\" \/><\/a>\n        <\/div>\n        <div class=\"wp-block-getwid-post-carousel__post-content-wrapper\">\n        <div class=\"wp-block-getwid-post-carousel__post-header\">\n            <h3 class=\"wp-block-getwid-post-carousel__post-title\"><a href=\"https:\/\/agora.xtec.cat\/iesagustiserra\/general\/la-comissio-destudiants-planificant-la-recaptacio-per-a-les-colonies\/\">La comissi\u00f3 d&#8217;estudiants planifica la recaptaci\u00f3 per a les col\u00f2nies<\/a><\/h3>        <\/div>\n        <div class=\"wp-block-getwid-post-carousel__post-excerpt\"><p>Aquesta setmana, la comissi\u00f3 d&#8217;estudiants s&#8217;ha reunit amb els delegats i delegades de 4t d&#8217;ESO per comen\u00e7ar a perfilar la [&hellip;]<\/p>\n<\/div>\n    <\/div>\n<\/div>\n\n\t\t\t\t\t\t\t<\/div>\n\t\t\t\t\t\t\t\t\t\t\t\t\t<div class=\"wp-block-getwid-post-carousel__slide\">\n\t\t\t\t\t\t\t\t\n<div class=\"wp-block-getwid-post-carousel__post\">\n            <div class=\"wp-block-getwid-post-carousel__post-thumbnail\">\n            <a href=\"https:\/\/agora.xtec.cat\/iesagustiserra\/general\/la-comissio-destudiants-us-desitja-bones-festes\/\"><img loading=\"lazy\" decoding=\"async\" width=\"1600\" height=\"1200\" src=\"https:\/\/agora.xtec.cat\/iesagustiserra\/wp-content\/uploads\/usu1681\/2025\/12\/PHOTO-2025-12-18-14-53-351.jpg\" class=\"attachment-post-thumbnail size-post-thumbnail wp-post-image\" alt=\"\" srcset=\"https:\/\/agora.xtec.cat\/iesagustiserra\/wp-content\/uploads\/usu1681\/2025\/12\/PHOTO-2025-12-18-14-53-351.jpg 1600w, https:\/\/agora.xtec.cat\/iesagustiserra\/wp-content\/uploads\/usu1681\/2025\/12\/PHOTO-2025-12-18-14-53-351-600x450.jpg 600w, https:\/\/agora.xtec.cat\/iesagustiserra\/wp-content\/uploads\/usu1681\/2025\/12\/PHOTO-2025-12-18-14-53-351-1024x768.jpg 1024w, https:\/\/agora.xtec.cat\/iesagustiserra\/wp-content\/uploads\/usu1681\/2025\/12\/PHOTO-2025-12-18-14-53-351-768x576.jpg 768w, https:\/\/agora.xtec.cat\/iesagustiserra\/wp-content\/uploads\/usu1681\/2025\/12\/PHOTO-2025-12-18-14-53-351-1536x1152.jpg 1536w\" sizes=\"auto, (max-width: 1600px) 100vw, 1600px\" \/><\/a>\n        <\/div>\n        <div class=\"wp-block-getwid-post-carousel__post-content-wrapper\">\n        <div class=\"wp-block-getwid-post-carousel__post-header\">\n            <h3 class=\"wp-block-getwid-post-carousel__post-title\"><a href=\"https:\/\/agora.xtec.cat\/iesagustiserra\/general\/la-comissio-destudiants-us-desitja-bones-festes\/\">La comissi\u00f3 d&#8217;estudiants us desitja Bones festes!<\/a><\/h3>        <\/div>\n        <div class=\"wp-block-getwid-post-carousel__post-excerpt\"><p>La comissi\u00f3 d&#8217;estudiants desitja a tot l&#8217;institut bones festes! Des de la comissi\u00f3 volem agrair a tots al professorat i [&hellip;]<\/p>\n<\/div>\n    <\/div>\n<\/div>\n\n\t\t\t\t\t\t\t<\/div>\n\t\t\t\t\t\t            <\/div>\n        <\/div>\n        ","protected":false},"excerpt":{"rendered":"<p>Felicitaci\u00f3 de les festes Contacte comissioestudiantsagustiserra@institutagustiserra.cat Carta de benvinguda Benvolgut\/da tutor\/a i alumnat de l&#8217;institut&nbsp; Ens adrecem a vosaltres en [&hellip;]<\/p>\n","protected":false},"author":1,"featured_media":36707,"parent":63,"menu_order":0,"comment_status":"closed","ping_status":"close","template":"","meta":{"site-sidebar-layout":"left-sidebar","site-content-layout":"","ast-site-content-layout":"default","site-content-style":"default","site-sidebar-style":"default","ast-global-header-display":"","ast-banner-title-visibility":"","ast-main-header-display":"","ast-hfb-above-header-display":"","ast-hfb-below-header-display":"","ast-hfb-mobile-header-display":"","site-post-title":"","ast-breadcrumbs-content":"","ast-featured-img":"","footer-sml-layout":"","theme-transparent-header-meta":"","adv-header-id-meta":"","stick-header-meta":"","header-above-stick-meta":"","header-main-stick-meta":"","header-below-stick-meta":"","astra-migrate-meta-layouts":"set","ast-page-background-enabled":"default","ast-page-background-meta":{"desktop":{"background-color":"var(--ast-global-color-4)","background-image":"","background-repeat":"repeat","background-position":"center center","background-size":"auto","background-attachment":"scroll","background-type":"","background-media":"","overlay-type":"","overlay-color":"","overlay-opacity":"","overlay-gradient":""},"tablet":{"background-color":"","background-image":"","background-repeat":"repeat","background-position":"center center","background-size":"auto","background-attachment":"scroll","background-type":"","background-media":"","overlay-type":"","overlay-color":"","overlay-opacity":"","overlay-gradient":""},"mobile":{"background-color":"","background-image":"","background-repeat":"repeat","background-position":"center center","background-size":"auto","background-attachment":"scroll","background-type":"","background-media":"","overlay-type":"","overlay-color":"","overlay-opacity":"","overlay-gradient":""}},"ast-content-background-meta":{"desktop":{"background-color":"var(--ast-global-color-5)","background-image":"","background-repeat":"repeat","background-position":"center center","background-size":"auto","background-attachment":"scroll","background-type":"","background-media":"","overlay-type":"","overlay-color":"","overlay-opacity":"","overlay-gradient":""},"tablet":{"background-color":"var(--ast-global-color-5)","background-image":"","background-repeat":"repeat","background-position":"center center","background-size":"auto","background-attachment":"scroll","background-type":"","background-media":"","overlay-type":"","overlay-color":"","overlay-opacity":"","overlay-gradient":""},"mobile":{"background-color":"var(--ast-global-color-5)","background-image":"","background-repeat":"repeat","background-position":"center center","background-size":"auto","background-attachment":"scroll","background-type":"","background-media":"","overlay-type":"","overlay-color":"","overlay-opacity":"","overlay-gradient":""}},"footnotes":""},"class_list":["post-36705","page","type-page","status-publish","has-post-thumbnail","hentry"],"post_mailing_queue_ids":[],"_links":{"self":[{"href":"https:\/\/agora.xtec.cat\/iesagustiserra\/wp-json\/wp\/v2\/pages\/36705","targetHints":{"allow":["GET"]}}],"collection":[{"href":"https:\/\/agora.xtec.cat\/iesagustiserra\/wp-json\/wp\/v2\/pages"}],"about":[{"href":"https:\/\/agora.xtec.cat\/iesagustiserra\/wp-json\/wp\/v2\/types\/page"}],"author":[{"embeddable":true,"href":"https:\/\/agora.xtec.cat\/iesagustiserra\/wp-json\/wp\/v2\/users\/1"}],"replies":[{"embeddable":true,"href":"https:\/\/agora.xtec.cat\/iesagustiserra\/wp-json\/wp\/v2\/comments?post=36705"}],"version-history":[{"count":6,"href":"https:\/\/agora.xtec.cat\/iesagustiserra\/wp-json\/wp\/v2\/pages\/36705\/revisions"}],"predecessor-version":[{"id":37655,"href":"https:\/\/agora.xtec.cat\/iesagustiserra\/wp-json\/wp\/v2\/pages\/36705\/revisions\/37655"}],"up":[{"embeddable":true,"href":"https:\/\/agora.xtec.cat\/iesagustiserra\/wp-json\/wp\/v2\/pages\/63"}],"wp:featuredmedia":[{"embeddable":true,"href":"https:\/\/agora.xtec.cat\/iesagustiserra\/wp-json\/wp\/v2\/media\/36707"}],"wp:attachment":[{"href":"https:\/\/agora.xtec.cat\/iesagustiserra\/wp-json\/wp\/v2\/media?parent=36705"}],"curies":[{"name":"wp","href":"https:\/\/api.w.org\/{rel}","templated":true}]}}