{"id":32711,"date":"2025-04-07T09:23:35","date_gmt":"2025-04-07T07:23:35","guid":{"rendered":"https:\/\/agora.xtec.cat\/iesagustiserra\/?page_id=32711"},"modified":"2025-04-24T20:07:41","modified_gmt":"2025-04-24T18:07:41","slug":"homologacio-proveidors","status":"publish","type":"page","link":"https:\/\/agora.xtec.cat\/iesagustiserra\/secretaria\/homologacio-proveidors\/","title":{"rendered":"Homologaci\u00f3 prove\u00efdors"},"content":{"rendered":"\n<div class=\"wp-block-columns alignwide are-vertically-aligned-center is-layout-flex wp-container-core-columns-is-layout-1 wp-block-columns-is-layout-flex\">\n<div class=\"wp-block-column is-vertically-aligned-center is-layout-flow wp-block-column-is-layout-flow\" style=\"flex-basis:10%\">\n<figure class=\"wp-block-image size-full is-resized\"><img loading=\"lazy\" decoding=\"async\" width=\"42\" height=\"48\" src=\"https:\/\/agora.xtec.cat\/iesagustiserra\/wp-content\/uploads\/usu1681\/2025\/04\/image.png\" alt=\"\" class=\"wp-image-32724\" style=\"width:63px;height:auto\"\/><\/figure>\n<\/div>\n\n\n\n<div class=\"wp-block-column is-vertically-aligned-center is-layout-flow wp-block-column-is-layout-flow\" style=\"flex-basis:50%\">\n<h5 class=\"wp-block-heading has-text-align-left\">Generalitat de Catalunya         Departament d\u2019Educaci\u00f3 i Formaci\u00f3 Professional                                                   <strong>Institut Agust\u00ed Serra i Fontanet<\/strong><\/h5>\n<\/div>\n\n\n\n<div class=\"wp-block-column is-vertically-aligned-center is-layout-flow wp-block-column-is-layout-flow\" style=\"flex-basis:25%\">\n<figure class=\"wp-block-image size-full\"><img loading=\"lazy\" decoding=\"async\" width=\"98\" height=\"73\" src=\"https:\/\/agora.xtec.cat\/iesagustiserra\/wp-content\/uploads\/usu1681\/2025\/04\/image-1.png\" alt=\"\" class=\"wp-image-32725\"\/><\/figure>\n<\/div>\n<\/div>\n\n\n\n<h4 class=\"wp-block-heading\">HOMOLOGACI\u00d3 PROVE\u00cfDORS. Descripci\u00f3 procediment.<\/h4>\n\n\n\n<h5 class=\"wp-block-heading\">Avaluaci\u00f3 de prove\u00efdors<\/h5>\n\n\n\n<p>Per homologar un prove\u00efdor nou o per a revisar la condici\u00f3 d\u2019homologat d\u2019un prove\u00efdor ja inscrit al registre hist\u00f2ric, s\u2019aplicaran els seg\u00fcents criteris:<\/p>\n\n\n\n<ul class=\"wp-block-list\">\n<li>Preus i condicions econ\u00f2miques<\/li>\n\n\n\n<li>Facilitat de compra (proximitat, accessibilitat telef\u00f2nica, web, e-mail&#8230;)<\/li>\n\n\n\n<li>Rapidesa en el lliurament del producte o la prestaci\u00f3 del servei<\/li>\n\n\n\n<li>Atenci\u00f3 al client (incl\u00f2s servei de postvenda)<\/li>\n\n\n\n<li>Qualitat producte o servei<\/li>\n<\/ul>\n\n\n\n<p>Cada criteri ser\u00e0 valorat amb una puntuaci\u00f3 de 0 a 2 punts. La puntuaci\u00f3 total es determinar\u00e0 sumant els punts obtinguts en cadascun dels criteris.<\/p>\n\n\n\n<p>Un prove\u00efdor ser\u00e0 homologat quan obtingui una puntuaci\u00f3 m\u00ednima de 7 punts.<\/p>\n\n\n\n<p>Es valorar\u00e0 positivament si el prove\u00efdor disposa d\u2019un sistema de qualitat certificat per un organisme o empresa independent.<\/p>\n\n\n\n<h6 class=\"wp-block-heading\">Nous prove\u00efdors<\/h6>\n\n\n\n<p>Per acceptar a un nou prove\u00efdor, es realitzar\u00e0 una primera comanda. Un cop lliurat el producte o prestat el servei, es procedir\u00e0 a avaluar-lo segons els criteris anteriors. Si el prove\u00efdor obt\u00e9 la puntuaci\u00f3 m\u00ednima, ser\u00e0 incorporat la registre de prove\u00efdors homologats.<\/p>\n\n\n\n<h6 class=\"wp-block-heading\">P\u00e8rdua condici\u00f3 de prove\u00efdor homologat<\/h6>\n\n\n\n<p>Els prove\u00efdors homologats que no hagin presentat problemes de qualitat o servei durant l\u2019\u00faltim any, i que siguin avaluats positivament a la Revisi\u00f3 per la Direcci\u00f3 a finals de juny, mantindran la seva condici\u00f3 de prove\u00efdors homologats i seguiran al registre corresponent.<\/p>\n\n\n\n<p>Per mantenir la condici\u00f3 d\u2019homologat, es valoraran els seg\u00fcents aspectes:<\/p>\n\n\n\n<ol class=\"wp-block-list\" style=\"list-style-type:lower-alpha\">\n<li>Incid\u00e8ncies en els terminis o condicions de lliurament del material<\/li>\n\n\n\n<li>Compliment de la documentaci\u00f3 i requisits sol\u00b7licitats i acordats amb administraci\u00f3.<\/li>\n\n\n\n<li>Abs\u00e8ncia de reclamacions o queixes dels usuaris del producte o servei<\/li>\n<\/ol>\n","protected":false},"excerpt":{"rendered":"<p>Generalitat de Catalunya Departament d\u2019Educaci\u00f3 i Formaci\u00f3 Professional Institut Agust\u00ed Serra i Fontanet HOMOLOGACI\u00d3 PROVE\u00cfDORS. Descripci\u00f3 procediment. Avaluaci\u00f3 de prove\u00efdors [&hellip;]<\/p>\n","protected":false},"author":1,"featured_media":0,"parent":81,"menu_order":60,"comment_status":"closed","ping_status":"close","template":"","meta":{"site-sidebar-layout":"default","site-content-layout":"","ast-site-content-layout":"default","site-content-style":"default","site-sidebar-style":"default","ast-global-header-display":"","ast-banner-title-visibility":"","ast-main-header-display":"","ast-hfb-above-header-display":"","ast-hfb-below-header-display":"","ast-hfb-mobile-header-display":"","site-post-title":"","ast-breadcrumbs-content":"","ast-featured-img":"","footer-sml-layout":"","theme-transparent-header-meta":"","adv-header-id-meta":"","stick-header-meta":"","header-above-stick-meta":"","header-main-stick-meta":"","header-below-stick-meta":"","astra-migrate-meta-layouts":"set","ast-page-background-enabled":"default","ast-page-background-meta":{"desktop":{"background-color":"var(--ast-global-color-4)","background-image":"","background-repeat":"repeat","background-position":"center center","background-size":"auto","background-attachment":"scroll","background-type":"","background-media":"","overlay-type":"","overlay-color":"","overlay-opacity":"","overlay-gradient":""},"tablet":{"background-color":"","background-image":"","background-repeat":"repeat","background-position":"center center","background-size":"auto","background-attachment":"scroll","background-type":"","background-media":"","overlay-type":"","overlay-color":"","overlay-opacity":"","overlay-gradient":""},"mobile":{"background-color":"","background-image":"","background-repeat":"repeat","background-position":"center center","background-size":"auto","background-attachment":"scroll","background-type":"","background-media":"","overlay-type":"","overlay-color":"","overlay-opacity":"","overlay-gradient":""}},"ast-content-background-meta":{"desktop":{"background-color":"var(--ast-global-color-5)","background-image":"","background-repeat":"repeat","background-position":"center center","background-size":"auto","background-attachment":"scroll","background-type":"","background-media":"","overlay-type":"","overlay-color":"","overlay-opacity":"","overlay-gradient":""},"tablet":{"background-color":"var(--ast-global-color-5)","background-image":"","background-repeat":"repeat","background-position":"center center","background-size":"auto","background-attachment":"scroll","background-type":"","background-media":"","overlay-type":"","overlay-color":"","overlay-opacity":"","overlay-gradient":""},"mobile":{"background-color":"var(--ast-global-color-5)","background-image":"","background-repeat":"repeat","background-position":"center center","background-size":"auto","background-attachment":"scroll","background-type":"","background-media":"","overlay-type":"","overlay-color":"","overlay-opacity":"","overlay-gradient":""}},"footnotes":""},"class_list":["post-32711","page","type-page","status-publish","hentry"],"post_mailing_queue_ids":[],"_links":{"self":[{"href":"https:\/\/agora.xtec.cat\/iesagustiserra\/wp-json\/wp\/v2\/pages\/32711","targetHints":{"allow":["GET"]}}],"collection":[{"href":"https:\/\/agora.xtec.cat\/iesagustiserra\/wp-json\/wp\/v2\/pages"}],"about":[{"href":"https:\/\/agora.xtec.cat\/iesagustiserra\/wp-json\/wp\/v2\/types\/page"}],"author":[{"embeddable":true,"href":"https:\/\/agora.xtec.cat\/iesagustiserra\/wp-json\/wp\/v2\/users\/1"}],"replies":[{"embeddable":true,"href":"https:\/\/agora.xtec.cat\/iesagustiserra\/wp-json\/wp\/v2\/comments?post=32711"}],"version-history":[{"count":6,"href":"https:\/\/agora.xtec.cat\/iesagustiserra\/wp-json\/wp\/v2\/pages\/32711\/revisions"}],"predecessor-version":[{"id":33107,"href":"https:\/\/agora.xtec.cat\/iesagustiserra\/wp-json\/wp\/v2\/pages\/32711\/revisions\/33107"}],"up":[{"embeddable":true,"href":"https:\/\/agora.xtec.cat\/iesagustiserra\/wp-json\/wp\/v2\/pages\/81"}],"wp:attachment":[{"href":"https:\/\/agora.xtec.cat\/iesagustiserra\/wp-json\/wp\/v2\/media?parent=32711"}],"curies":[{"name":"wp","href":"https:\/\/api.w.org\/{rel}","templated":true}]}}