{"id":2506,"date":"2020-02-10T18:17:36","date_gmt":"2020-02-10T17:17:36","guid":{"rendered":"http:\/\/agora.xtec.cat\/iesagustiserra\/?page_id=2506"},"modified":"2025-05-22T18:09:30","modified_gmt":"2025-05-22T16:09:30","slug":"eso","status":"publish","type":"page","link":"https:\/\/agora.xtec.cat\/iesagustiserra\/estudis\/eso\/","title":{"rendered":"ESO"},"content":{"rendered":"\n<p>L<strong>&#8216;Educaci\u00f3 Secund\u00e0ria Obligat\u00f2ria<\/strong> (ESO) \u00e9s gratu\u00efta. Compr\u00e8n quatre cursos acad\u00e8mics. Generalment, s&#8217;inicia l&#8217;any natural en qu\u00e8 es compleixen 12 anys i s&#8217;acaba als 16, tot i que l&#8217;alumnat t\u00e9 dret a romandre en el centre amb r\u00e8gim ordinari fins als 18.<\/p>\n\n\n\n<p>Quan l&#8217;alumne\/a supera l\u2019ESO pot accedir als estudis de Batxillerat o de Cicles Formatius de Grau Mitj\u00e0. En cas contrari disposa d&#8217;acc\u00e9s als PFI (Programes de Formaci\u00f3 i Inserci\u00f3).<\/p>\n\n\n\n<div style=\"text-align: center;\">\n<iframe loading=\"lazy\" src=\"https:\/\/docs.google.com\/presentation\/d\/e\/2PACX-1vS3qkENv7VklA_K8QJN-8b9Iec5wvOEpFeoqR77v6rQmFJ2DZENzNVziOsJ87sOD7GsHxNKWB2Oz8HX\/pubembed?start=false&#038;loop=false&#038;delayms=3000\" frameborder=\"0\" width=\"300\" height=\"200\" allowfullscreen=\"true\" mozallowfullscreen=\"true\" webkitallowfullscreen=\"true\"><\/iframe>\n<\/div>\n\n\n\n<hr class=\"wp-block-separator has-alpha-channel-opacity\"\/>\n\n\n\n<h4 class=\"wp-block-heading\"><strong>\u2714 <\/strong><a href=\"https:\/\/agora.xtec.cat\/iesagustiserra\/coneix-linstitut\/\" target=\"_blank\" rel=\"noopener noreferrer\"><span style=\"font-weight: normal;\">Coneix l&#8217;Institut<\/span><\/a><\/h4>\n\n\n\n<h4 class=\"wp-block-heading\"><strong>\u2714 <\/strong><span style=\"font-weight: normal;\">Llibres de text curs 2024-25<\/span><\/h4>\n\n\n\n<div style=\"text-align: left;\">\n<table style=\"height: 35px;\" align=\"center\" bgcolor=\"#00FF00\">\n<tbody>\n<tr style=\"height: 25px;\">\n<td style=\"height: 25px; width: 836px; text-align: center;\"><strong> SISTEMA DE LLIBRES SOCIALITZATS<\/strong>\n<p style=\"text-align: left;\">El sistema de llibres socialitzat fa anys que funciona al nostre centre. D\u2019aquest sistema destaquem principalment dos aspectes:<\/p>\n<ul>\n<li style=\"text-align: left;\">El gran estalvi econ\u00f2mic que suposa per a les fam\u00edlies al llarg de tota l\u2019ESO.<\/li>\n<li style=\"text-align: left;\">El fet de ser un sistema que fomenta la cura i el manteniment de materials i llibres per part dels alumnes.<\/li>\n<\/ul>\n<p style=\"text-align: left;\">La quota inclou: llibres de text, llibres d&#8217;activitats, llibres de lectura obligat\u00f2ria, agenda i carpeta, fotoc\u00f2pies i dossiers.<\/p>\n<\/td>\n<\/tr>\n<\/tbody>\n<\/table>\n<hr>\n<h4><strong>\u2714<\/strong> Desenvolupament curricular<\/h4>\n<h5>Primer i segon ESO<\/h5>\n<\/div>\n\n\n\n<p>Aquests dos primers cursos presenten el curr\u00edculum exposat a continuaci\u00f3:<\/p>\n\n\n\n<figure class=\"wp-block-table\"><table><tbody><tr><td><strong>Mat\u00e8ries<\/strong><\/td><td><strong>1r ESO<\/strong><\/td><td><strong>2n ESO<\/strong><\/td><\/tr><tr><td>Llengua Catalana<\/td><td>3<\/td><td>3<\/td><\/tr><tr><td>Llengua Castellana <a href=\"http:\/\/blocs.xtec.cat\/puntoyseguido1\/\">Blog de l&#8217;assignatura (Punto y seguido 1\u00ba ESO)<\/a><\/td><td>3<\/td><td>2<\/td><\/tr><tr><td>Angl\u00e8s<\/td><td>3<\/td><td>3<\/td><\/tr><tr><td>Matem\u00e0tiques<\/td><td>3<\/td><td>3<\/td><\/tr><tr><td>Ci\u00e8ncies Experimentals<\/td><td>3<\/td><td>2<\/td><\/tr><tr><td>Ci\u00e8ncies Socials<\/td><td>2<\/td><td>3<\/td><\/tr><tr><td>Educaci\u00f3 f\u00edsica<\/td><td>2<\/td><td>2<\/td><\/tr><tr><td>Tecnologia<\/td><td>2<\/td><td>2<\/td><\/tr><tr><td>Visual i Pl\u00e0stica<\/td><td>0<\/td><td>2<\/td><\/tr><tr><td>M\u00fasica<\/td><td>2<\/td><td>0<\/td><\/tr><tr><td>Projectes singulars<\/td><td>4<\/td><td>4<\/td><\/tr><tr><td>Activitats c\u00edviques i culturals<\/td><td>1<\/td><td>1<\/td><\/tr><tr><td>Optativa<\/td><td>1<\/td><td>2<\/td><\/tr><tr><td>Tutoria<\/td><td>1<\/td><td>1<\/td><\/tr><tr><td><strong>Total d&#8217;hores<\/strong><\/td><td><strong>30<\/strong><\/td><td><strong>30<\/strong><\/td><\/tr><\/tbody><\/table><\/figure>\n\n\n\n<h6 class=\"wp-block-heading\">Assignatura optativa de 1r d&#8217;ESO<\/h6>\n\n\n\n<div>\n<p><a href=\"https:\/\/agora.xtec.cat\/iesagustiserra\/categoria\/projectes\/projectes-1-eso\/\" target=\"_blank\" rel=\"noopener noreferrer\">Projectes<\/a><\/p>\n<\/div>\n\n\n\n<h6 class=\"wp-block-heading\">Assignatura optativa de 2n d&#8217;ESO a escollir entre les seg\u00fcents opcions:<\/h6>\n\n\n\n<div class=\"mail_footer\">\n<ol style=\"list-style-type: lower-alpha;\">\n<li><span class=\"ordinari\">Franc\u00e8s<\/span><\/li>\n<li>Cinema i r\u00e0dio<\/li>\n<li>Estudi Guiat 2<\/li>\n<li>Descobrim els aliments<\/li>\n<\/ol>\n<\/div>\n\n\n\n<h5 class=\"wp-block-heading\">Tercer i quart ESO<\/h5>\n\n\n\n<p>Aquests dos cursos presenten el curr\u00edculum exposat a continuaci\u00f3:<\/p>\n\n\n\n<figure class=\"wp-block-table\"><table><tbody><tr><td><strong>Mat\u00e8ries<\/strong><\/td><td><strong>3r ESO<\/strong><\/td><td><strong>4t ESO<\/strong><\/td><\/tr><tr><td>Llengua Catalana<\/td><td>3<\/td><td>3<\/td><\/tr><tr><td>Llengua Castellana<\/td><td>3<\/td><td>3<\/td><\/tr><tr><td>Angl\u00e8s<\/td><td>3<\/td><td>3<\/td><\/tr><tr><td>Matem\u00e0tiques<\/td><td>3<\/td><td>4<\/td><\/tr><tr><td>Ci\u00e8ncies Experimentals<\/td><td>3<\/td><td>0<\/td><\/tr><tr><td>Ci\u00e8ncies Socials<\/td><td>3<\/td><td>2<\/td><\/tr><tr><td>Educaci\u00f3 f\u00edsica<\/td><td>2<\/td><td>2<\/td><\/tr><tr><td>Visual i Pl\u00e0stica<\/td><td>2<\/td><td>0<\/td><\/tr><tr><td>M\u00fasica<\/td><td>2<\/td><td>0<\/td><\/tr><tr><td>Tecnologia<\/td><td>2<\/td><td>0<\/td><\/tr><tr><td>Religi\u00f3 \/ Activitats c\u00edviques i culturals<\/td><td>1<\/td><td>1<\/td><\/tr><tr><td>\u00c8tica<\/td><td>0<\/td><td>1<\/td><\/tr><tr><td>Orientaci\u00f3<\/td><td>0<\/td><td>1<\/td><\/tr><tr><td>Optativa<\/td><td>2<\/td><td>0<\/td><\/tr><tr><td>Tutoria<\/td><td>1<\/td><td>1<\/td><\/tr><tr><td>Mat\u00e8ria espec\u00edfica segons itinerari optatiu<\/td><td>0<\/td><td>9<\/td><\/tr><tr><td><strong>Total d&#8217;hores<\/strong><\/td><td><strong>30<\/strong><\/td><td><strong>30<\/strong><\/td><\/tr><\/tbody><\/table><\/figure>\n\n\n\n<p>En el curr\u00edculum optatiu de tercer hi ha Estudi guiat 3, Emprenedoria, Rob\u00f2tica, Franc\u00e8s, Teatre, Gesti\u00f3 d&#8217;emocions, Cultura cl\u00e0ssica i Mediaci\u00f3.<\/p>\n\n\n\n<p>Des del curs 2009-2010 els tres itineraris a 4t d&#8217;ESO ofereixen diferents possibilitats d&#8217;elecci\u00f3 en funci\u00f3 dels interessos de l\u2019alumne (Itinerari de ci\u00e8ncies i tecnologia, Itinerari d\u2019humanitats i ci\u00e8ncies socials i Itinerari de Formaci\u00f3 Professional).<\/p>\n","protected":false},"excerpt":{"rendered":"<p>L&#8216;Educaci\u00f3 Secund\u00e0ria Obligat\u00f2ria (ESO) \u00e9s gratu\u00efta. Compr\u00e8n quatre cursos acad\u00e8mics. Generalment, s&#8217;inicia l&#8217;any natural en qu\u00e8 es compleixen 12 anys [&hellip;]<\/p>\n","protected":false},"author":1,"featured_media":0,"parent":195,"menu_order":0,"comment_status":"closed","ping_status":"closed","template":"","meta":{"site-sidebar-layout":"default","site-content-layout":"","ast-site-content-layout":"default","site-content-style":"default","site-sidebar-style":"default","ast-global-header-display":"","ast-banner-title-visibility":"","ast-main-header-display":"","ast-hfb-above-header-display":"","ast-hfb-below-header-display":"","ast-hfb-mobile-header-display":"","site-post-title":"","ast-breadcrumbs-content":"","ast-featured-img":"","footer-sml-layout":"","theme-transparent-header-meta":"","adv-header-id-meta":"","stick-header-meta":"","header-above-stick-meta":"","header-main-stick-meta":"","header-below-stick-meta":"","astra-migrate-meta-layouts":"set","ast-page-background-enabled":"default","ast-page-background-meta":{"desktop":{"background-color":"var(--ast-global-color-4)","background-image":"","background-repeat":"repeat","background-position":"center center","background-size":"auto","background-attachment":"scroll","background-type":"","background-media":"","overlay-type":"","overlay-color":"","overlay-opacity":"","overlay-gradient":""},"tablet":{"background-color":"","background-image":"","background-repeat":"repeat","background-position":"center center","background-size":"auto","background-attachment":"scroll","background-type":"","background-media":"","overlay-type":"","overlay-color":"","overlay-opacity":"","overlay-gradient":""},"mobile":{"background-color":"","background-image":"","background-repeat":"repeat","background-position":"center center","background-size":"auto","background-attachment":"scroll","background-type":"","background-media":"","overlay-type":"","overlay-color":"","overlay-opacity":"","overlay-gradient":""}},"ast-content-background-meta":{"desktop":{"background-color":"var(--ast-global-color-5)","background-image":"","background-repeat":"repeat","background-position":"center center","background-size":"auto","background-attachment":"scroll","background-type":"","background-media":"","overlay-type":"","overlay-color":"","overlay-opacity":"","overlay-gradient":""},"tablet":{"background-color":"var(--ast-global-color-5)","background-image":"","background-repeat":"repeat","background-position":"center center","background-size":"auto","background-attachment":"scroll","background-type":"","background-media":"","overlay-type":"","overlay-color":"","overlay-opacity":"","overlay-gradient":""},"mobile":{"background-color":"var(--ast-global-color-5)","background-image":"","background-repeat":"repeat","background-position":"center center","background-size":"auto","background-attachment":"scroll","background-type":"","background-media":"","overlay-type":"","overlay-color":"","overlay-opacity":"","overlay-gradient":""}},"footnotes":""},"class_list":["post-2506","page","type-page","status-publish","hentry"],"post_mailing_queue_ids":[],"_links":{"self":[{"href":"https:\/\/agora.xtec.cat\/iesagustiserra\/wp-json\/wp\/v2\/pages\/2506","targetHints":{"allow":["GET"]}}],"collection":[{"href":"https:\/\/agora.xtec.cat\/iesagustiserra\/wp-json\/wp\/v2\/pages"}],"about":[{"href":"https:\/\/agora.xtec.cat\/iesagustiserra\/wp-json\/wp\/v2\/types\/page"}],"author":[{"embeddable":true,"href":"https:\/\/agora.xtec.cat\/iesagustiserra\/wp-json\/wp\/v2\/users\/1"}],"replies":[{"embeddable":true,"href":"https:\/\/agora.xtec.cat\/iesagustiserra\/wp-json\/wp\/v2\/comments?post=2506"}],"version-history":[{"count":6,"href":"https:\/\/agora.xtec.cat\/iesagustiserra\/wp-json\/wp\/v2\/pages\/2506\/revisions"}],"predecessor-version":[{"id":34009,"href":"https:\/\/agora.xtec.cat\/iesagustiserra\/wp-json\/wp\/v2\/pages\/2506\/revisions\/34009"}],"up":[{"embeddable":true,"href":"https:\/\/agora.xtec.cat\/iesagustiserra\/wp-json\/wp\/v2\/pages\/195"}],"wp:attachment":[{"href":"https:\/\/agora.xtec.cat\/iesagustiserra\/wp-json\/wp\/v2\/media?parent=2506"}],"curies":[{"name":"wp","href":"https:\/\/api.w.org\/{rel}","templated":true}]}}