{"id":24153,"date":"2024-01-31T12:59:13","date_gmt":"2024-01-31T11:59:13","guid":{"rendered":"https:\/\/agora.xtec.cat\/iesagustiserra\/?page_id=24153"},"modified":"2025-02-17T10:04:00","modified_gmt":"2025-02-17T09:04:00","slug":"ieduka","status":"publish","type":"page","link":"https:\/\/agora.xtec.cat\/iesagustiserra\/intranet-menu\/ieduka\/","title":{"rendered":"iEduca"},"content":{"rendered":"<div align=\"center\">\n<h3 style=\"text-align: center;\"><a href=\"https:\/\/www.ieduca.com\/\" target=\"_blank\" rel=\"noopener\">Acc\u00e9s a:<\/a><a href=\"https:\/\/www.ieduca.com\/\" target=\"_blank\" rel=\"noopener\"><img loading=\"lazy\" decoding=\"async\" class=\"aligncenter wp-image-11611\" src=\"https:\/\/agora.xtec.cat\/iesagustiserra\/wp-content\/uploads\/usu1681\/2023\/09\/iEduca_80.png\" alt=\"\" width=\"245\" height=\"78\" \/><\/a><\/h3>\n<hr \/>\n<p style=\"text-align: justify;\"><a href=\"https:\/\/www.ieduca.com\/\" target=\"_blank\" rel=\"noopener\"><strong>iEduca<\/strong> <\/a>\u00e9s la plataforma de comunicaci\u00f3 amb les fam\u00edlies. Aquesta eina permet rebre notificacions al m\u00f2bil i\/o al correu electr\u00f2nic a trav\u00e9s de l&#8217;aplicaci\u00f3 iEduca TokApp.<\/p>\n<h6 style=\"text-align: center;\"><a class=\"button normal\" style=\"padding: 0.5em; margin: 0.1em; color: white !important; background-color: #767676;\" href=\"https:\/\/agora.xtec.cat\/iesagustiserra\/wp-content\/uploads\/usu1681\/2023\/09\/Guia-aplicacio-iEduca-Tokapp-v.05-2-.pdf\" target=\"_blank\" rel=\"noopener noreferrer\">Descarregar TokApp pel m\u00f2bil<\/a><\/h6>\n<p style=\"text-align: center;\"><a class=\"button normal\" style=\"padding: 0.5em; margin: 0.1em; color: white !important; background-color: #767676;\" href=\"https:\/\/www.youtube.com\/watch?v=J1A1eLSb450\" target=\"_blank\" rel=\"noopener noreferrer\">Videotutorial<\/a><\/p>\n<p style=\"text-align: justify;\">Les fam\u00edlies poden accedir a la plataforma per consultar les incid\u00e8ncies que han anat produint-se al llarg del curs per poder tenir informaci\u00f3 propera sobre el fill\/a. Per poder fer \u00fas d\u2019aquesta funcionalitat, les fam\u00edlies han d\u2019haver rebut un correu amb un usuari i paraula de pas per poder accedir a la plataforma.<\/p>\n<p style=\"text-align: justify;\">A la plataforma de <a href=\"https:\/\/www.ieduca.com\/\" target=\"_blank\" rel=\"noopener\"><strong>iEduca<\/strong> <\/a>hi podeu accedir les fam\u00edlies de dues formes:<\/p>\n<ul>\n<li style=\"text-align: justify;\"><strong>Mitjan\u00e7ant la p\u00e0gina web (Intranet):<\/strong>\n<ul>\n<li style=\"text-align: justify;\"><a href=\"https:\/\/login.ieduca.com\/\" target=\"_blank\" rel=\"noopener\">https:\/\/login.ieduca.com<\/a><\/li>\n<li style=\"text-align: justify;\">Amb el vostre usuari i contrasenya rebuts al vostre correu.<\/li>\n<\/ul>\n<\/li>\n<\/ul>\n<ul>\n<li style=\"text-align: left;\"><strong>Mitjan\u00e7ant l\u2019App de m\u00f2bil iEdukaTokapp: <\/strong>Us heu de descarregar l\u2019aplicaci\u00f3 des de:\n<ul>\n<li>Play Store (Android): <a href=\"https:\/\/play.google.com\/store\/apps\/details?id=com.MultiExpo.ieduca\" target=\"_blank\" rel=\"noopener\">https:\/\/play.google.com\/store\/apps\/details?id=com.MultiExpo.ieduca<\/a><\/li>\n<li>Apple Store (Apple): <a href=\"https:\/\/itunes.apple.com\/es\/app\/ieduca-tokapp\/id1082664178?mt=8\" target=\"_blank\" rel=\"noopener\">https:\/\/itunes.apple.com\/es\/app\/ieduca-tokapp\/id1082664178?mt=8<\/a><\/li>\n<\/ul>\n<\/li>\n<li style=\"text-align: left;\">Heu d\u2019accedir com un usuari nou.<\/li>\n<li style=\"text-align: left;\">Acceptar les condicions.<\/li>\n<li style=\"text-align: left;\">Escriure el vostre tel\u00e8fon m\u00f2bil o correu electr\u00f2nic que facilitareu al centre en la matr\u00edcula.<\/li>\n<li style=\"text-align: left;\">Posar el codi que rebreu per SMS o correu electr\u00f2nic.<\/li>\n<li style=\"text-align: left;\">Crear un usuari propi.<\/li>\n<li style=\"text-align: left;\">L\u2019aplicaci\u00f3 ens demanar\u00e0 m\u00e9s endavant l\u2019usuari i contrasenya que us hem facilitat en el correu que rebreu ben aviat (no-reply@ieduca.com).<\/li>\n<\/ul>\n<\/div>\n","protected":false},"excerpt":{"rendered":"<p>Acc\u00e9s a: iEduca \u00e9s la plataforma de comunicaci\u00f3 amb les fam\u00edlies. Aquesta eina permet rebre notificacions al m\u00f2bil i\/o al [&hellip;]<\/p>\n","protected":false},"author":1,"featured_media":0,"parent":14749,"menu_order":10,"comment_status":"closed","ping_status":"closed","template":"","meta":{"site-sidebar-layout":"default","site-content-layout":"","ast-site-content-layout":"default","site-content-style":"default","site-sidebar-style":"default","ast-global-header-display":"","ast-banner-title-visibility":"","ast-main-header-display":"","ast-hfb-above-header-display":"","ast-hfb-below-header-display":"","ast-hfb-mobile-header-display":"","site-post-title":"","ast-breadcrumbs-content":"","ast-featured-img":"","footer-sml-layout":"","theme-transparent-header-meta":"","adv-header-id-meta":"","stick-header-meta":"","header-above-stick-meta":"","header-main-stick-meta":"","header-below-stick-meta":"","astra-migrate-meta-layouts":"set","ast-page-background-enabled":"default","ast-page-background-meta":{"desktop":{"background-color":"var(--ast-global-color-4)","background-image":"","background-repeat":"repeat","background-position":"center center","background-size":"auto","background-attachment":"scroll","background-type":"","background-media":"","overlay-type":"","overlay-color":"","overlay-opacity":"","overlay-gradient":""},"tablet":{"background-color":"","background-image":"","background-repeat":"repeat","background-position":"center center","background-size":"auto","background-attachment":"scroll","background-type":"","background-media":"","overlay-type":"","overlay-color":"","overlay-opacity":"","overlay-gradient":""},"mobile":{"background-color":"","background-image":"","background-repeat":"repeat","background-position":"center center","background-size":"auto","background-attachment":"scroll","background-type":"","background-media":"","overlay-type":"","overlay-color":"","overlay-opacity":"","overlay-gradient":""}},"ast-content-background-meta":{"desktop":{"background-color":"var(--ast-global-color-5)","background-image":"","background-repeat":"repeat","background-position":"center center","background-size":"auto","background-attachment":"scroll","background-type":"","background-media":"","overlay-type":"","overlay-color":"","overlay-opacity":"","overlay-gradient":""},"tablet":{"background-color":"var(--ast-global-color-5)","background-image":"","background-repeat":"repeat","background-position":"center center","background-size":"auto","background-attachment":"scroll","background-type":"","background-media":"","overlay-type":"","overlay-color":"","overlay-opacity":"","overlay-gradient":""},"mobile":{"background-color":"var(--ast-global-color-5)","background-image":"","background-repeat":"repeat","background-position":"center center","background-size":"auto","background-attachment":"scroll","background-type":"","background-media":"","overlay-type":"","overlay-color":"","overlay-opacity":"","overlay-gradient":""}},"footnotes":""},"class_list":["post-24153","page","type-page","status-publish","hentry"],"post_mailing_queue_ids":[],"_links":{"self":[{"href":"https:\/\/agora.xtec.cat\/iesagustiserra\/wp-json\/wp\/v2\/pages\/24153","targetHints":{"allow":["GET"]}}],"collection":[{"href":"https:\/\/agora.xtec.cat\/iesagustiserra\/wp-json\/wp\/v2\/pages"}],"about":[{"href":"https:\/\/agora.xtec.cat\/iesagustiserra\/wp-json\/wp\/v2\/types\/page"}],"author":[{"embeddable":true,"href":"https:\/\/agora.xtec.cat\/iesagustiserra\/wp-json\/wp\/v2\/users\/1"}],"replies":[{"embeddable":true,"href":"https:\/\/agora.xtec.cat\/iesagustiserra\/wp-json\/wp\/v2\/comments?post=24153"}],"version-history":[{"count":6,"href":"https:\/\/agora.xtec.cat\/iesagustiserra\/wp-json\/wp\/v2\/pages\/24153\/revisions"}],"predecessor-version":[{"id":31225,"href":"https:\/\/agora.xtec.cat\/iesagustiserra\/wp-json\/wp\/v2\/pages\/24153\/revisions\/31225"}],"up":[{"embeddable":true,"href":"https:\/\/agora.xtec.cat\/iesagustiserra\/wp-json\/wp\/v2\/pages\/14749"}],"wp:attachment":[{"href":"https:\/\/agora.xtec.cat\/iesagustiserra\/wp-json\/wp\/v2\/media?parent=24153"}],"curies":[{"name":"wp","href":"https:\/\/api.w.org\/{rel}","templated":true}]}}