{"id":21081,"date":"2023-05-22T12:49:13","date_gmt":"2023-05-22T10:49:13","guid":{"rendered":"https:\/\/agora.xtec.cat\/iesagustiserra\/?page_id=21081"},"modified":"2024-06-26T09:52:11","modified_gmt":"2024-06-26T07:52:11","slug":"diganosi","status":"publish","type":"page","link":"https:\/\/agora.xtec.cat\/iesagustiserra\/estrategia-digital-de-centre-edc\/estrategia\/diganosi\/","title":{"rendered":"Diagnosi"},"content":{"rendered":"<h4>DIAGNOSI<\/h4>\n<p style=\"text-align: justify;\">El primer pas per poder elaborar l\u2019estrat\u00e8gia digital de centre ha estat elaborar la diagnosi, per fer-la la comissi\u00f3 digital del centre va decidir emprar diferents eines diagn\u00f2stiques:<\/p>\n<ul style=\"text-align: justify;\">\n<li><strong>Eina Selfie<\/strong>: una eina gratu\u00efta, creada per la Comissi\u00f3 Europea, per ajudar els centres educatius a fer una diagnosi del seu grau d\u2019implementaci\u00f3 de les tecnologies digitals. A donada resposta al q\u00fcestionari Selfie el 67% de l\u2019equip directiu, el <span style=\"color: #333333;\">43<\/span>% de l\u2019equip docent i el <span style=\"color: #333333;\">65<\/span>% de l\u2019alumnat (s\u2019ha passat a l\u2019alumnat de 3r i 4t de l&#8217;ESO i 2n de Batxillerat).<\/li>\n<li><strong>Enquesta per avaluar la compet\u00e8ncia digital instrumental docent<\/strong> que han contestat un total de <span style=\"color: #ff0000;\">49 docents.<\/span><\/li>\n<li><strong>Enquesta a les fam\u00edlies<\/strong> per poder recollir la seva visi\u00f3 sobre la maduresa digital del centre. En aquest cas han respost un total de <span style=\"color: #ff0000;\"><span style=\"color: #333333;\">117<\/span> <\/span>fam\u00edlies de l\u2019institut.<\/li>\n<li><strong>Diagnosi qualitativa<\/strong>\u00a0elaborada a partir de\u00a0<strong>l\u2019observaci\u00f3 i l\u2019an\u00e0lisi de la realitat<\/strong>\u00a0per part del grup impulsor dins la Comissi\u00f3 d\u2019Estrat\u00e8gia Digital de Centre. S\u2019ha analitzat: comunicaci\u00f3 (portal de centre, intranet\u2026), desenvolupament curricular, infraestructures i recursos i el seu \u00fas.<\/li>\n<\/ul>\n<p style=\"text-align: justify;\">A partir de l\u2019an\u00e0lisi d\u2019aquestes eines, s\u2019han detectat els<strong> punts forts i punts febles<\/strong>, que ens permetran establir els objectius de l\u2019Estrat\u00e8gia Digital i ens ajudaran a establir i millorar la Cultura Digital del Centre.<\/p>\n<h4 style=\"text-align: justify;\">PUNTS FORTS<\/h4>\n<p style=\"text-align: justify;\"><span style=\"font-weight: 400;\">Es valora positivament:<\/span><\/p>\n<ol>\n<li style=\"font-weight: 400; text-align: justify;\" aria-level=\"1\"><span style=\"font-weight: 400;\">El fet de tenir dispositius digitals per poder treballar, tant per alumnes com per professors. C8, C2<\/span><\/li>\n<li style=\"font-weight: 400; text-align: justify;\" aria-level=\"1\"><span style=\"font-weight: 400;\">Per part del professorat i equip directiu, l&#8217;\u00fas de tecnologies digitals per les comunicacions relacionades amb el centre. E4.<\/span><\/li>\n<li style=\"font-weight: 400; text-align: justify;\" aria-level=\"1\"><span style=\"font-weight: 400;\">Per part de l\u2019alumnat, l\u2019\u00fas d\u2019entorns virtuals d\u2019aprenentatge (Moodle, Classroom). E3.<\/span><\/li>\n<li style=\"font-weight: 400; text-align: justify;\" aria-level=\"1\"><span style=\"font-weight: 400;\">Per part del professorat, la recerca a internet i la creaci\u00f3 de recursos digitals per fer servir a classe. E1, E2.<\/span><\/li>\n<li style=\"font-weight: 400; text-align: justify;\" aria-level=\"1\"><span style=\"font-weight: 400;\">En l&#8217;\u00e0mbit de compet\u00e8ncia digital, l\u2019alumnat apr\u00e8n a comunicar-se i treballar en grup fent servir la tecnologia; i a crear contingut digital. F5, H8, H7.<\/span><\/li>\n<li style=\"font-weight: 400; text-align: justify;\" aria-level=\"1\"><span style=\"font-weight: 400;\">A m\u00e9s, el professorat se sent sostingut per l\u2019equip directiu a l\u2019hora de fer servir la tecnologia per la seva pr\u00e0ctica docent.<\/span><\/li>\n<\/ol>\n<h4>PUNTS FEBLES<\/h4>\n<p style=\"text-align: justify;\"><span style=\"font-weight: 400;\">Aspectes amb marge de millora:<\/span><\/p>\n<ol>\n<li style=\"font-weight: 400; text-align: justify;\" aria-level=\"1\"><span style=\"font-weight: 400;\">Cal definir una estrat\u00e8gia digital. A1.<\/span><\/li>\n<li style=\"font-weight: 400; text-align: justify;\" aria-level=\"1\"><span style=\"font-weight: 400;\">Cal millorar l\u2019\u00fas de la tecnologia digital per tal d\u2019avaluar els progressos en mat\u00e8ria d\u2019ensenyament i aprenentatge. B1<\/span><\/li>\n<li style=\"font-weight: 400; text-align: justify;\" aria-level=\"1\"><span style=\"font-weight: 400;\">Cal afavorir el debat sobre els avantatges i inconvenients de fer servir la tecnologia per l\u2019aprenentatge. B2. I es fa servir poc per col\u00b7laborar amb altres organitzacions. B3.<\/span><\/li>\n<li style=\"font-weight: 400; text-align: justify;\" aria-level=\"1\"><span style=\"font-weight: 400;\">L\u2019aplicaci\u00f3 de la tecnologia en les pr\u00e0ctiques d\u2019avaluaci\u00f3 rep baixes puntuacions tamb\u00e9 per part dels alumnes. Veure preguntes G3 sobre retroalimentaci\u00f3 adequada, G5 sobre autoreflexi\u00f3 i G6 sobre coavaluaci\u00f3.<\/span><\/li>\n<li style=\"font-weight: 400; text-align: justify;\" aria-level=\"1\"><span style=\"font-weight: 400;\">L\u2019acc\u00e9s a internet rep una baixa puntuaci\u00f3 per part dels professors i una mica millor, tot i ser baixa, per part dels alumnes. C3.<\/span><\/li>\n<li style=\"font-weight: 400; text-align: justify;\" aria-level=\"1\"><span style=\"font-weight: 400;\">Pel que fa a la formaci\u00f3 cont\u00ednua del professorat, caldria afavorir l\u2019intercanvi d\u2019experi\u00e8ncies dins del centre sobre l\u2019ensenyament amb tecnologies digitals, D3, aix\u00ed com una major participaci\u00f3 del professorat en la definici\u00f3 de les seves necessitats formatives. D1.<\/span><\/li>\n<\/ol>\n","protected":false},"excerpt":{"rendered":"<p>DIAGNOSI El primer pas per poder elaborar l\u2019estrat\u00e8gia digital de centre ha estat elaborar la diagnosi, per fer-la la comissi\u00f3 [&hellip;]<\/p>\n","protected":false},"author":1,"featured_media":0,"parent":20148,"menu_order":0,"comment_status":"closed","ping_status":"closed","template":"page-templates\/side-menu.php","meta":{"site-sidebar-layout":"default","site-content-layout":"","ast-site-content-layout":"","site-content-style":"default","site-sidebar-style":"default","ast-global-header-display":"","ast-banner-title-visibility":"","ast-main-header-display":"","ast-hfb-above-header-display":"","ast-hfb-below-header-display":"","ast-hfb-mobile-header-display":"","site-post-title":"","ast-breadcrumbs-content":"","ast-featured-img":"","footer-sml-layout":"","theme-transparent-header-meta":"","adv-header-id-meta":"","stick-header-meta":"","header-above-stick-meta":"","header-main-stick-meta":"","header-below-stick-meta":"","astra-migrate-meta-layouts":"default","ast-page-background-enabled":"default","ast-page-background-meta":{"desktop":{"background-color":"var(--ast-global-color-4)","background-image":"","background-repeat":"repeat","background-position":"center center","background-size":"auto","background-attachment":"scroll","background-type":"","background-media":"","overlay-type":"","overlay-color":"","overlay-opacity":"","overlay-gradient":""},"tablet":{"background-color":"","background-image":"","background-repeat":"repeat","background-position":"center center","background-size":"auto","background-attachment":"scroll","background-type":"","background-media":"","overlay-type":"","overlay-color":"","overlay-opacity":"","overlay-gradient":""},"mobile":{"background-color":"","background-image":"","background-repeat":"repeat","background-position":"center center","background-size":"auto","background-attachment":"scroll","background-type":"","background-media":"","overlay-type":"","overlay-color":"","overlay-opacity":"","overlay-gradient":""}},"ast-content-background-meta":{"desktop":{"background-color":"var(--ast-global-color-5)","background-image":"","background-repeat":"repeat","background-position":"center center","background-size":"auto","background-attachment":"scroll","background-type":"","background-media":"","overlay-type":"","overlay-color":"","overlay-opacity":"","overlay-gradient":""},"tablet":{"background-color":"var(--ast-global-color-5)","background-image":"","background-repeat":"repeat","background-position":"center center","background-size":"auto","background-attachment":"scroll","background-type":"","background-media":"","overlay-type":"","overlay-color":"","overlay-opacity":"","overlay-gradient":""},"mobile":{"background-color":"var(--ast-global-color-5)","background-image":"","background-repeat":"repeat","background-position":"center center","background-size":"auto","background-attachment":"scroll","background-type":"","background-media":"","overlay-type":"","overlay-color":"","overlay-opacity":"","overlay-gradient":""}},"footnotes":""},"class_list":["post-21081","page","type-page","status-publish","hentry"],"post_mailing_queue_ids":[],"_links":{"self":[{"href":"https:\/\/agora.xtec.cat\/iesagustiserra\/wp-json\/wp\/v2\/pages\/21081","targetHints":{"allow":["GET"]}}],"collection":[{"href":"https:\/\/agora.xtec.cat\/iesagustiserra\/wp-json\/wp\/v2\/pages"}],"about":[{"href":"https:\/\/agora.xtec.cat\/iesagustiserra\/wp-json\/wp\/v2\/types\/page"}],"author":[{"embeddable":true,"href":"https:\/\/agora.xtec.cat\/iesagustiserra\/wp-json\/wp\/v2\/users\/1"}],"replies":[{"embeddable":true,"href":"https:\/\/agora.xtec.cat\/iesagustiserra\/wp-json\/wp\/v2\/comments?post=21081"}],"version-history":[{"count":5,"href":"https:\/\/agora.xtec.cat\/iesagustiserra\/wp-json\/wp\/v2\/pages\/21081\/revisions"}],"predecessor-version":[{"id":28143,"href":"https:\/\/agora.xtec.cat\/iesagustiserra\/wp-json\/wp\/v2\/pages\/21081\/revisions\/28143"}],"up":[{"embeddable":true,"href":"https:\/\/agora.xtec.cat\/iesagustiserra\/wp-json\/wp\/v2\/pages\/20148"}],"wp:attachment":[{"href":"https:\/\/agora.xtec.cat\/iesagustiserra\/wp-json\/wp\/v2\/media?parent=21081"}],"curies":[{"name":"wp","href":"https:\/\/api.w.org\/{rel}","templated":true}]}}

<h4>DIAGNOSI</h4>
<p style="text-align: justify;">El primer pas per poder elaborar l’estratègia digital de centre ha estat elaborar la diagnosi, per fer-la la comissió digital del centre va decidir emprar diferents eines diagnòstiques:</p>
<ul style="text-align: justify;">
<li><strong>Eina Selfie</strong>: una eina gratuïta, creada per la Comissió Europea, per ajudar els centres educatius a fer una diagnosi del seu grau d’implementació de les tecnologies digitals. A donada resposta al qüestionari Selfie el 67% de l’equip directiu, el <span style="color: #333333;">43</span>% de l’equip docent i el <span style="color: #333333;">65</span>% de l’alumnat (s’ha passat a l’alumnat de 3r i 4t de l&#8217;ESO i 2n de Batxillerat).</li>
<li><strong>Enquesta per avaluar la competència digital instrumental docent</strong> que han contestat un total de <span style="color: #ff0000;">49 docents.</span></li>
<li><strong>Enquesta a les famílies</strong> per poder recollir la seva visió sobre la maduresa digital del centre. En aquest cas han respost un total de <span style="color: #ff0000;"><span style="color: #333333;">117</span> </span>famílies de l’institut.</li>
<li><strong>Diagnosi qualitativa</strong> elaborada a partir de <strong>l’observació i l’anàlisi de la realitat</strong> per part del grup impulsor dins la Comissió d’Estratègia Digital de Centre. S’ha analitzat: comunicació (portal de centre, intranet…), desenvolupament curricular, infraestructures i recursos i el seu ús.</li>
</ul>
<p style="text-align: justify;">A partir de l’anàlisi d’aquestes eines, s’han detectat els<strong> punts forts i punts febles</strong>, que ens permetran establir els objectius de l’Estratègia Digital i ens ajudaran a establir i millorar la Cultura Digital del Centre.</p>
<h4 style="text-align: justify;">PUNTS FORTS</h4>
<p style="text-align: justify;"><span style="font-weight: 400;">Es valora positivament:</span></p>
<ol>
<li style="font-weight: 400; text-align: justify;" aria-level="1"><span style="font-weight: 400;">El fet de tenir dispositius digitals per poder treballar, tant per alumnes com per professors. C8, C2</span></li>
<li style="font-weight: 400; text-align: justify;" aria-level="1"><span style="font-weight: 400;">Per part del professorat i equip directiu, l&#8217;ús de tecnologies digitals per les comunicacions relacionades amb el centre. E4.</span></li>
<li style="font-weight: 400; text-align: justify;" aria-level="1"><span style="font-weight: 400;">Per part de l’alumnat, l’ús d’entorns virtuals d’aprenentatge (Moodle, Classroom). E3.</span></li>
<li style="font-weight: 400; text-align: justify;" aria-level="1"><span style="font-weight: 400;">Per part del professorat, la recerca a internet i la creació de recursos digitals per fer servir a classe. E1, E2.</span></li>
<li style="font-weight: 400; text-align: justify;" aria-level="1"><span style="font-weight: 400;">En l&#8217;àmbit de competència digital, l’alumnat aprèn a comunicar-se i treballar en grup fent servir la tecnologia; i a crear contingut digital. F5, H8, H7.</span></li>
<li style="font-weight: 400; text-align: justify;" aria-level="1"><span style="font-weight: 400;">A més, el professorat se sent sostingut per l’equip directiu a l’hora de fer servir la tecnologia per la seva pràctica docent.</span></li>
</ol>
<h4>PUNTS FEBLES</h4>
<p style="text-align: justify;"><span style="font-weight: 400;">Aspectes amb marge de millora:</span></p>
<ol>
<li style="font-weight: 400; text-align: justify;" aria-level="1"><span style="font-weight: 400;">Cal definir una estratègia digital. A1.</span></li>
<li style="font-weight: 400; text-align: justify;" aria-level="1"><span style="font-weight: 400;">Cal millorar l’ús de la tecnologia digital per tal d’avaluar els progressos en matèria d’ensenyament i aprenentatge. B1</span></li>
<li style="font-weight: 400; text-align: justify;" aria-level="1"><span style="font-weight: 400;">Cal afavorir el debat sobre els avantatges i inconvenients de fer servir la tecnologia per l’aprenentatge. B2. I es fa servir poc per col·laborar amb altres organitzacions. B3.</span></li>
<li style="font-weight: 400; text-align: justify;" aria-level="1"><span style="font-weight: 400;">L’aplicació de la tecnologia en les pràctiques d’avaluació rep baixes puntuacions també per part dels alumnes. Veure preguntes G3 sobre retroalimentació adequada, G5 sobre autoreflexió i G6 sobre coavaluació.</span></li>
<li style="font-weight: 400; text-align: justify;" aria-level="1"><span style="font-weight: 400;">L’accés a internet rep una baixa puntuació per part dels professors i una mica millor, tot i ser baixa, per part dels alumnes. C3.</span></li>
<li style="font-weight: 400; text-align: justify;" aria-level="1"><span style="font-weight: 400;">Pel que fa a la formació contínua del professorat, caldria afavorir l’intercanvi d’experiències dins del centre sobre l’ensenyament amb tecnologies digitals, D3, així com una major participació del professorat en la definició de les seves necessitats formatives. D1.</span></li>
</ol>

<p>DIAGNOSI El primer pas per poder elaborar l’estratègia digital de centre ha estat elaborar la diagnosi, per fer-la la comissió [&hellip;]</p>
