{"id":1348,"date":"2019-11-16T20:19:03","date_gmt":"2019-11-16T19:19:03","guid":{"rendered":"http:\/\/agora.xtec.cat\/iesagustiserra\/?page_id=1348"},"modified":"2023-01-25T12:47:26","modified_gmt":"2023-01-25T11:47:26","slug":"biblioteca","status":"publish","type":"page","link":"https:\/\/agora.xtec.cat\/iesagustiserra\/serveis\/biblioteca\/","title":{"rendered":"Biblioteca"},"content":{"rendered":"<h5 style=\"text-align: justify;\"><strong>HORARI (de dilluns a divendres)<\/strong><\/h5>\n<h5 style=\"text-align: center;\"><span style=\"color: #000000;\"><strong>Mat\u00ed: <\/strong>dilluns a divendres: de 9 h a 13 h<\/span><\/h5>\n<h5 style=\"text-align: center;\"><span style=\"color: #000000;\"><strong>Tarda: <\/strong>dilluns a divendres de 15:30 a 19:30 h<\/span><\/h5>\n<hr \/>\n<h5 style=\"text-align: justify;\"><a href=\"https:\/\/agora.xtec.cat\/iesagustiserra\/blog-de-la-biblioteca\/\"><strong>BLOG DE LA BIBLIOTECA<\/strong><\/a><\/h5>\n<p style=\"text-align: justify;\"><span style=\"color: #000000;\">La Biblioteca tamb\u00e9 disposa d<\/span><span style=\"color: #008080;\"><span style=\"color: #000000;\">el <\/span><\/span><strong style=\"font-family: inherit; font-size: 1em;\"><span style=\"color: #008080;\"><strong><a style=\"color: #008080;\" href=\"https:\/\/agora.xtec.cat\/iesagustiserra\/blog-de-la-biblioteca\/\" target=\"_blank\" rel=\"noopener noreferrer\" data-saferedirecturl=\"https:\/\/www.google.com\/url?hl=ca&amp;q=http:\/\/bibliotecalacetania.blogspot.com.es\/&amp;source=gmail&amp;ust=1481830837765000&amp;usg=AFQjCNG6m3dgj3loAZncKith3wGi49wRKg\">blog de la biblioteca<\/a><\/strong><\/span><\/strong><span style=\"color: #008080;\"><span style=\"color: #000000;\">.<\/span><\/span><\/p>\n<hr \/>\n<h5 style=\"text-align: justify;\"><strong style=\"font-family: inherit; font-size: 1em;\">CONTACTE<\/strong><\/h5>\n<p style=\"text-align: justify;\">Correu electr\u00f2nic: <strong><a href=\"mailto:bibliotecacoordinacio@institutagustiserra.cat\"><strong>bibliotecacoordinacio@institutagustiserra.cat<\/strong><\/a><\/strong><\/p>\n<hr \/>\n<h5 class=\"gris\" style=\"text-align: justify;\"><strong class=\"negreta\">ACC\u00c9S<\/strong><\/h5>\n<p class=\"gris\" style=\"text-align: justify;\">\u00c9s <strong>imprescindible<\/strong> signar el full d\u2019assist\u00e8ncia que hi ha a l\u2019entrada i omplir les dades sol\u00b7licitades (nom i cognoms, curs, hora d\u2019entrada).<\/p>\n<hr \/>\n<h5 class=\"gris\" style=\"text-align: justify;\"><strong class=\"negreta\"><span style=\"color: #ff0000;\">NOU<\/span> FUNCIONAMENT DE LA BIBLIOTECA\u00a0<\/strong><\/h5>\n<p style=\"text-align: justify;\">1. Fora de l&#8217;horari de les bibliotec\u00e0ries Meri i Evelyn, de 9\u202fh a 13\u202fh i de 15.30\u202fh a 19.30\u202fh respectivament, les professores i professors que necessitin estudiar o treballar en silenci a la biblioteca podran demanar la clau a consergeria, on quedar\u00e0 registrat l&#8217;\u00fas d&#8217;aquesta clau.<\/p>\n<p style=\"text-align: justify;\">En cas d&#8217;utilitzar la biblioteca de 8 a 9, a les 8.50\/55\u202fh l&#8217;usuari haur\u00e0 de sortir amb les seves coses deixant la biblioteca tancada, i tornar la clau a consergeria. La Meri trobar\u00e0 la biblioteca tancada.<\/p>\n<p style=\"text-align: justify;\">Si hi ha un\/a professor\/a que vulgui romandre a la biblioteca despr\u00e9s que marxi la Meri, haur\u00e0 de sortir de la biblioteca amb ella. La Meri deixar\u00e0 la porta de la biblioteca tancada al final de la seva jornada. Aleshores, el professor\/a podr\u00e0 demanar la clau a consergeria, registrar-se i quedar-se a la biblioteca fins a les 15.20\/25\u202fh, hora en qu\u00e8 haur\u00e0 de sortir, tancar amb clau i tornar la clau a consergeria. L&#8217;Evelyn trobar\u00e0 la biblioteca tancada quan arribi al seu lloc de treball.<\/p>\n<p style=\"text-align: justify;\">2. A la biblioteca es duran a terme activitats en silenci.<\/p>\n<p style=\"text-align: justify;\">3. Durant l&#8217;horari de classe, sempre que coincideixi amb l&#8217;horari de les bibliotec\u00e0ries, l&#8217;alumnat podr\u00e0 anar a buscar-hi llibres (gust per la lectura) o a fer alguna activitat especial que requereix l&#8217;\u00fas de la biblioteca.<\/p>\n<p class=\"gris\" style=\"text-align: justify;\"><span class=\"gris\">Els usuaris de la biblioteca es comprometen a respectar i complir les normes generals de comportament. La biblioteca vol garantir als seus usuaris un entorn de treball net, saludable i tranquil.<\/span><\/p>\n<p class=\"gris\" style=\"text-align: justify;\">El treball a la biblioteca \u00e9s \u00fanicament personal, excepte en el cas que es vingui amb el o la docent en hores de classe a fer-hi una activitat de la biblioteca.<\/p>\n<ul style=\"text-align: justify;\">\n<li class=\"gris\"><strong>No est\u00e0 perm\u00e8s entrar menjar o begudes.<\/strong> L\u2019incompliment d\u2019aquesta norma, despr\u00e9s de l\u2019av\u00eds del personal, comportar\u00e0 l&#8217;expulsi\u00f3 del responsable en el moment en qu\u00e8 es produeixi.<\/li>\n<li class=\"gris\"><strong>No estan permeses les activitats que produeixin sorolls molestos (utilitzar el tel\u00e8fon m\u00f2bil o aparells de m\u00fasica, treballar en grup, conversar, etc.). <\/strong>L\u2019incompliment d\u2019aquesta norma, despr\u00e9s de l\u2019av\u00eds del personal, comportar\u00e0 l&#8217;expulsi\u00f3 del responsable en el moment en qu\u00e8 es produeixi.<\/li>\n<li class=\"gris\"><strong>No estan permesos els comportaments que faltin el respecte als usuaris o al personal de la Biblioteca.<\/strong> L\u2019incompliment d\u2019aquesta norma, despr\u00e9s de l\u2019av\u00eds del personal, comportar\u00e0 l&#8217;expulsi\u00f3 del responsable en el moment en qu\u00e8 es produeixi. Aix\u00ed mateix, s\u2019informar\u00e0 la Direcci\u00f3 perqu\u00e8 prengui les mesures oportunes.<\/li>\n<li class=\"gris\"><strong>No estan permesos els comportaments que provoquin danys a la documentaci\u00f3, als equips o a les infraestructures de la Biblioteca.<\/strong> L\u2019incompliment d\u2019aquesta norma, despr\u00e9s de l\u2019av\u00eds del personal, comportar\u00e0 l&#8217;expulsi\u00f3 del responsable en el moment en qu\u00e8 es produeixi. Aix\u00ed mateix, s\u2019informar\u00e0 la Direcci\u00f3 perqu\u00e8 prengui les mesures oportunes.<br \/>\n<hr \/>\n<\/li>\n<\/ul>\n<h5 class=\"gris\" style=\"text-align: justify;\"><strong class=\"negreta\">Servei de pr\u00e9stec de documents<\/strong><\/h5>\n<p class=\"gris\" style=\"text-align: justify;\"><span style=\"font-family: inherit; font-size: 1em;\">Per utilitzar el servei de pr\u00e9stec, cal formar part de la comunitat educativa del centre. Els alumnes, a m\u00e9s, han d\u2019estar al corrent de tots els pagaments (matr\u00edcula, quota de l\u2019 AMPA, asseguran\u00e7a escolar, etc.).\u00a0<\/span><\/p>\n<h5 class=\"gris\" style=\"text-align: justify;\"><strong class=\"negreta\">Servei de pr\u00e9stec<\/strong><\/h5>\n<p class=\"gris\" style=\"text-align: justify;\">2 llibres durant 3 setmanes; 2 revistes durant 2 setmanes; 4 materials multim\u00e8dia durant 2 setmanes.<\/p>\n<h5 class=\"gris\" style=\"text-align: justify;\"><span class=\"negreta\"><strong>Reserves<\/strong><\/span><\/h5>\n<p class=\"gris\" style=\"text-align: justify;\">Alguns documents es poden reservar durant 1 setmana (consulteu-ho a la biblioteca).<\/p>\n<h5 class=\"gris\" style=\"text-align: justify;\"><strong>Pr\u00f2rrogues<\/strong><\/h5>\n<p class=\"gris\" style=\"text-align: justify;\">Si no hi ha cap reserva, es pot prorrogar el pr\u00e9stec de documents: 15 dies +, els llibres i 10 dies +, els altres documents.<\/p>\n<h5 style=\"text-align: justify;\"><strong>Retorn de documents<\/strong><span style=\"color: #339966;\"><strong><br \/>\n<\/strong><\/span><\/h5>\n<ul style=\"text-align: justify;\">\n<li>Tots els materials consultats s&#8217;han de deixar sobre el taulell d&#8217;informaci\u00f3 i no retornar-los a les prestatgeries.<\/li>\n<li class=\"gris\" style=\"text-align: justify;\">L&#8217;usuari que faci malb\u00e9 o perdi un document que t\u00e9 en pr\u00e9stec n&#8217;ha de restituir a la Biblioteca una obra id\u00e8ntica o b\u00e9 abonar-ne l&#8217;import corresponent.<\/li>\n<li class=\"gris\" style=\"text-align: justify;\">El retard de m\u00e9s d&#8217;una setmana en la devoluci\u00f3 d&#8217;un document comporta l&#8217;exclusi\u00f3 de l&#8217;usuari del servei de pr\u00e9stec per un per\u00edode de temps equivalent.<\/li>\n<li class=\"gris\" style=\"text-align: justify;\">En cas de no-devoluci\u00f3 del document, la Biblioteca prendr\u00e0 les mesures oportunes a cada situaci\u00f3.<\/li>\n<\/ul>\n<h5 class=\"gris\" style=\"text-align: justify;\"><strong class=\"negreta\">\u00das dels ordinadors<\/strong><\/h5>\n<p class=\"gris\" style=\"text-align: justify;\">La finalitat dels ordinadors \u00e9s la consulta dels recursos d&#8217;informaci\u00f3 necessaris per a l&#8217;activitat acad\u00e8mica i de recerca. La Biblioteca es reserva el dret de limitar la utilitzaci\u00f3 d&#8217;aquests recursos i dels programes disponibles per a altres fins (treballs particulars, correu electr\u00f2nic, consulta de notes, etc.).<\/p>\n<p class=\"gris\" style=\"text-align: justify;\">Cal sol\u00b7licitar accedir als recursos inform\u00e0tics, i el personal de la biblioteca \u00e9s qui assigna el n\u00famero d&#8217;ordinador i el temps d&#8217;utilitzaci\u00f3. En cas de molta demanda, aquest temps ser\u00e0 de 30 minuts, i nom\u00e9s ampliable a criteri de la persona responsable de la biblioteca.<\/p>\n<h5 class=\"gris\" style=\"text-align: justify;\"><strong>No es permet treballar simult\u00e0niament amb diversos ordinadors<\/strong><\/h5>\n<p class=\"gris\" style=\"text-align: justify;\">Altres utilitzacions no educatives, personals o particulars, seran objecte de sanci\u00f3 amb la p\u00e8rdua dels drets de connexi\u00f3 a Internet.<\/p>\n<p class=\"gris\" style=\"text-align: justify;\">No es permet cap acci\u00f3 que pugui malmetre l&#8217;equipament inform\u00e0tic, ni, l&#8217;\u00fas o instal\u00b7laci\u00f3 d&#8217;altres programaris o l\u2019alteraci\u00f3 dels que estan instal\u00b7lats.\u00a0 L\u2019incompliment d\u2019aquesta norma, despr\u00e9s de l\u2019av\u00eds del personal, comportar\u00e0 l&#8217;expulsi\u00f3 del responsable en el moment en qu\u00e8 es produeixi. Aix\u00ed mateix, s\u2019informar\u00e0 la Direcci\u00f3 perqu\u00e8 prengui les mesures oportunes.<\/p>\n<h5 class=\"gris\" style=\"text-align: justify;\"><strong class=\"negreta\">Servei d\u2019impressi\u00f3<\/strong><\/h5>\n<p class=\"gris\" style=\"text-align: justify;\">El servei de la impressora \u00fanicament abasta la impressi\u00f3 de les recerques i treballs fets a la biblioteca. Cal avisar-ne la persona responsable abans d&#8217;enviar el document per imprimir, i ser\u00e0 qui donar\u00e0 l&#8217;ordre d&#8217;impressi\u00f3 segons convingui (re. Art. 8 del RRI).<\/p>\n<h5 class=\"gris\" style=\"text-align: justify;\"><strong class=\"negreta\">Incompliment del reglament<\/strong><\/h5>\n<p class=\"gris\" style=\"text-align: justify;\">L\u2019incompliment reiteratiu d&#8217;aquest reglament, com tamb\u00e9 qualsevol comportament que no s&#8217;hi reculli, per\u00f2 que resulti perjudicial per a la Biblioteca o per als seus usuaris, a m\u00e9s de les sancions ja especificades, es comunicar\u00e0 a la Direcci\u00f3 del centre perqu\u00e8 hi adopti les mesures que consideri oportunes.<\/p>\n","protected":false},"excerpt":{"rendered":"<p>HORARI (de dilluns a divendres) Mat\u00ed: dilluns a divendres: de 9 h a 13 h Tarda: dilluns a divendres de [&hellip;]<\/p>\n","protected":false},"author":1,"featured_media":0,"parent":63,"menu_order":15,"comment_status":"closed","ping_status":"closed","template":"page-templates\/side-menu.php","meta":{"site-sidebar-layout":"default","site-content-layout":"","ast-site-content-layout":"","site-content-style":"default","site-sidebar-style":"default","ast-global-header-display":"","ast-banner-title-visibility":"","ast-main-header-display":"","ast-hfb-above-header-display":"","ast-hfb-below-header-display":"","ast-hfb-mobile-header-display":"","site-post-title":"","ast-breadcrumbs-content":"","ast-featured-img":"","footer-sml-layout":"","theme-transparent-header-meta":"","adv-header-id-meta":"","stick-header-meta":"","header-above-stick-meta":"","header-main-stick-meta":"","header-below-stick-meta":"","astra-migrate-meta-layouts":"default","ast-page-background-enabled":"default","ast-page-background-meta":{"desktop":{"background-color":"var(--ast-global-color-4)","background-image":"","background-repeat":"repeat","background-position":"center center","background-size":"auto","background-attachment":"scroll","background-type":"","background-media":"","overlay-type":"","overlay-color":"","overlay-opacity":"","overlay-gradient":""},"tablet":{"background-color":"","background-image":"","background-repeat":"repeat","background-position":"center center","background-size":"auto","background-attachment":"scroll","background-type":"","background-media":"","overlay-type":"","overlay-color":"","overlay-opacity":"","overlay-gradient":""},"mobile":{"background-color":"","background-image":"","background-repeat":"repeat","background-position":"center center","background-size":"auto","background-attachment":"scroll","background-type":"","background-media":"","overlay-type":"","overlay-color":"","overlay-opacity":"","overlay-gradient":""}},"ast-content-background-meta":{"desktop":{"background-color":"var(--ast-global-color-5)","background-image":"","background-repeat":"repeat","background-position":"center center","background-size":"auto","background-attachment":"scroll","background-type":"","background-media":"","overlay-type":"","overlay-color":"","overlay-opacity":"","overlay-gradient":""},"tablet":{"background-color":"var(--ast-global-color-5)","background-image":"","background-repeat":"repeat","background-position":"center center","background-size":"auto","background-attachment":"scroll","background-type":"","background-media":"","overlay-type":"","overlay-color":"","overlay-opacity":"","overlay-gradient":""},"mobile":{"background-color":"var(--ast-global-color-5)","background-image":"","background-repeat":"repeat","background-position":"center center","background-size":"auto","background-attachment":"scroll","background-type":"","background-media":"","overlay-type":"","overlay-color":"","overlay-opacity":"","overlay-gradient":""}},"footnotes":""},"class_list":["post-1348","page","type-page","status-publish","hentry"],"post_mailing_queue_ids":[],"_links":{"self":[{"href":"https:\/\/agora.xtec.cat\/iesagustiserra\/wp-json\/wp\/v2\/pages\/1348","targetHints":{"allow":["GET"]}}],"collection":[{"href":"https:\/\/agora.xtec.cat\/iesagustiserra\/wp-json\/wp\/v2\/pages"}],"about":[{"href":"https:\/\/agora.xtec.cat\/iesagustiserra\/wp-json\/wp\/v2\/types\/page"}],"author":[{"embeddable":true,"href":"https:\/\/agora.xtec.cat\/iesagustiserra\/wp-json\/wp\/v2\/users\/1"}],"replies":[{"embeddable":true,"href":"https:\/\/agora.xtec.cat\/iesagustiserra\/wp-json\/wp\/v2\/comments?post=1348"}],"version-history":[{"count":3,"href":"https:\/\/agora.xtec.cat\/iesagustiserra\/wp-json\/wp\/v2\/pages\/1348\/revisions"}],"predecessor-version":[{"id":18761,"href":"https:\/\/agora.xtec.cat\/iesagustiserra\/wp-json\/wp\/v2\/pages\/1348\/revisions\/18761"}],"up":[{"embeddable":true,"href":"https:\/\/agora.xtec.cat\/iesagustiserra\/wp-json\/wp\/v2\/pages\/63"}],"wp:attachment":[{"href":"https:\/\/agora.xtec.cat\/iesagustiserra\/wp-json\/wp\/v2\/media?parent=1348"}],"curies":[{"name":"wp","href":"https:\/\/api.w.org\/{rel}","templated":true}]}}